{"id":2523,"date":"2024-03-01T16:11:45","date_gmt":"2024-03-01T15:11:45","guid":{"rendered":"https:\/\/us.edu.pl\/absolwent\/?post_type=multimedia&#038;p=2523"},"modified":"2024-03-01T16:12:30","modified_gmt":"2024-03-01T15:12:30","slug":"uroczyste-zakonczenie-roku-akademickiego-2022-2023-na-wydziale-prawa-i-administracji","status":"publish","type":"multimedia","link":"https:\/\/us.edu.pl\/absolwent\/multimedia\/uroczyste-zakonczenie-roku-akademickiego-2022-2023-na-wydziale-prawa-i-administracji\/","title":{"rendered":"Uroczyste zako\u0144czenie roku akademickiego 2022\/2023 na Wydziale Prawa i Administracji"},"content":{"rendered":"<p>[vc_row][vc_column]\r\n                <div class=\"text-modules\">\r\n                    <div class=\"container\">\r\n                        \r\n                        <div class=\"text-modules__content\"><p>27 lipca 2023 roku odby\u0142o si\u0119 uroczyste zako\u0144czenie studi\u00f3w dla tegorocznych absolwent\u00f3w i absolwentek Wydzia\u0142u Prawa i Administracji Uniwersytetu \u015al\u0105skiego w Katowicach.<\/p>\n<\/div>\r\n                    <\/div>\r\n                <\/div>[\/vc_column][\/vc_row]<\/p>","protected":false},"excerpt":{"rendered":"<p>[vc_row][vc_column][\/vc_column][\/vc_row] [&#8230;]<\/p>\n<p><a class=\"btn btn-secondary understrap-read-more-link\" href=\"https:\/\/us.edu.pl\/absolwent\/multimedia\/uroczyste-zakonczenie-roku-akademickiego-2022-2023-na-wydziale-prawa-i-administracji\/\">Read More&#8230;<\/a><\/p>\n","protected":false},"author":26,"featured_media":2530,"template":"","meta":{"_expiration-date-status":"","_expiration-date":0,"_expiration-date-type":"","_expiration-date-categories":[],"_expiration-date-options":[]},"acf":[],"_links":{"self":[{"href":"https:\/\/us.edu.pl\/absolwent\/wp-json\/wp\/v2\/multimedia\/2523"}],"collection":[{"href":"https:\/\/us.edu.pl\/absolwent\/wp-json\/wp\/v2\/multimedia"}],"about":[{"href":"https:\/\/us.edu.pl\/absolwent\/wp-json\/wp\/v2\/types\/multimedia"}],"author":[{"embeddable":true,"href":"https:\/\/us.edu.pl\/absolwent\/wp-json\/wp\/v2\/users\/26"}],"version-history":[{"count":1,"href":"https:\/\/us.edu.pl\/absolwent\/wp-json\/wp\/v2\/multimedia\/2523\/revisions"}],"predecessor-version":[{"id":2533,"href":"https:\/\/us.edu.pl\/absolwent\/wp-json\/wp\/v2\/multimedia\/2523\/revisions\/2533"}],"wp:featuredmedia":[{"embeddable":true,"href":"https:\/\/us.edu.pl\/absolwent\/wp-json\/wp\/v2\/media\/2530"}],"wp:attachment":[{"href":"https:\/\/us.edu.pl\/absolwent\/wp-json\/wp\/v2\/media?parent=2523"}],"curies":[{"name":"wp","href":"https:\/\/api.w.org\/{rel}","templated":true}]}}

Uroczyste zakończenie roku akademickiego 2022/2023 na Wydziale Prawa i Administracji

<p>[vc_row][vc_column]
                <div class="text-modules">
                    <div class="container">
                        
                        <div class="text-modules__content"><p>27 lipca 2023 roku odbyło się uroczyste zakończenie studiów dla tegorocznych absolwentów i absolwentek Wydziału Prawa i Administracji Uniwersytetu Śląskiego w Katowicach.</p>
</div>
                    </div>
                </div>[/vc_column][/vc_row]</p>
