{"id":1001,"date":"2019-11-28T14:19:56","date_gmt":"2019-11-28T13:19:56","guid":{"rendered":"https:\/\/us.edu.pl\/absolwent\/?page_id=1001"},"modified":"2021-03-01T14:24:27","modified_gmt":"2021-03-01T13:24:27","slug":"maja-seweryn","status":"publish","type":"page","link":"https:\/\/us.edu.pl\/absolwent\/absolwencius\/najlepsi-absolwenci-poprzednie-edycje\/najlepsi-absolwenci-roku-akademickiego-2016-2017\/maja-seweryn\/","title":{"rendered":"Maja Seweryn"},"content":{"rendered":"<p>[vc_row][vc_column]\r\n                <div class=\"text-modules\">\r\n                    <div class=\"container\">\r\n                        <h3 class=\"page-title text__title\">Maja Seweryn<\/h3>\r\n                        <div class=\"text-modules__content\"><p>absolwentka kierunku GRAFIKA\u00a0na Wydziale Artystycznym U\u015a<\/p>\n<p>najlepsza absolwentka roku akademickiego 2016\/2017<\/p>\n<p>Cz\u0142onkini ko\u0142a litograf\u00f3w \u201eKURANT\u201d, zast\u0119pca przewodnicz\u0105cego w kole grafiki wydawniczej \u201eDeadline\u201d. Na swoim koncie ma udzia\u0142 w licznych wystawach, m. in. \u201eAlgrafia we wn\u0119trzach\u201d, Galeria Katowicka, (organizowana z Wy\u017csz\u0105 Szko\u0142\u0105 Techniczn\u0105 w Katowicach) czy \u201eIndustriada\u201d, Miejski O\u015brodek Kultury w Jastrz\u0119biu-Zdroju, Galeria Epicentrum. Maja Seweryn udziela si\u0119 charytatywnie. Zorganizowa\u0142a aukcj\u0119 charytatywn\u0105 oraz wystaw\u0119 dla Natalii Ko\u015bciasza przy wsp\u00f3\u0142pracy z Fundacj\u0105 POMALUJ M\u00d3J \u015aWIAT. W 2017 roku by\u0142a cz\u0142onkiem jury w I Mi\u0119dzynarodowym Triennale Grafiki \u2013 Cieszyn 2017.<\/p>\n<\/div>\r\n                    <\/div>\r\n                <\/div>[\/vc_column][\/vc_row]<\/p>","protected":false},"excerpt":{"rendered":"<p>[vc_row][vc_column][\/vc_column][\/vc_row] [&#8230;]<\/p>\n<p><a class=\"btn btn-secondary understrap-read-more-link\" href=\"https:\/\/us.edu.pl\/absolwent\/absolwencius\/najlepsi-absolwenci-poprzednie-edycje\/najlepsi-absolwenci-roku-akademickiego-2016-2017\/maja-seweryn\/\">Read More&#8230;<\/a><\/p>\n","protected":false},"author":33,"featured_media":0,"parent":290,"menu_order":0,"comment_status":"closed","ping_status":"closed","template":"","meta":{"_expiration-date-status":"saved","_expiration-date":0,"_expiration-date-type":"","_expiration-date-categories":[],"_expiration-date-options":[]},"acf":[],"_links":{"self":[{"href":"https:\/\/us.edu.pl\/absolwent\/wp-json\/wp\/v2\/pages\/1001"}],"collection":[{"href":"https:\/\/us.edu.pl\/absolwent\/wp-json\/wp\/v2\/pages"}],"about":[{"href":"https:\/\/us.edu.pl\/absolwent\/wp-json\/wp\/v2\/types\/page"}],"author":[{"embeddable":true,"href":"https:\/\/us.edu.pl\/absolwent\/wp-json\/wp\/v2\/users\/33"}],"replies":[{"embeddable":true,"href":"https:\/\/us.edu.pl\/absolwent\/wp-json\/wp\/v2\/comments?post=1001"}],"version-history":[{"count":3,"href":"https:\/\/us.edu.pl\/absolwent\/wp-json\/wp\/v2\/pages\/1001\/revisions"}],"predecessor-version":[{"id":1768,"href":"https:\/\/us.edu.pl\/absolwent\/wp-json\/wp\/v2\/pages\/1001\/revisions\/1768"}],"up":[{"embeddable":true,"href":"https:\/\/us.edu.pl\/absolwent\/wp-json\/wp\/v2\/pages\/290"}],"wp:attachment":[{"href":"https:\/\/us.edu.pl\/absolwent\/wp-json\/wp\/v2\/media?parent=1001"}],"curies":[{"name":"wp","href":"https:\/\/api.w.org\/{rel}","templated":true}]}}