{"id":1017,"date":"2019-11-28T14:29:58","date_gmt":"2019-11-28T13:29:58","guid":{"rendered":"https:\/\/us.edu.pl\/absolwent\/?page_id=1017"},"modified":"2021-03-01T14:59:59","modified_gmt":"2021-03-01T13:59:59","slug":"julia-piotrowska","status":"publish","type":"page","link":"https:\/\/us.edu.pl\/absolwent\/absolwencius\/najlepsi-absolwenci-poprzednie-edycje\/najlepsi-absolwenci-roku-akademickiego-2016-2017\/julia-piotrowska\/","title":{"rendered":"Julia Piotrowska"},"content":{"rendered":"<p>[vc_row][vc_column]\r\n                <div class=\"text-modules\">\r\n                    <div class=\"container\">\r\n                        <h3 class=\"page-title text__title\">Julia Piotrowska<\/h3>\r\n                        <div class=\"text-modules__content\"><p>absolwentka kierunku filologia polska o specjalno\u015bci edytorstwo i redakcja tekstu\u00a0na Wydziale Filologicznym U\u015a<\/p>\n<p>najlepsza absolwentka roku akademickiego 2016\/2017<\/p>\n<p>Uzyska\u0142a \u015bredni\u0105 ocen 4,72 oraz celuj\u0105c\u0105 ocen\u0119 na dyplomie. Ponadto studiowa\u0142a na U\u015a na kierunku Informacja w instytucjach e-spo\u0142ecze\u0144stwa, a obecnie jest doktorantk\u0105 w Zak\u0142adzie Socjolingwistyki i Spo\u0142ecznych Praktyk Komunikowania w Instytucie J\u0119zyka Polskiego. Julia Piotrowska jest autork\u0105 kilku artyku\u0142\u00f3w naukowych i popularnonaukowych oraz zajmuje si\u0119 korekt\u0105 w publikacjach, np. w czasopi\u015bmie popularnonaukowym o tematyce dydaktycznej \u201eN@uczyciel\u201d. Interesuj\u0105 j\u0105 zagadnienia zwi\u0105zane z j\u0119zykiem medi\u00f3w, perswazj\u0105 i manipulacj\u0105, j\u0119zykowym obrazem \u015bwiata oraz kreowaniem rzeczywisto\u015bci j\u0119zykowej. Opr\u00f3cz j\u0119zykoznawstwa jej zainteresowania naukowe obejmuj\u0105 te\u017c medioznawstwo, socjologi\u0119 i psychologi\u0119. Zawodowo zajmuje si\u0119 pisaniem tekst\u00f3w marketingowych oraz korekt\u0105 i redakcj\u0105, a od niedawna jest cz\u0142onkini\u0105 Polskiego Towarzystwa Komunikacji Spo\u0142ecznej. Wielk\u0105 pasj\u0105 absolwentki jest \u015bpiew. Uko\u0144czy\u0142am Pa\u0144stwow\u0105 Szko\u0142\u0119 Muzyczn\u0105 I stopnia im. L. R\u00f3\u017cyckiego w Gliwicach. Przez wiele lat \u015bpiewa\u0142a w ch\u00f3rach (m.in. ch\u00f3r akademicki UE w Katowicach, ch\u00f3r PSM II stopnia itd.), a obecnie w ramach hobby zajmuje si\u0119 muzyk\u0105 rozrywkow\u0105 oraz ko\u015bcieln\u0105.<\/p>\n<\/div>\r\n                    <\/div>\r\n                <\/div>[\/vc_column][\/vc_row]<\/p>","protected":false},"excerpt":{"rendered":"<p>[vc_row][vc_column][\/vc_column][\/vc_row] [&#8230;]<\/p>\n<p><a class=\"btn btn-secondary understrap-read-more-link\" href=\"https:\/\/us.edu.pl\/absolwent\/absolwencius\/najlepsi-absolwenci-poprzednie-edycje\/najlepsi-absolwenci-roku-akademickiego-2016-2017\/julia-piotrowska\/\">Read More&#8230;<\/a><\/p>\n","protected":false},"author":33,"featured_media":0,"parent":290,"menu_order":0,"comment_status":"closed","ping_status":"closed","template":"","meta":{"_expiration-date-status":"saved","_expiration-date":0,"_expiration-date-type":"","_expiration-date-categories":[],"_expiration-date-options":[]},"acf":[],"_links":{"self":[{"href":"https:\/\/us.edu.pl\/absolwent\/wp-json\/wp\/v2\/pages\/1017"}],"collection":[{"href":"https:\/\/us.edu.pl\/absolwent\/wp-json\/wp\/v2\/pages"}],"about":[{"href":"https:\/\/us.edu.pl\/absolwent\/wp-json\/wp\/v2\/types\/page"}],"author":[{"embeddable":true,"href":"https:\/\/us.edu.pl\/absolwent\/wp-json\/wp\/v2\/users\/33"}],"replies":[{"embeddable":true,"href":"https:\/\/us.edu.pl\/absolwent\/wp-json\/wp\/v2\/comments?post=1017"}],"version-history":[{"count":2,"href":"https:\/\/us.edu.pl\/absolwent\/wp-json\/wp\/v2\/pages\/1017\/revisions"}],"predecessor-version":[{"id":1775,"href":"https:\/\/us.edu.pl\/absolwent\/wp-json\/wp\/v2\/pages\/1017\/revisions\/1775"}],"up":[{"embeddable":true,"href":"https:\/\/us.edu.pl\/absolwent\/wp-json\/wp\/v2\/pages\/290"}],"wp:attachment":[{"href":"https:\/\/us.edu.pl\/absolwent\/wp-json\/wp\/v2\/media?parent=1017"}],"curies":[{"name":"wp","href":"https:\/\/api.w.org\/{rel}","templated":true}]}}