{"id":1023,"date":"2019-11-28T14:35:02","date_gmt":"2019-11-28T13:35:02","guid":{"rendered":"https:\/\/us.edu.pl\/absolwent\/?page_id=1023"},"modified":"2021-03-01T15:10:20","modified_gmt":"2021-03-01T14:10:20","slug":"michal-pielka","status":"publish","type":"page","link":"https:\/\/us.edu.pl\/absolwent\/absolwencius\/najlepsi-absolwenci-poprzednie-edycje\/najlepsi-absolwenci-roku-akademickiego-2016-2017\/michal-pielka\/","title":{"rendered":"Micha\u0142 Pielka"},"content":{"rendered":"<p>[vc_row el_class=&#8221;container&#8221;][vc_column]\r\n                <div class=\"text-modules\">\r\n                    <div class=\"container\">\r\n                        <h3 class=\"page-title text__title\">Micha\u0142 Pielka<\/h3>\r\n                        <div class=\"text-modules__content\"><\/p>\n<div id=\"main\">\n<div class=\"row\">\n<div class=\"eight columns\">\n<div id=\"top-center\" class=\"twelve columns\">\n<div id=\"node-11433\" class=\"node clear-block\">\n<div class=\"content\">\n<p>absolwent informatyki \u2013 specjalno\u015b\u0107 inteligentne systemy informatyczne\u00a0na Wydziale Informatyki i Nauki o Materia\u0142ach U\u015a<\/p>\n<p>najlepszy absolwent roku akademickiego 2016\/2017<\/p>\n<p>Absolwent Wydzia\u0142u Informatyki i Nauki o Materia\u0142ach Uniwersytetu \u015al\u0105skiego. Uko\u0144czy\u0142 informatyk\u0119 na specjalno\u015bci inteligentne systemy informatyczne, broni\u0105c si\u0119 na ocen\u0119 celuj\u0105c\u0105. Micha\u0142 Pielka uczestniczy\u0142 jako wykonawca w projektach: \u201eSystem monitorowania oddechu, pulsu oraz pozycji cia\u0142a podczas snu z wykorzystaniem urz\u0105dze\u0144 mobilnych\u201d w ramach Programu Operacyjnego Inteligentny Rozw\u00f3j 2014-2020; Wsp\u00f3\u0142praca w zakresie sterowania \u015brodowiskiem wirtualnym w ramach projektu \u201e\u015arodowisko rehabilitacyjne z wykorzystaniem wirtualnej rzeczywisto\u015bci oraz rozszerzonej rzeczywisto\u015bci\u201d. Projekt realizowany w ramach Programu Operacyjnego Inteligentny Rozw\u00f3j 2014-2020. Micha\u0142 Pielka uczestniczy\u0142 r\u00f3wnie\u017c w konferencjach, m.in. Zabezpieczenie pracownik\u00f3w s\u0142u\u017cby zdrowia przed mo\u017cliwo\u015bci\u0105 zaka\u017cenia si\u0119 niebezpieczn\u0105 gru\u017alic\u0105 wielolekooporn\u0105 organizowan\u0105 przez Urz\u0105d Marsza\u0142kowski Wojew\u00f3dztwa Ma\u0142opolskiego, Krak\u00f3w 2016. Ma na swoim koncie publikacj\u0119 Matematyka a pedagogika-meandry sztuki origami (2014). Wsp\u00f3\u0142autor kilku wniosk\u00f3w patentowych, m.in. Spos\u00f3b rozg\u0142oszeniowej transmisji informacji dla nadajnik\u00f3w Bluetooth LowEnergy. Od 2014 otrzymywa\u0142 stypendium rektora. Wsp\u00f3\u0142pracuje ze sp\u00f3\u0142k\u0105 celow\u0105 Uniwersytetu \u015al\u0105skiego SPIN-US. w\u0142\u0105cza si\u0119 w rozgrywki \u201eosiedlowego\u201d tenisa sto\u0142owego, Realizuj\u0119 si\u0119 r\u00f3wnie\u017c piek\u0105c ciasta i przygotowuj\u0105c potrawy. Od wielu lat natchnieniem dla s\u0105 dla niego r\u00f3wnie\u017c samochodowe podr\u00f3\u017ce rodzinne po Europie.<\/p>\n<\/div>\n<\/div>\n<\/div>\n<\/div>\n<\/div>\n<\/div>\n<p>\n<\/div>\r\n                    <\/div>\r\n                <\/div>[\/vc_column][\/vc_row]<\/p>","protected":false},"excerpt":{"rendered":"<p>[vc_row el_class=&#8221;container&#8221;][vc_column][\/vc_column][\/vc_row] [&#8230;]<\/p>\n<p><a class=\"btn btn-secondary understrap-read-more-link\" href=\"https:\/\/us.edu.pl\/absolwent\/absolwencius\/najlepsi-absolwenci-poprzednie-edycje\/najlepsi-absolwenci-roku-akademickiego-2016-2017\/michal-pielka\/\">Read More&#8230;<\/a><\/p>\n","protected":false},"author":33,"featured_media":0,"parent":290,"menu_order":0,"comment_status":"closed","ping_status":"closed","template":"","meta":{"_expiration-date-status":"saved","_expiration-date":0,"_expiration-date-type":"","_expiration-date-categories":[],"_expiration-date-options":[]},"acf":[],"_links":{"self":[{"href":"https:\/\/us.edu.pl\/absolwent\/wp-json\/wp\/v2\/pages\/1023"}],"collection":[{"href":"https:\/\/us.edu.pl\/absolwent\/wp-json\/wp\/v2\/pages"}],"about":[{"href":"https:\/\/us.edu.pl\/absolwent\/wp-json\/wp\/v2\/types\/page"}],"author":[{"embeddable":true,"href":"https:\/\/us.edu.pl\/absolwent\/wp-json\/wp\/v2\/users\/33"}],"replies":[{"embeddable":true,"href":"https:\/\/us.edu.pl\/absolwent\/wp-json\/wp\/v2\/comments?post=1023"}],"version-history":[{"count":3,"href":"https:\/\/us.edu.pl\/absolwent\/wp-json\/wp\/v2\/pages\/1023\/revisions"}],"predecessor-version":[{"id":1778,"href":"https:\/\/us.edu.pl\/absolwent\/wp-json\/wp\/v2\/pages\/1023\/revisions\/1778"}],"up":[{"embeddable":true,"href":"https:\/\/us.edu.pl\/absolwent\/wp-json\/wp\/v2\/pages\/290"}],"wp:attachment":[{"href":"https:\/\/us.edu.pl\/absolwent\/wp-json\/wp\/v2\/media?parent=1023"}],"curies":[{"name":"wp","href":"https:\/\/api.w.org\/{rel}","templated":true}]}}