{"id":1026,"date":"2019-11-28T14:39:02","date_gmt":"2019-11-28T13:39:02","guid":{"rendered":"https:\/\/us.edu.pl\/absolwent\/?page_id=1026"},"modified":"2021-03-01T15:12:07","modified_gmt":"2021-03-01T14:12:07","slug":"wojciech-flieger","status":"publish","type":"page","link":"https:\/\/us.edu.pl\/absolwent\/absolwencius\/najlepsi-absolwenci-poprzednie-edycje\/najlepsi-absolwenci-roku-akademickiego-2016-2017\/wojciech-flieger\/","title":{"rendered":"Wojciech Flieger"},"content":{"rendered":"<p>[vc_row][vc_column]\r\n                <div class=\"text-modules\">\r\n                    <div class=\"container\">\r\n                        <h3 class=\"page-title text__title\">Wojciech Flieger<\/h3>\r\n                        <div class=\"text-modules__content\"><p>absolwent fizyki na specjalno\u015bci theoretical physics\u00a0na Wydziale Matematyki, Fizyki i Chemii U\u015a<\/p>\n<p>najlepszy absolwent roku akademickiego 2016\/2017<\/p>\n<p>Uko\u0144czy\u0142 fizyk\u0119 na specjalno\u015bci theoretical physics, broni\u0105c si\u0119 na ocen\u0119 celuj\u0105c\u0105. Wojciech Flieger podj\u0105\u0142 tak\u017ce studia na kierunku biotechnologia, na Wydziale Biologii i Ochrony \u015arodowiska Uniwersytetu \u015al\u0105skiego. Absolwent by\u0142 wykonawc\u0105 w Grancie, NCN: &#8222;Developing tools and its application for loop calculations and phenomenology of nonstandard models in low and high-energy accelerators&#8221;. Uczestnik licznych konferencji naukowych w kraju i zagranic\u0105. W roku akademickim 2016\/2017 nagrodzony stypendium Ministra dla student\u00f3w i doktorant\u00f3w za wybitne osi\u0105gni\u0119cia naukowe oraz stypendium JM Rektora Uniwersytetu \u015al\u0105skiego dla najlepszych student\u00f3w. Cz\u0142onek Akademickiego Zwi\u0105zku Sportowego Uniwersytetu \u015al\u0105skiego. Zaj\u0105\u0142 II miejsce w Akademickich Mistrzostwach \u015al\u0105ska w Streetbaskecie. Pasjonuje go koszyk\u00f3wka, boks, gry wideo, a tak\u017ce matematyka i terrarystyka.<\/p>\n<\/div>\r\n                    <\/div>\r\n                <\/div>[\/vc_column][\/vc_row]<\/p>","protected":false},"excerpt":{"rendered":"<p>[vc_row][vc_column][\/vc_column][\/vc_row] [&#8230;]<\/p>\n<p><a class=\"btn btn-secondary understrap-read-more-link\" href=\"https:\/\/us.edu.pl\/absolwent\/absolwencius\/najlepsi-absolwenci-poprzednie-edycje\/najlepsi-absolwenci-roku-akademickiego-2016-2017\/wojciech-flieger\/\">Read More&#8230;<\/a><\/p>\n","protected":false},"author":33,"featured_media":0,"parent":290,"menu_order":0,"comment_status":"closed","ping_status":"closed","template":"","meta":{"_expiration-date-status":"saved","_expiration-date":0,"_expiration-date-type":"","_expiration-date-categories":[],"_expiration-date-options":[]},"acf":[],"_links":{"self":[{"href":"https:\/\/us.edu.pl\/absolwent\/wp-json\/wp\/v2\/pages\/1026"}],"collection":[{"href":"https:\/\/us.edu.pl\/absolwent\/wp-json\/wp\/v2\/pages"}],"about":[{"href":"https:\/\/us.edu.pl\/absolwent\/wp-json\/wp\/v2\/types\/page"}],"author":[{"embeddable":true,"href":"https:\/\/us.edu.pl\/absolwent\/wp-json\/wp\/v2\/users\/33"}],"replies":[{"embeddable":true,"href":"https:\/\/us.edu.pl\/absolwent\/wp-json\/wp\/v2\/comments?post=1026"}],"version-history":[{"count":2,"href":"https:\/\/us.edu.pl\/absolwent\/wp-json\/wp\/v2\/pages\/1026\/revisions"}],"predecessor-version":[{"id":1779,"href":"https:\/\/us.edu.pl\/absolwent\/wp-json\/wp\/v2\/pages\/1026\/revisions\/1779"}],"up":[{"embeddable":true,"href":"https:\/\/us.edu.pl\/absolwent\/wp-json\/wp\/v2\/pages\/290"}],"wp:attachment":[{"href":"https:\/\/us.edu.pl\/absolwent\/wp-json\/wp\/v2\/media?parent=1026"}],"curies":[{"name":"wp","href":"https:\/\/api.w.org\/{rel}","templated":true}]}}