{"id":1032,"date":"2019-11-28T14:42:17","date_gmt":"2019-11-28T13:42:17","guid":{"rendered":"https:\/\/us.edu.pl\/absolwent\/?page_id=1032"},"modified":"2021-03-01T15:17:26","modified_gmt":"2021-03-01T14:17:26","slug":"aleksander-brom","status":"publish","type":"page","link":"https:\/\/us.edu.pl\/absolwent\/absolwencius\/najlepsi-absolwenci-poprzednie-edycje\/najlepsi-absolwenci-roku-akademickiego-2016-2017\/aleksander-brom\/","title":{"rendered":"Aleksander Brom"},"content":{"rendered":"<p>[vc_row][vc_column]\r\n                <div class=\"text-modules\">\r\n                    <div class=\"container\">\r\n                        <h3 class=\"page-title text__title\">Aleksander Brom<\/h3>\r\n                        <div class=\"text-modules__content\"><p>absolwent geofizyki\u00a0na Wydziale Nauk o Ziemi U\u015a<\/p>\n<p>najlepszy absolwent roku akademickiego 2016\/2017<\/p>\n<p>Studia uko\u0144czy\u0142 ze \u015bredni\u0105 ocen 4,94, a prac\u0119 obroni\u0142 na ocen\u0119 celuj\u0105c\u0105. Aleksander Brom bra\u0142 udzia\u0142 w projekcie naukowym Budowa sieci sejsmometrycznej Uniwersytetu \u015al\u0105skiego. Uczestniczy\u0142 r\u00f3wnie\u017c w konferencjach k\u00f3\u0142 naukowych Wydzia\u0142u Nauk o Ziemi Barb\u00f3rka (2015, 2016) oraz 6th IGSC w Pradze 2015. Ma na swoim koncie publikacje, m.in. Electrical Resistivity Measurements for waste dump characterization (2015). Prowadzi\u0142 dzia\u0142alno\u015b\u0107 popularnonaukow\u0105 m.in. w ramach \u015al\u0105skiego Festiwalu Nauki (2016). W czasie studi\u00f3w otrzymywa\u0142 stypendium JM Rektora Uniwersytetu \u015al\u0105skiego oraz stypendium w ramach projektu Geofuture 2012-2015. Bra\u0142 udzia\u0142 w badaniu metodami geofizycznymi sztolni w Cisnej. Cz\u0142onek ko\u0142a naukowego geofizyk\u00f3w Uniwersytetu \u015al\u0105skiego PREM oraz European Associaton of Geoscientists &amp; Engineers. Pasjonuje go programowanie mikrokontroler\u00f3w oraz jazda na motorze.<\/p>\n<\/div>\r\n                    <\/div>\r\n                <\/div>[\/vc_column][\/vc_row]<\/p>","protected":false},"excerpt":{"rendered":"<p>[vc_row][vc_column][\/vc_column][\/vc_row] [&#8230;]<\/p>\n<p><a class=\"btn btn-secondary understrap-read-more-link\" href=\"https:\/\/us.edu.pl\/absolwent\/absolwencius\/najlepsi-absolwenci-poprzednie-edycje\/najlepsi-absolwenci-roku-akademickiego-2016-2017\/aleksander-brom\/\">Read More&#8230;<\/a><\/p>\n","protected":false},"author":33,"featured_media":0,"parent":290,"menu_order":0,"comment_status":"closed","ping_status":"closed","template":"","meta":{"_expiration-date-status":"saved","_expiration-date":0,"_expiration-date-type":"","_expiration-date-categories":[],"_expiration-date-options":[]},"acf":[],"_links":{"self":[{"href":"https:\/\/us.edu.pl\/absolwent\/wp-json\/wp\/v2\/pages\/1032"}],"collection":[{"href":"https:\/\/us.edu.pl\/absolwent\/wp-json\/wp\/v2\/pages"}],"about":[{"href":"https:\/\/us.edu.pl\/absolwent\/wp-json\/wp\/v2\/types\/page"}],"author":[{"embeddable":true,"href":"https:\/\/us.edu.pl\/absolwent\/wp-json\/wp\/v2\/users\/33"}],"replies":[{"embeddable":true,"href":"https:\/\/us.edu.pl\/absolwent\/wp-json\/wp\/v2\/comments?post=1032"}],"version-history":[{"count":2,"href":"https:\/\/us.edu.pl\/absolwent\/wp-json\/wp\/v2\/pages\/1032\/revisions"}],"predecessor-version":[{"id":1782,"href":"https:\/\/us.edu.pl\/absolwent\/wp-json\/wp\/v2\/pages\/1032\/revisions\/1782"}],"up":[{"embeddable":true,"href":"https:\/\/us.edu.pl\/absolwent\/wp-json\/wp\/v2\/pages\/290"}],"wp:attachment":[{"href":"https:\/\/us.edu.pl\/absolwent\/wp-json\/wp\/v2\/media?parent=1032"}],"curies":[{"name":"wp","href":"https:\/\/api.w.org\/{rel}","templated":true}]}}