{"id":1038,"date":"2019-11-28T14:45:18","date_gmt":"2019-11-28T13:45:18","guid":{"rendered":"https:\/\/us.edu.pl\/absolwent\/?page_id=1038"},"modified":"2021-03-01T15:25:19","modified_gmt":"2021-03-01T14:25:19","slug":"sara-piwowarska","status":"publish","type":"page","link":"https:\/\/us.edu.pl\/absolwent\/absolwencius\/najlepsi-absolwenci-poprzednie-edycje\/najlepsi-absolwenci-roku-akademickiego-2016-2017\/sara-piwowarska\/","title":{"rendered":"Sara Piwowarska"},"content":{"rendered":"<p>[vc_row][vc_column]\r\n                <div class=\"text-modules\">\r\n                    <div class=\"container\">\r\n                        <h3 class=\"page-title text__title\">Sara Piwowarska<\/h3>\r\n                        <div class=\"text-modules__content\"><p>absolwentka kierunku politologia o specjalno\u015bci wsp\u00f3\u0142czesne stosunki mi\u0119dzynarodowe\u00a0na Wydziale Nauk Spo\u0142ecznych U\u015a<\/p>\n<p>najlepsza absolwentka roku akademickiego 2016\/2017<\/p>\n<p>Uzyska\u0142a \u015bredni\u0105 ocen na poziomie 4,97 oraz ocen\u0119 celuj\u0105c\u0105 na dyplomie. Uzyska\u0142a stypendium JM Rektora dla najlepszych student\u00f3w kolejno w latach 2013 do 2017. Jej pierwszy artyku\u0142 naukowy nosi tytu\u0142 Hard power i soft power w polityce bezpiecze\u0144stwa Izraela. Uczestniczy\u0142a ponadto w pracach redakcyjnych publikacji naukowych, bra\u0142a udzia\u0142 w kilku konferencjach, niekt\u00f3re sama te\u017c organizowa\u0142a. W roku akademickim 2013\/2014 by\u0142a cz\u0142onkiem w Kole Naukowym Politolog\u00f3w U\u015a oraz w Sekcji Bezpiecze\u0144stwa Mi\u0119dzynarodowego Ko\u0142a Naukowego Politolog\u00f3w U\u015a, rok p\u00f3\u017aniej w Kole Naukowym Stosunk\u00f3w Mi\u0119dzynarodowych U\u015a, a nast\u0119pnie dwa lata z rz\u0119du w Interdyscyplinarnym Kole Nauk Spo\u0142ecznych U\u015a, z kt\u00f3rym, podczas \u015al\u0105skiego Festiwalu Nauki w 2016 roku, zorganizowa\u0142a warsztaty pt. \u201ePrognozowanie mi\u0119dzynarodowe, czyli symulacja wybranego konfliktu zbrojnego w XXI wieku\u201d. W\u015br\u00f3d zainteresowa\u0144 absolwentki s\u0105 jeszcze kultura i obyczaje Bliskiego Wschodu, literatura, siatk\u00f3wka i jazda konna.<\/p>\n<\/div>\r\n                    <\/div>\r\n                <\/div>[\/vc_column][\/vc_row]<\/p>","protected":false},"excerpt":{"rendered":"<p>[vc_row][vc_column][\/vc_column][\/vc_row] [&#8230;]<\/p>\n<p><a class=\"btn btn-secondary understrap-read-more-link\" href=\"https:\/\/us.edu.pl\/absolwent\/absolwencius\/najlepsi-absolwenci-poprzednie-edycje\/najlepsi-absolwenci-roku-akademickiego-2016-2017\/sara-piwowarska\/\">Read More&#8230;<\/a><\/p>\n","protected":false},"author":33,"featured_media":0,"parent":290,"menu_order":0,"comment_status":"closed","ping_status":"closed","template":"","meta":{"_expiration-date-status":"saved","_expiration-date":0,"_expiration-date-type":"","_expiration-date-categories":[],"_expiration-date-options":[]},"acf":[],"_links":{"self":[{"href":"https:\/\/us.edu.pl\/absolwent\/wp-json\/wp\/v2\/pages\/1038"}],"collection":[{"href":"https:\/\/us.edu.pl\/absolwent\/wp-json\/wp\/v2\/pages"}],"about":[{"href":"https:\/\/us.edu.pl\/absolwent\/wp-json\/wp\/v2\/types\/page"}],"author":[{"embeddable":true,"href":"https:\/\/us.edu.pl\/absolwent\/wp-json\/wp\/v2\/users\/33"}],"replies":[{"embeddable":true,"href":"https:\/\/us.edu.pl\/absolwent\/wp-json\/wp\/v2\/comments?post=1038"}],"version-history":[{"count":2,"href":"https:\/\/us.edu.pl\/absolwent\/wp-json\/wp\/v2\/pages\/1038\/revisions"}],"predecessor-version":[{"id":1785,"href":"https:\/\/us.edu.pl\/absolwent\/wp-json\/wp\/v2\/pages\/1038\/revisions\/1785"}],"up":[{"embeddable":true,"href":"https:\/\/us.edu.pl\/absolwent\/wp-json\/wp\/v2\/pages\/290"}],"wp:attachment":[{"href":"https:\/\/us.edu.pl\/absolwent\/wp-json\/wp\/v2\/media?parent=1038"}],"curies":[{"name":"wp","href":"https:\/\/api.w.org\/{rel}","templated":true}]}}