{"id":1052,"date":"2019-11-28T14:52:16","date_gmt":"2019-11-28T13:52:16","guid":{"rendered":"https:\/\/us.edu.pl\/absolwent\/?page_id=1052"},"modified":"2021-03-03T15:24:18","modified_gmt":"2021-03-03T14:24:18","slug":"paulina-konca","status":"publish","type":"page","link":"https:\/\/us.edu.pl\/absolwent\/absolwencius\/najlepsi-absolwenci-poprzednie-edycje\/najlepsi-absolwenci-roku-akademickiego-2016-2017\/paulina-konca\/","title":{"rendered":"Paulina Konca"},"content":{"rendered":"<p>[vc_row][vc_column]\r\n                <div class=\"text-modules\">\r\n                    <div class=\"container\">\r\n                        <h3 class=\"page-title text__title\">Paulina Konca<\/h3>\r\n                        <div class=\"text-modules__content\"><p>absolwentka kierunku prawo\u00a0na Wydziale Prawa i Administracji U\u015a<\/p>\n<p>najlepsza absolwentka roku akademickiego 2016\/2017<\/p>\n<p>Czterokrotna laureatka stypendium JM Rektora Uniwersytetu \u015al\u0105skiego dla najlepszych student\u00f3w. Aktywna uczestniczka og\u00f3lnopolskich konferencji naukowych podczas kt\u00f3rych prezentowa\u0142a referaty m.in. Referat pt. \u201eNihil novi sub sole, czyli cele i sposoby wskrzeszania starych bestii i dobrze znanych motyw\u00f3w we wsp\u00f3\u0142czesnych filmach i serialach\u201d wyg\u0142oszony w ramach Og\u00f3lnopolskiej Konferencji Naukowej \u201eTradycja po drugiej stronie lustra. Ba\u015bnie, mity, legendy i klasyka literacka w przestrzeni popkultury\u201d zorganizowanej przez Stowarzyszenie Badaczy Popkultury i Edukacji Popkulturowej \u201eTrickster\u201d. Uczestniczka projektu naukowego \u201eMakiawelizm i subkliniczna psychopatia a oszustwa akademickie w\u015br\u00f3d student\u00f3w\u201d realizowanego na Wydziale Pedagogiki i Psychologii Uniwersytetu \u015al\u0105skiego. Laureatka I miejsca w Mi\u0119dzyuczelnianym Konkursie Prawa Rzymskiego (2012\/2013) na Wydziale Prawa i Administracji. Cz\u0142onkini Wydzia\u0142owej Rady Samorz\u0105du Studenckiego Wydzia\u0142u Prawa i Administracji U\u015a w latach 2012-2014, r\u00f3wnie\u017c cz\u0142onkini Uczelnianej Rady Samorz\u0105du Studenckiego U\u015a (2013). Koordynator WRSS WPiA ds. Erasmusa (2013-2014). Paulina Konca pe\u0142ni\u0142a te\u017c funkcje wiceprezesa Ko\u0142a Naukowego Prawa Rzymskiego w latach 2013-2015. Zaanga\u017cowana w pomoc innym m.in. jako koordynator dzielnicy \u015ar\u00f3dmie\u015bcie w projekcie \u201eZmieniamy Kato\u201d, autorka artyku\u0142\u00f3w w dziale ,,M\u0142odzi pisz\u0105&#8221; gazety parafii \u015bw. Aposto\u0142\u00f3w Piotra i Paw\u0142a w Katowicach ,,Nasza Wsp\u00f3lnota&#8221;, czy te\u017c udzielanie bezp\u0142atnej pomocy prawnej w ramach uczestnictwa w pracach Studenckiej Poradni Prawnej przy Uniwersytecie \u015al\u0105skim w sekcji prawa cywilnego w roku akademickim 2015\/2016. Na swoim koncie ma r\u00f3wnie\u017c osi\u0105gni\u0119cia artystyczne &#8211; nominacj\u0119 do nagrody g\u0142\u00f3wnej \u201eZ\u0142ote Ziarno\u201d w og\u00f3lnopolskim konkursie na najlepsze opowiadanie ZIARNA 2015 (w jury konkursu m. in. Ernest Bryll).<\/p>\n<\/div>\r\n                    <\/div>\r\n                <\/div>[\/vc_column][\/vc_row]<\/p>","protected":false},"excerpt":{"rendered":"<p>[vc_row][vc_column][\/vc_column][\/vc_row] [&#8230;]<\/p>\n<p><a class=\"btn btn-secondary understrap-read-more-link\" href=\"https:\/\/us.edu.pl\/absolwent\/absolwencius\/najlepsi-absolwenci-poprzednie-edycje\/najlepsi-absolwenci-roku-akademickiego-2016-2017\/paulina-konca\/\">Read More&#8230;<\/a><\/p>\n","protected":false},"author":33,"featured_media":0,"parent":290,"menu_order":0,"comment_status":"closed","ping_status":"closed","template":"","meta":{"_expiration-date-status":"saved","_expiration-date":0,"_expiration-date-type":"","_expiration-date-categories":[],"_expiration-date-options":[]},"acf":[],"_links":{"self":[{"href":"https:\/\/us.edu.pl\/absolwent\/wp-json\/wp\/v2\/pages\/1052"}],"collection":[{"href":"https:\/\/us.edu.pl\/absolwent\/wp-json\/wp\/v2\/pages"}],"about":[{"href":"https:\/\/us.edu.pl\/absolwent\/wp-json\/wp\/v2\/types\/page"}],"author":[{"embeddable":true,"href":"https:\/\/us.edu.pl\/absolwent\/wp-json\/wp\/v2\/users\/33"}],"replies":[{"embeddable":true,"href":"https:\/\/us.edu.pl\/absolwent\/wp-json\/wp\/v2\/comments?post=1052"}],"version-history":[{"count":2,"href":"https:\/\/us.edu.pl\/absolwent\/wp-json\/wp\/v2\/pages\/1052\/revisions"}],"predecessor-version":[{"id":1792,"href":"https:\/\/us.edu.pl\/absolwent\/wp-json\/wp\/v2\/pages\/1052\/revisions\/1792"}],"up":[{"embeddable":true,"href":"https:\/\/us.edu.pl\/absolwent\/wp-json\/wp\/v2\/pages\/290"}],"wp:attachment":[{"href":"https:\/\/us.edu.pl\/absolwent\/wp-json\/wp\/v2\/media?parent=1052"}],"curies":[{"name":"wp","href":"https:\/\/api.w.org\/{rel}","templated":true}]}}