{"id":1070,"date":"2019-11-28T15:00:49","date_gmt":"2019-11-28T14:00:49","guid":{"rendered":"https:\/\/us.edu.pl\/absolwent\/?page_id=1070"},"modified":"2021-03-04T13:24:49","modified_gmt":"2021-03-04T12:24:49","slug":"judyta-obrzezgiewicz","status":"publish","type":"page","link":"https:\/\/us.edu.pl\/absolwent\/absolwencius\/najlepsi-absolwenci-poprzednie-edycje\/najlepsi-absolwenci-roku-akademickiego-2016-2017\/judyta-obrzezgiewicz\/","title":{"rendered":"Judyta Obrze\u017cgiewicz"},"content":{"rendered":"<p>[vc_row][vc_column]\r\n                <div class=\"text-modules\">\r\n                    <div class=\"container\">\r\n                        <h3 class=\"page-title text__title\">Judyta Obrze\u017cgiewicz<\/h3>\r\n                        <div class=\"text-modules__content\"><p>absolwentka filologii na specjalno\u015bci j\u0119zyki stosowane: j\u0119zyk francuski i j\u0119zyk angielski z programem t\u0142umaczeniowym\u00a0w Kolegium Indywidualnych Studi\u00f3w Mi\u0119dzyobszarowych<\/p>\n<p>najlepsza absolwentka roku akademickiego 2016\/2017<\/p>\n<p>Uzyska\u0142a \u015bredni\u0105 ocen ze studi\u00f3w 4,88, a na dyplomie ocen\u0119 celuj\u0105c\u0105. Uczestniczy\u0142a w konferencjach naukowych, m.in. \u201eSpotkanie\u201d na Uniwersytecie \u015al\u0105skim w Katowicach, 2016 (referat), \u201eT\u0142umaczenia w XXI wieku\u201d na Uniwersytecie im. kardyna\u0142a Stefana Wyszy\u0144skiego w Warszawie (referat, 2016), \u201eBrak\u201d na Uniwersytecie \u015al\u0105skim w Cieszynie (referat, 2016), \u201eJ\u0118ZYK W POZNANIU\u201d na Uniwersytecie im. Adam Mickiewicza w Poznaniu (referat, 2017). Prowadzi\u0142a r\u00f3wnie\u017c dzia\u0142alno\u015b\u0107 popularnonaukow\u0105, m.in. pomaga\u0142a w organizacji konferencji pt. \u201eUpiory, duchy, zjawy. Widmowe reprezentacje w popkulturze\u201d w Centrum Informacji Naukowej i Bibliotece Akademickiej w Katowicach (2015). W czasie studi\u00f3w otrzymywa\u0142a Stypendium JM Rektora Uniwersytetu \u015al\u0105skiego dla najlepszych student\u00f3w w latach 2014-2017 oraz Stypendium Prezydenta Miasta \u015awi\u0119toch\u0142owice dla najlepszych student\u00f3w za rok akademicki 2015\/2016 oraz 2016\/2017. Judyta Obrze\u017cgiewicz ma r\u00f3wnie\u017c osi\u0105gni\u0119cia artystyczne, m.in. I miejsce w konkursie ta\u0144ca orientalnego \u201e\u0141\u00f3dzka Fabryka Orientu\u201d w \u0141odzi, 2015. Prowadzi r\u00f3wnie\u017c dzia\u0142alno\u015b\u0107 spo\u0142eczn\u0105, np. organizacja festiwalu dla student\u00f3w \u201eKopalnia dobra\u201d, organizacja akcji \u015bwi\u0105tecznej na Wydziale Filologicznym w ramach dzia\u0142alno\u015bci w misji chrze\u015bcija\u0144skiej \u201eGeneracja Plus\u201d. W 2017 roku otrzyma\u0142a wyr\u00f3\u017cnienie JM Rektora Uniwersytetu \u015al\u0105skiego. Interesuje si\u0119 ta\u0144cem orientalnym, teologi\u0105 chrze\u015bcija\u0144sk\u0105 oraz podr\u00f3\u017cami i obcymi kulturami.<\/p>\n<\/div>\r\n                    <\/div>\r\n                <\/div>[\/vc_column][\/vc_row]<\/p>","protected":false},"excerpt":{"rendered":"<p>[vc_row][vc_column][\/vc_column][\/vc_row] [&#8230;]<\/p>\n<p><a class=\"btn btn-secondary understrap-read-more-link\" href=\"https:\/\/us.edu.pl\/absolwent\/absolwencius\/najlepsi-absolwenci-poprzednie-edycje\/najlepsi-absolwenci-roku-akademickiego-2016-2017\/judyta-obrzezgiewicz\/\">Read More&#8230;<\/a><\/p>\n","protected":false},"author":33,"featured_media":0,"parent":290,"menu_order":0,"comment_status":"closed","ping_status":"closed","template":"","meta":{"_expiration-date-status":"saved","_expiration-date":0,"_expiration-date-type":"","_expiration-date-categories":[],"_expiration-date-options":[]},"acf":[],"_links":{"self":[{"href":"https:\/\/us.edu.pl\/absolwent\/wp-json\/wp\/v2\/pages\/1070"}],"collection":[{"href":"https:\/\/us.edu.pl\/absolwent\/wp-json\/wp\/v2\/pages"}],"about":[{"href":"https:\/\/us.edu.pl\/absolwent\/wp-json\/wp\/v2\/types\/page"}],"author":[{"embeddable":true,"href":"https:\/\/us.edu.pl\/absolwent\/wp-json\/wp\/v2\/users\/33"}],"replies":[{"embeddable":true,"href":"https:\/\/us.edu.pl\/absolwent\/wp-json\/wp\/v2\/comments?post=1070"}],"version-history":[{"count":2,"href":"https:\/\/us.edu.pl\/absolwent\/wp-json\/wp\/v2\/pages\/1070\/revisions"}],"predecessor-version":[{"id":1801,"href":"https:\/\/us.edu.pl\/absolwent\/wp-json\/wp\/v2\/pages\/1070\/revisions\/1801"}],"up":[{"embeddable":true,"href":"https:\/\/us.edu.pl\/absolwent\/wp-json\/wp\/v2\/pages\/290"}],"wp:attachment":[{"href":"https:\/\/us.edu.pl\/absolwent\/wp-json\/wp\/v2\/media?parent=1070"}],"curies":[{"name":"wp","href":"https:\/\/api.w.org\/{rel}","templated":true}]}}

Judyta Obrzeżgiewicz

<p>[vc_row][vc_column]
                <div class="text-modules">
                    <div class="container">
                        <h3 class="page-title text__title">Judyta Obrzeżgiewicz</h3>
                        <div class="text-modules__content"><p>absolwentka filologii na specjalności języki stosowane: język francuski i język angielski z programem tłumaczeniowym w Kolegium Indywidualnych Studiów Międzyobszarowych</p>
<p>najlepsza absolwentka roku akademickiego 2016/2017</p>
<p>Uzyskała średnią ocen ze studiów 4,88, a na dyplomie ocenę celującą. Uczestniczyła w konferencjach naukowych, m.in. „Spotkanie” na Uniwersytecie Śląskim w Katowicach, 2016 (referat), „Tłumaczenia w XXI wieku” na Uniwersytecie im. kardynała Stefana Wyszyńskiego w Warszawie (referat, 2016), „Brak” na Uniwersytecie Śląskim w Cieszynie (referat, 2016), „JĘZYK W POZNANIU” na Uniwersytecie im. Adam Mickiewicza w Poznaniu (referat, 2017). Prowadziła również działalność popularnonaukową, m.in. pomagała w organizacji konferencji pt. „Upiory, duchy, zjawy. Widmowe reprezentacje w popkulturze” w Centrum Informacji Naukowej i Bibliotece Akademickiej w Katowicach (2015). W czasie studiów otrzymywała Stypendium JM Rektora Uniwersytetu Śląskiego dla najlepszych studentów w latach 2014-2017 oraz Stypendium Prezydenta Miasta Świętochłowice dla najlepszych studentów za rok akademicki 2015/2016 oraz 2016/2017. Judyta Obrzeżgiewicz ma również osiągnięcia artystyczne, m.in. I miejsce w konkursie tańca orientalnego „Łódzka Fabryka Orientu” w Łodzi, 2015. Prowadzi również działalność społeczną, np. organizacja festiwalu dla studentów „Kopalnia dobra”, organizacja akcji świątecznej na Wydziale Filologicznym w ramach działalności w misji chrześcijańskiej „Generacja Plus”. W 2017 roku otrzymała wyróżnienie JM Rektora Uniwersytetu Śląskiego. Interesuje się tańcem orientalnym, teologią chrześcijańską oraz podróżami i obcymi kulturami.</p>
</div>
                    </div>
                </div>[/vc_column][/vc_row]</p>
