{"id":1073,"date":"2019-11-28T15:03:13","date_gmt":"2019-11-28T14:03:13","guid":{"rendered":"https:\/\/us.edu.pl\/absolwent\/?page_id=1073"},"modified":"2019-11-28T15:03:13","modified_gmt":"2019-11-28T14:03:13","slug":"katarzyna-sekulska","status":"publish","type":"page","link":"https:\/\/us.edu.pl\/absolwent\/absolwencius\/najlepsi-absolwenci-poprzednie-edycje\/najlepsi-absolwenci-roku-akademickiego-2015-2016\/katarzyna-sekulska\/","title":{"rendered":"Katarzyna Sekulska"},"content":{"rendered":"<p>[vc_row][vc_column]\r\n                <div class=\"text-modules\">\r\n                    <div class=\"container\">\r\n                        <h3 class=\"page-title text__title\">Katarzyna Sekulska<\/h3>\r\n                        <div class=\"text-modules__content\"><p>absolwentka kierunku GRAFIKA\u00a0na Wydziale Artystycznym U\u015a<\/p>\n<p>najlepsza absolwentka roku akademickiego 2015\/2016<\/p>\n<p>Jest dwukrotn\u0105 laureatk\u0105 Stypendium Rektora Uniwersytetu \u015al\u0105skiego dla najlepszych student\u00f3w. Katarzyna Sekulska jest za\u0142o\u017cycielk\u0105 Mi\u0119dzywydzia\u0142owego Studenckiego Klubu G\u00f3rskiego \u201eBukowe Czuby\u201d. Podczas studi\u00f3w nale\u017ca\u0142a r\u00f3wnie\u017c do Ko\u0142a Artystyczno-naukowego Drzeworytnik\u00f3w i Linorytnik\u00f3w \u201eDeha\u201d.<\/p>\n<p>Jest tak\u017ce cz\u0142onkiem Klubu Chatkowego przy Chatce Studenckiej na Adamach oraz cz\u0142onkiem oddzia\u0142u uczelnianego PTTK Politechniki \u015al\u0105skiej. Absolwentka uczestniczy\u0142a w projekcie Etno Design zajmuj\u0105c si\u0119 ceramik\u0105. Do jej osi\u0105gni\u0119\u0107 artystycznych nale\u017c\u0105: wystawy zbiorowe \u2013 malarstwo \u2013 galeria Puda (Cieszyn), plakat \u2013 Kr\u0119gi Sztuki \u2013 Teatr Wyspia\u0144skiego (Katowice), plakat \u2013 galeria w alei fontann (Szczecin). Do jej zainteresowa\u0144, poza grafik\u0105 nale\u017cy teatr amatorski, praca z dzie\u0107mi, \u015bpiew, sztuka u\u017cytkowa oraz animacja spo\u0142eczno-kulturalna.<\/p>\n<\/div>\r\n                    <\/div>\r\n                <\/div>[\/vc_column][\/vc_row]<\/p>","protected":false},"excerpt":{"rendered":"<p>[vc_row][vc_column][\/vc_column][\/vc_row] [&#8230;]<\/p>\n<p><a class=\"btn btn-secondary understrap-read-more-link\" href=\"https:\/\/us.edu.pl\/absolwent\/absolwencius\/najlepsi-absolwenci-poprzednie-edycje\/najlepsi-absolwenci-roku-akademickiego-2015-2016\/katarzyna-sekulska\/\">Read More&#8230;<\/a><\/p>\n","protected":false},"author":33,"featured_media":0,"parent":294,"menu_order":0,"comment_status":"closed","ping_status":"closed","template":"","meta":{"_expiration-date-status":"saved","_expiration-date":0,"_expiration-date-type":"","_expiration-date-categories":[],"_expiration-date-options":[]},"acf":[],"_links":{"self":[{"href":"https:\/\/us.edu.pl\/absolwent\/wp-json\/wp\/v2\/pages\/1073"}],"collection":[{"href":"https:\/\/us.edu.pl\/absolwent\/wp-json\/wp\/v2\/pages"}],"about":[{"href":"https:\/\/us.edu.pl\/absolwent\/wp-json\/wp\/v2\/types\/page"}],"author":[{"embeddable":true,"href":"https:\/\/us.edu.pl\/absolwent\/wp-json\/wp\/v2\/users\/33"}],"replies":[{"embeddable":true,"href":"https:\/\/us.edu.pl\/absolwent\/wp-json\/wp\/v2\/comments?post=1073"}],"version-history":[{"count":1,"href":"https:\/\/us.edu.pl\/absolwent\/wp-json\/wp\/v2\/pages\/1073\/revisions"}],"predecessor-version":[{"id":1074,"href":"https:\/\/us.edu.pl\/absolwent\/wp-json\/wp\/v2\/pages\/1073\/revisions\/1074"}],"up":[{"embeddable":true,"href":"https:\/\/us.edu.pl\/absolwent\/wp-json\/wp\/v2\/pages\/294"}],"wp:attachment":[{"href":"https:\/\/us.edu.pl\/absolwent\/wp-json\/wp\/v2\/media?parent=1073"}],"curies":[{"name":"wp","href":"https:\/\/api.w.org\/{rel}","templated":true}]}}