{"id":1087,"date":"2019-11-28T15:18:47","date_gmt":"2019-11-28T14:18:47","guid":{"rendered":"https:\/\/us.edu.pl\/absolwent\/?page_id=1087"},"modified":"2019-11-28T15:18:47","modified_gmt":"2019-11-28T14:18:47","slug":"lukasz-andrzej-matusiak","status":"publish","type":"page","link":"https:\/\/us.edu.pl\/absolwent\/absolwencius\/najlepsi-absolwenci-poprzednie-edycje\/najlepsi-absolwenci-roku-akademickiego-2015-2016\/lukasz-andrzej-matusiak\/","title":{"rendered":"\u0141ukasz Andrzej Matusiak"},"content":{"rendered":"<p>[vc_row][vc_column]\r\n                <div class=\"text-modules\">\r\n                    <div class=\"container\">\r\n                        <h3 class=\"page-title text__title\">\u0141ukasz Andrzej Matusiak<\/h3>\r\n                        <div class=\"text-modules__content\"><p>absolwent kierunku PEDAGOGIKA ZE SPECJALNO\u015aCI\u0104 TERAPIA PEDAGOGICZNA I ASYSTENT OSOBY NIEPE\u0141NOSPRAWNEJ\u00a0na Wydziale Etnologii i Nauk o Edukacji U\u015a<\/p>\n<p>najlepszy absolwent roku akademickiego 2015\/2016<\/p>\n<p>Organizator i uczestnik wielu og\u00f3lnopolskich konferencji naukowych oraz dw\u00f3ch edycji Mi\u0119dzynarodowej Konferencji Naukowej\u00a0\u201eInny w moich oczach, ja w oczach innego\u201d. Autor dw\u00f3ch publikacji naukowych. Bra\u0142 udzia\u0142 w mi\u0119dzynarodowych wymianach studenckich do Republiki Czeskiej w ramach program\u00f3w Erasmus+, odbywaj\u0105c r\u00f3wnie\u017c praktyki w ramach tego programu, oraz Grant Ceepus Freemover. Dzia\u0142a\u0142 aktywnie jako cz\u0142onek Ko\u0142a Naukowego Edukacji Mi\u0119dzykulturowej, a w roku akademickim 2014\/2015 pe\u0142ni\u0142 funkcj\u0119 przewodnicz\u0105cego Ko\u0142a.<\/p>\n<p>Udziela\u0142 si\u0119 jako wolontariusz w cieszy\u0144skim OREWie, a tak\u017ce, jako wolontariusz, prowadzi\u0142 warsztaty, podczas wydarze\u0144 organizowanych przez Uczelni\u0119 dla os\u00f3b niepe\u0142nosprawnych. Bra\u0142 udzia\u0142 w warsztatach antydyskryminacyjnych\u00a0Romowie: w krzywym zwierciadle,organizowanych przez Amnesty International. Zajmowa\u0142 si\u0119 moderowaniem panelu \u201eMedia, dyskurs medialny, nowe technologie\u201d podczas Mi\u0119dzyuczelnianej Konferencji Naukowej\u00a0Teren nieoczywisty w antropologii.<\/p>\n<\/div>\r\n                    <\/div>\r\n                <\/div>[\/vc_column][\/vc_row]<\/p>","protected":false},"excerpt":{"rendered":"<p>[vc_row][vc_column][\/vc_column][\/vc_row] [&#8230;]<\/p>\n<p><a class=\"btn btn-secondary understrap-read-more-link\" href=\"https:\/\/us.edu.pl\/absolwent\/absolwencius\/najlepsi-absolwenci-poprzednie-edycje\/najlepsi-absolwenci-roku-akademickiego-2015-2016\/lukasz-andrzej-matusiak\/\">Read More&#8230;<\/a><\/p>\n","protected":false},"author":33,"featured_media":0,"parent":294,"menu_order":0,"comment_status":"closed","ping_status":"closed","template":"","meta":{"_expiration-date-status":"saved","_expiration-date":0,"_expiration-date-type":"","_expiration-date-categories":[],"_expiration-date-options":[]},"acf":[],"_links":{"self":[{"href":"https:\/\/us.edu.pl\/absolwent\/wp-json\/wp\/v2\/pages\/1087"}],"collection":[{"href":"https:\/\/us.edu.pl\/absolwent\/wp-json\/wp\/v2\/pages"}],"about":[{"href":"https:\/\/us.edu.pl\/absolwent\/wp-json\/wp\/v2\/types\/page"}],"author":[{"embeddable":true,"href":"https:\/\/us.edu.pl\/absolwent\/wp-json\/wp\/v2\/users\/33"}],"replies":[{"embeddable":true,"href":"https:\/\/us.edu.pl\/absolwent\/wp-json\/wp\/v2\/comments?post=1087"}],"version-history":[{"count":1,"href":"https:\/\/us.edu.pl\/absolwent\/wp-json\/wp\/v2\/pages\/1087\/revisions"}],"predecessor-version":[{"id":1088,"href":"https:\/\/us.edu.pl\/absolwent\/wp-json\/wp\/v2\/pages\/1087\/revisions\/1088"}],"up":[{"embeddable":true,"href":"https:\/\/us.edu.pl\/absolwent\/wp-json\/wp\/v2\/pages\/294"}],"wp:attachment":[{"href":"https:\/\/us.edu.pl\/absolwent\/wp-json\/wp\/v2\/media?parent=1087"}],"curies":[{"name":"wp","href":"https:\/\/api.w.org\/{rel}","templated":true}]}}

Łukasz Andrzej Matusiak

<p>[vc_row][vc_column]
                <div class="text-modules">
                    <div class="container">
                        <h3 class="page-title text__title">Łukasz Andrzej Matusiak</h3>
                        <div class="text-modules__content"><p>absolwent kierunku PEDAGOGIKA ZE SPECJALNOŚCIĄ TERAPIA PEDAGOGICZNA I ASYSTENT OSOBY NIEPEŁNOSPRAWNEJ na Wydziale Etnologii i Nauk o Edukacji UŚ</p>
<p>najlepszy absolwent roku akademickiego 2015/2016</p>
<p>Organizator i uczestnik wielu ogólnopolskich konferencji naukowych oraz dwóch edycji Międzynarodowej Konferencji Naukowej „Inny w moich oczach, ja w oczach innego”. Autor dwóch publikacji naukowych. Brał udział w międzynarodowych wymianach studenckich do Republiki Czeskiej w ramach programów Erasmus+, odbywając również praktyki w ramach tego programu, oraz Grant Ceepus Freemover. Działał aktywnie jako członek Koła Naukowego Edukacji Międzykulturowej, a w roku akademickim 2014/2015 pełnił funkcję przewodniczącego Koła.</p>
<p>Udzielał się jako wolontariusz w cieszyńskim OREWie, a także, jako wolontariusz, prowadził warsztaty, podczas wydarzeń organizowanych przez Uczelnię dla osób niepełnosprawnych. Brał udział w warsztatach antydyskryminacyjnych Romowie: w krzywym zwierciadle,organizowanych przez Amnesty International. Zajmował się moderowaniem panelu „Media, dyskurs medialny, nowe technologie” podczas Międzyuczelnianej Konferencji Naukowej Teren nieoczywisty w antropologii.</p>
</div>
                    </div>
                </div>[/vc_column][/vc_row]</p>
