{"id":1099,"date":"2019-11-28T15:29:52","date_gmt":"2019-11-28T14:29:52","guid":{"rendered":"https:\/\/us.edu.pl\/absolwent\/?page_id=1099"},"modified":"2019-11-28T15:29:52","modified_gmt":"2019-11-28T14:29:52","slug":"pawel-blajda","status":"publish","type":"page","link":"https:\/\/us.edu.pl\/absolwent\/absolwencius\/najlepsi-absolwenci-poprzednie-edycje\/najlepsi-absolwenci-roku-akademickiego-2015-2016\/pawel-blajda\/","title":{"rendered":"Pawe\u0142 Blajda"},"content":{"rendered":"<p>[vc_row][vc_column]\r\n                <div class=\"text-modules\">\r\n                    <div class=\"container\">\r\n                        <h3 class=\"page-title text__title\">Pawe\u0142 Blajda<\/h3>\r\n                        <div class=\"text-modules__content\"><p>absolwent kierunku GEOLOGIA\u00a0specjalno\u015b\u0107 GEOCHEMIA I MINERALOGIA\u00a0na Wydziale Nauk o Ziemi U\u015a<\/p>\n<p>najlepszy absolwent roku akademickiego 2015\/2016<\/p>\n<p>Jest laureatem Stypendium Rektora Uniwersytetu \u015al\u0105skiego dla najlepszych student\u00f3w na przestrzeni studi\u00f3w magisterskich. Otrzyma\u0142 r\u00f3wnie\u017c zagraniczne stypendium odbywane w Koszycach (S\u0142owacja) w ramach programu CEEPUS. Podczas studi\u00f3w pe\u0142ni\u0142 funkcj\u0119 przewodnicz\u0105cego w Studenckim Kole Mineralog\u00f3w \u201eHeliodor&#8221;. Bra\u0142 czynny udzia\u0142 w I konferencji k\u00f3\u0142 naukowych WNoZ \u2013 Barb\u00f3rka 2015 oraz 21th INTERNATIONAL KARSTOLOGICAL SCHOOL &#8222;Classical Karst&#8221; (2013, Postojna). Jest wsp\u00f3\u0142autorem dw\u00f3ch publikacji naukowych.<\/p>\n<p>Jest wsp\u00f3\u0142organizatorem gie\u0142d minera\u0142\u00f3w i bi\u017cuterii na Wydziale Nauk o Ziemi w Sosnowcu oraz Dni Otwartych Wydzia\u0142u. Podj\u0105\u0142 r\u00f3wnie\u017c wsp\u00f3\u0142prac\u0119 z Zabytkow\u0105 Kopalni\u0105 Uranu w Kletnie na potrzeby dzia\u0142alno\u015bci naukowej, kt\u00f3rej podsumowaniem jest jego praca magisterska p.t.:\u00a0Charakterystyka mineralizacji selenkowej z\u0142o\u017ca polimetalicznegow Kletnie.<\/p>\n<\/div>\r\n                    <\/div>\r\n                <\/div>[\/vc_column][\/vc_row]<\/p>","protected":false},"excerpt":{"rendered":"<p>[vc_row][vc_column][\/vc_column][\/vc_row] [&#8230;]<\/p>\n<p><a class=\"btn btn-secondary understrap-read-more-link\" href=\"https:\/\/us.edu.pl\/absolwent\/absolwencius\/najlepsi-absolwenci-poprzednie-edycje\/najlepsi-absolwenci-roku-akademickiego-2015-2016\/pawel-blajda\/\">Read More&#8230;<\/a><\/p>\n","protected":false},"author":33,"featured_media":0,"parent":294,"menu_order":0,"comment_status":"closed","ping_status":"closed","template":"","meta":{"_expiration-date-status":"saved","_expiration-date":0,"_expiration-date-type":"","_expiration-date-categories":[],"_expiration-date-options":[]},"acf":[],"_links":{"self":[{"href":"https:\/\/us.edu.pl\/absolwent\/wp-json\/wp\/v2\/pages\/1099"}],"collection":[{"href":"https:\/\/us.edu.pl\/absolwent\/wp-json\/wp\/v2\/pages"}],"about":[{"href":"https:\/\/us.edu.pl\/absolwent\/wp-json\/wp\/v2\/types\/page"}],"author":[{"embeddable":true,"href":"https:\/\/us.edu.pl\/absolwent\/wp-json\/wp\/v2\/users\/33"}],"replies":[{"embeddable":true,"href":"https:\/\/us.edu.pl\/absolwent\/wp-json\/wp\/v2\/comments?post=1099"}],"version-history":[{"count":1,"href":"https:\/\/us.edu.pl\/absolwent\/wp-json\/wp\/v2\/pages\/1099\/revisions"}],"predecessor-version":[{"id":1100,"href":"https:\/\/us.edu.pl\/absolwent\/wp-json\/wp\/v2\/pages\/1099\/revisions\/1100"}],"up":[{"embeddable":true,"href":"https:\/\/us.edu.pl\/absolwent\/wp-json\/wp\/v2\/pages\/294"}],"wp:attachment":[{"href":"https:\/\/us.edu.pl\/absolwent\/wp-json\/wp\/v2\/media?parent=1099"}],"curies":[{"name":"wp","href":"https:\/\/api.w.org\/{rel}","templated":true}]}}

Paweł Blajda

<p>[vc_row][vc_column]
                <div class="text-modules">
                    <div class="container">
                        <h3 class="page-title text__title">Paweł Blajda</h3>
                        <div class="text-modules__content"><p>absolwent kierunku GEOLOGIA specjalność GEOCHEMIA I MINERALOGIA na Wydziale Nauk o Ziemi UŚ</p>
<p>najlepszy absolwent roku akademickiego 2015/2016</p>
<p>Jest laureatem Stypendium Rektora Uniwersytetu Śląskiego dla najlepszych studentów na przestrzeni studiów magisterskich. Otrzymał również zagraniczne stypendium odbywane w Koszycach (Słowacja) w ramach programu CEEPUS. Podczas studiów pełnił funkcję przewodniczącego w Studenckim Kole Mineralogów „Heliodor&#8221;. Brał czynny udział w I konferencji kół naukowych WNoZ – Barbórka 2015 oraz 21th INTERNATIONAL KARSTOLOGICAL SCHOOL &#8222;Classical Karst&#8221; (2013, Postojna). Jest współautorem dwóch publikacji naukowych.</p>
<p>Jest współorganizatorem giełd minerałów i biżuterii na Wydziale Nauk o Ziemi w Sosnowcu oraz Dni Otwartych Wydziału. Podjął również współpracę z Zabytkową Kopalnią Uranu w Kletnie na potrzeby działalności naukowej, której podsumowaniem jest jego praca magisterska p.t.: Charakterystyka mineralizacji selenkowej złoża polimetalicznegow Kletnie.</p>
</div>
                    </div>
                </div>[/vc_column][/vc_row]</p>
