{"id":1113,"date":"2019-11-28T15:36:45","date_gmt":"2019-11-28T14:36:45","guid":{"rendered":"https:\/\/us.edu.pl\/absolwent\/?page_id=1113"},"modified":"2019-11-28T15:36:45","modified_gmt":"2019-11-28T14:36:45","slug":"julia-dziukiewicz","status":"publish","type":"page","link":"https:\/\/us.edu.pl\/absolwent\/absolwencius\/najlepsi-absolwenci-poprzednie-edycje\/najlepsi-absolwenci-roku-akademickiego-2015-2016\/julia-dziukiewicz\/","title":{"rendered":"Julia Dziukiewicz"},"content":{"rendered":"<p>[vc_row][vc_column]\r\n                <div class=\"text-modules\">\r\n                    <div class=\"container\">\r\n                        <h3 class=\"page-title text__title\">Julia Dziukiewicz<\/h3>\r\n                        <div class=\"text-modules__content\"><p>absolwentka kierunku PEDAGOGIKA ZE SPECJALNO\u015aCI\u0104 PROMOCJA ZDROWIA Z PROFILAKTYK\u0104 UZALE\u017bNIE\u0143\u00a0na Wydziale Pedagogiki i Psychologii U\u015a<\/p>\n<p>najlepsza absolwentka roku akademickiego 2015\/2016<\/p>\n<p>Wysokie wyniki w nauce oraz wyr\u00f3\u017cniona praca magisterska zaowocowa\u0142y uzyskaniem dyplomu z ocen\u0105 celuj\u0105c\u0105 (og\u00f3lny wynik studi\u00f3w 4,97). Czterokrotna laureatka stypendium Rektora Uniwersytetu \u015al\u0105skiego dla najlepszego studenta. Autorka publikacji\u00a0Zdrowie psychospo\u0142eczne kobiet po mastektomii\u00a0[w:] Psychospo\u0142eczne i \u015brodowiskowe konteksty zdrowia i choroby pod red. Katarzyny Borzuckiej-Sitkiewicz, (Wydawnictwo U\u015a, Katowice 2016). Uczestniczka wielu projekt\u00f3w badawczych, realizowanych samodzielnie przez pracownik\u00f3w Wydzia\u0142u Pedagogiki i Psychologii U\u015a (\u201eKorzystanie z Facebooka i telefonu kom\u00f3rkowego a jako\u015b\u0107 \u017cycia\u201d, 2013) oraz przez uczelni\u0119 we wsp\u00f3\u0142pracy z innymi jednostkami naukowymi (\u201eMierzenie stopnia zrozumia\u0142o\u015bci polskich tekst\u00f3w u\u017cytkowych\u201d, finansowany ze \u015brodk\u00f3w Narodowego Centrum Nauki, 2014). Uczestniczka szkolenia pt. \u201eWprowadzenie do zdrowia populacji \u2013 przeciwdzia\u0142anie nier\u00f3wno\u015bciom w zdrowiu na poziomie regionalnym\u201d (2015) oraz debaty oxfordzkiej \u201eGranice (nie)przyzwoito\u015bci w sztuce wizualnej\u201d organizowanej w ramach XI Konferencji Naukowej: \u201eSztuka i edukacja. Edukacja przez sztuk\u0119\u201d podczas XII Og\u00f3lnopolskiego Festiwalu Ekspresji Dzieci\u0119cej i M\u0142odzie\u017cowej (2014). Cz\u0142onkini Studenckiego Ko\u0142a Naukowego \u201eLallatio\u201d.<\/p>\n<p>Poza dzia\u0142alno\u015bci\u0105 naukowo-badawcz\u0105, aktywnie uczestniczy\u0142a w \u017cyciu spo\u0142ecznym uczelni poprzez organizacj\u0119 wydarze\u0144 kulturalnych (udzia\u0142 przy organizacji meczu \u201eSenat kontra Senat\u201d, 2012). Przez ca\u0142y okres studi\u00f3w, wspiera\u0142a organizacj\u0119 Dni Otwartych \u2013 \u201eSpotkania z nauk\u0105 i \u017cyciem studenckim dla m\u0142odzie\u017cy szk\u00f3\u0142 ponadgimnazjalnych\u201d prowadz\u0105c warsztaty oraz stoisko promuj\u0105ce specjalno\u015b\u0107\u00a0Pedagogika zdrowia\/ Promocja zdrowia z profilaktyk\u0105 uzale\u017cnie\u0144.\u00a0Chc\u0105c zdobywa\u0107 nowe umiej\u0119tno\u015bci i do\u015bwiadczenie w lata 2012-2016 pe\u0142ni\u0142a rol\u0119 wolontariuszki Poradni Psychologiczno-Pedagogicznej.<\/p>\n<p>Obecnie doktorantka (r\u00f3wnie\u017c na kierunku Pedagogika) oraz studentka podyplomowych studi\u00f3w kwalifikacyjnych Logopedii i Medialnej Emisji G\u0142osu.<\/p>\n<\/div>\r\n                    <\/div>\r\n                <\/div>[\/vc_column][\/vc_row]<\/p>","protected":false},"excerpt":{"rendered":"<p>[vc_row][vc_column][\/vc_column][\/vc_row] [&#8230;]<\/p>\n<p><a class=\"btn btn-secondary understrap-read-more-link\" href=\"https:\/\/us.edu.pl\/absolwent\/absolwencius\/najlepsi-absolwenci-poprzednie-edycje\/najlepsi-absolwenci-roku-akademickiego-2015-2016\/julia-dziukiewicz\/\">Read More&#8230;<\/a><\/p>\n","protected":false},"author":33,"featured_media":0,"parent":294,"menu_order":0,"comment_status":"closed","ping_status":"closed","template":"","meta":{"_expiration-date-status":"saved","_expiration-date":0,"_expiration-date-type":"","_expiration-date-categories":[],"_expiration-date-options":[]},"acf":[],"_links":{"self":[{"href":"https:\/\/us.edu.pl\/absolwent\/wp-json\/wp\/v2\/pages\/1113"}],"collection":[{"href":"https:\/\/us.edu.pl\/absolwent\/wp-json\/wp\/v2\/pages"}],"about":[{"href":"https:\/\/us.edu.pl\/absolwent\/wp-json\/wp\/v2\/types\/page"}],"author":[{"embeddable":true,"href":"https:\/\/us.edu.pl\/absolwent\/wp-json\/wp\/v2\/users\/33"}],"replies":[{"embeddable":true,"href":"https:\/\/us.edu.pl\/absolwent\/wp-json\/wp\/v2\/comments?post=1113"}],"version-history":[{"count":1,"href":"https:\/\/us.edu.pl\/absolwent\/wp-json\/wp\/v2\/pages\/1113\/revisions"}],"predecessor-version":[{"id":1114,"href":"https:\/\/us.edu.pl\/absolwent\/wp-json\/wp\/v2\/pages\/1113\/revisions\/1114"}],"up":[{"embeddable":true,"href":"https:\/\/us.edu.pl\/absolwent\/wp-json\/wp\/v2\/pages\/294"}],"wp:attachment":[{"href":"https:\/\/us.edu.pl\/absolwent\/wp-json\/wp\/v2\/media?parent=1113"}],"curies":[{"name":"wp","href":"https:\/\/api.w.org\/{rel}","templated":true}]}}