{"id":1115,"date":"2019-11-28T15:37:48","date_gmt":"2019-11-28T14:37:48","guid":{"rendered":"https:\/\/us.edu.pl\/absolwent\/?page_id=1115"},"modified":"2019-11-28T15:37:48","modified_gmt":"2019-11-28T14:37:48","slug":"katarzyna-handel","status":"publish","type":"page","link":"https:\/\/us.edu.pl\/absolwent\/absolwencius\/najlepsi-absolwenci-poprzednie-edycje\/najlepsi-absolwenci-roku-akademickiego-2015-2016\/katarzyna-handel\/","title":{"rendered":"Katarzyna H\u00e4ndel"},"content":{"rendered":"<p>[vc_row][vc_column]\r\n                <div class=\"text-modules\">\r\n                    <div class=\"container\">\r\n                        <h3 class=\"page-title text__title\">Katarzyna H\u00e4ndel<\/h3>\r\n                        <div class=\"text-modules__content\"><p>absolwentka kierunku PSYCHOLOGIA,\u00a0specjalno\u015b\u0107 PSYCHOLOGIA KLINICZNA CZ\u0141OWIEKA DOROS\u0141EGO, PSYCHOLOGIA S\u0104DOWA\u00a0na Wydziale Pedagogiki i Psychologii U\u015a<\/p>\n<p>najlepsza absolwentka roku akademickiego 2015\/2016<\/p>\n<p>Uczestniczy\u0142a jako badaczka w projekcie \u201ePrzekonania a gotowo\u015b\u0107 do agresji kobiet\u201d (2014). Jako s\u0119dzia kompetentny uczestniczy\u0142a wprojekcie \u201eStereotyp studiuj\u0105cej mamy w spo\u0142eczno\u015bci akademickiej\u201d (2013). Uczestniczka konferencji naukowych, m.in. Og\u00f3lnopolskiej Konferencji Naukowej z cyklu: \u201eZastosowanie psychologii klinicznej i nauk stykowych w praktyce s\u0105dowej\u201d na Uniwersytecie \u015al\u0105skim w 2014 roku. Ma na swoim koncie dwie publikacje na portalu wiecjestem.us.edu.pl \u201ePrzemoc seksualna w rodzinie. Charakterystyka sprawc\u00f3w. cz.1\u201d i \u201ePrzemoc seksualna w rodzinie. Charakterystyka sprawc\u00f3w. cz.2\u201d. Prowadzi\u0142a warsztaty dla m\u0142odzie\u017cy pt. \u201eSposoby radzenia sobie ze stresem\u201d podczas Festiwalu Czarnej Owcy w Katowicach (2015) oraz zrealizowa\u0142a projekt edukacyjny w ramach Akcji Afganistan w Niepublicznej Szkole Podstawowej w Pyrzowicach (2013). W latach 2013-2014 by\u0142a stypendystk\u0105 Starosty Powiatu Tarnog\u00f3rskiego za bardzo dobre wyniki w nauce i aktywn\u0105 dzia\u0142alno\u015b\u0107 w wolontariacie. Trzykrotna Stypendystka Rektora Uniwersytetu \u015al\u0105skiego dla najlepszego studenta. By\u0142a cz\u0142onkini\u0105 Studenckiego Ko\u0142a Naukowego \u201eInfluence\u201d (2014\/2015) oraz Studenckiego Ko\u0142a Naukowego \u201eFlow\u201d (2012\/2013). Jest cz\u0142onkini\u0105 oraz przedstawicielem Komisji Rewizyjnej Stowarzyszenia Psychiatria- Raze oraz cz\u0142onkiem zwyczajnym Towarzystwa Hipnozy i Bada\u0144 nad Hipnoz\u0105 w Krakowie. Od 2013 roku woluntarystycznie pracuje jako psycholog w Oddziale Psychiatrycznym Wielospecjalistycznego Szpitala Powiatowego S.A w Tarnowskich G\u00f3rach. Doktorantka interdyscyplinarnych studi\u00f3w doktoranckich na kierunku psychologia Uniwersytetu SWPS we Wroc\u0142awiu. Stypendysta projektu badawczego Narodowego Centrum Nauki pt. \u201eOpiniowanie s\u0105dowo-psychologiczne w sprawach nieletnich i sprawach z zakresu w\u0142adzy rodzicielskiej\u201d pod kierownictwem dr hab. Danuty Rode. Jej pasj\u0105 jest gotowanie i eksperymenty kulinarne. Jest wielbicielk\u0105 kot\u00f3w. Cz\u0119sto wybiera si\u0119 na wycieczki rowerowe. W wolnym czasie maluje pejza\u017ce olejne. Lubi teatr i literatur\u0119 kryminaln\u0105.<\/p>\n<\/div>\r\n                    <\/div>\r\n                <\/div>[\/vc_column][\/vc_row]<\/p>","protected":false},"excerpt":{"rendered":"<p>[vc_row][vc_column][\/vc_column][\/vc_row] [&#8230;]<\/p>\n<p><a class=\"btn btn-secondary understrap-read-more-link\" href=\"https:\/\/us.edu.pl\/absolwent\/absolwencius\/najlepsi-absolwenci-poprzednie-edycje\/najlepsi-absolwenci-roku-akademickiego-2015-2016\/katarzyna-handel\/\">Read More&#8230;<\/a><\/p>\n","protected":false},"author":33,"featured_media":0,"parent":294,"menu_order":0,"comment_status":"closed","ping_status":"closed","template":"","meta":{"_expiration-date-status":"saved","_expiration-date":0,"_expiration-date-type":"","_expiration-date-categories":[],"_expiration-date-options":[]},"acf":[],"_links":{"self":[{"href":"https:\/\/us.edu.pl\/absolwent\/wp-json\/wp\/v2\/pages\/1115"}],"collection":[{"href":"https:\/\/us.edu.pl\/absolwent\/wp-json\/wp\/v2\/pages"}],"about":[{"href":"https:\/\/us.edu.pl\/absolwent\/wp-json\/wp\/v2\/types\/page"}],"author":[{"embeddable":true,"href":"https:\/\/us.edu.pl\/absolwent\/wp-json\/wp\/v2\/users\/33"}],"replies":[{"embeddable":true,"href":"https:\/\/us.edu.pl\/absolwent\/wp-json\/wp\/v2\/comments?post=1115"}],"version-history":[{"count":1,"href":"https:\/\/us.edu.pl\/absolwent\/wp-json\/wp\/v2\/pages\/1115\/revisions"}],"predecessor-version":[{"id":1116,"href":"https:\/\/us.edu.pl\/absolwent\/wp-json\/wp\/v2\/pages\/1115\/revisions\/1116"}],"up":[{"embeddable":true,"href":"https:\/\/us.edu.pl\/absolwent\/wp-json\/wp\/v2\/pages\/294"}],"wp:attachment":[{"href":"https:\/\/us.edu.pl\/absolwent\/wp-json\/wp\/v2\/media?parent=1115"}],"curies":[{"name":"wp","href":"https:\/\/api.w.org\/{rel}","templated":true}]}}

Katarzyna Händel

<p>[vc_row][vc_column]
                <div class="text-modules">
                    <div class="container">
                        <h3 class="page-title text__title">Katarzyna Händel</h3>
                        <div class="text-modules__content"><p>absolwentka kierunku PSYCHOLOGIA, specjalność PSYCHOLOGIA KLINICZNA CZŁOWIEKA DOROSŁEGO, PSYCHOLOGIA SĄDOWA na Wydziale Pedagogiki i Psychologii UŚ</p>
<p>najlepsza absolwentka roku akademickiego 2015/2016</p>
<p>Uczestniczyła jako badaczka w projekcie „Przekonania a gotowość do agresji kobiet” (2014). Jako sędzia kompetentny uczestniczyła wprojekcie „Stereotyp studiującej mamy w społeczności akademickiej” (2013). Uczestniczka konferencji naukowych, m.in. Ogólnopolskiej Konferencji Naukowej z cyklu: „Zastosowanie psychologii klinicznej i nauk stykowych w praktyce sądowej” na Uniwersytecie Śląskim w 2014 roku. Ma na swoim koncie dwie publikacje na portalu wiecjestem.us.edu.pl „Przemoc seksualna w rodzinie. Charakterystyka sprawców. cz.1” i „Przemoc seksualna w rodzinie. Charakterystyka sprawców. cz.2”. Prowadziła warsztaty dla młodzieży pt. „Sposoby radzenia sobie ze stresem” podczas Festiwalu Czarnej Owcy w Katowicach (2015) oraz zrealizowała projekt edukacyjny w ramach Akcji Afganistan w Niepublicznej Szkole Podstawowej w Pyrzowicach (2013). W latach 2013-2014 była stypendystką Starosty Powiatu Tarnogórskiego za bardzo dobre wyniki w nauce i aktywną działalność w wolontariacie. Trzykrotna Stypendystka Rektora Uniwersytetu Śląskiego dla najlepszego studenta. Była członkinią Studenckiego Koła Naukowego „Influence” (2014/2015) oraz Studenckiego Koła Naukowego „Flow” (2012/2013). Jest członkinią oraz przedstawicielem Komisji Rewizyjnej Stowarzyszenia Psychiatria- Raze oraz członkiem zwyczajnym Towarzystwa Hipnozy i Badań nad Hipnozą w Krakowie. Od 2013 roku woluntarystycznie pracuje jako psycholog w Oddziale Psychiatrycznym Wielospecjalistycznego Szpitala Powiatowego S.A w Tarnowskich Górach. Doktorantka interdyscyplinarnych studiów doktoranckich na kierunku psychologia Uniwersytetu SWPS we Wrocławiu. Stypendysta projektu badawczego Narodowego Centrum Nauki pt. „Opiniowanie sądowo-psychologiczne w sprawach nieletnich i sprawach z zakresu władzy rodzicielskiej” pod kierownictwem dr hab. Danuty Rode. Jej pasją jest gotowanie i eksperymenty kulinarne. Jest wielbicielką kotów. Często wybiera się na wycieczki rowerowe. W wolnym czasie maluje pejzaże olejne. Lubi teatr i literaturę kryminalną.</p>
</div>
                    </div>
                </div>[/vc_column][/vc_row]</p>
