{"id":1129,"date":"2019-11-28T15:45:56","date_gmt":"2019-11-28T14:45:56","guid":{"rendered":"https:\/\/us.edu.pl\/absolwent\/?page_id=1129"},"modified":"2019-11-28T15:45:56","modified_gmt":"2019-11-28T14:45:56","slug":"adriana-fiszer","status":"publish","type":"page","link":"https:\/\/us.edu.pl\/absolwent\/absolwencius\/najlepsi-absolwenci-poprzednie-edycje\/najlepsi-absolwenci-roku-akademickiego-2015-2016\/adriana-fiszer\/","title":{"rendered":"Adriana Fiszer"},"content":{"rendered":"<p>[vc_row][vc_column]\r\n                <div class=\"text-modules\">\r\n                    <div class=\"container\">\r\n                        <h3 class=\"page-title text__title\">Adriana Fiszer<\/h3>\r\n                        <div class=\"text-modules__content\"><p>absolwentka kierunku ORGANIZACJA PRODUKCJI FILMOWEJ I TELEWIZYJNEJ\u00a0na Wydziale Radia i Telewizji im. Krzysztofa Kie\u015blowskiego U\u015a<\/p>\n<p>najlepsza absolwentka roku akademickiego 2015\/2016<\/p>\n<p>Pe\u0142ni funkcj\u0119 cz\u0142onka zarz\u0105du w Stowarzyszeniu Katowicing Everyday. Absolwentka nale\u017cy do dru\u017cyny pi\u0142ki r\u0119cznej, z kt\u00f3r\u0105 kilkukrotnie stawa\u0142a na podium. Dwa razy podczas Akademickich Mistrzostwach \u015al\u0105ska w pi\u0142ce r\u0119cznej kobiet zajmuj\u0105c, w roku akademickim 2014\/2015 miejsce III oraz w 2015\/2016 zajmuj\u0105c miejsce II. W tym samym roku panie zaj\u0119\u0142y tak\u017ce III miejsce podczas Akademickich Mistrzostw Polski w pi\u0142ce r\u0119cznej kobiet. Do zainteresowa\u0144 absolwentki nale\u017c\u0105 te\u017c sztuki plastyczne.<\/p>\n<\/div>\r\n                    <\/div>\r\n                <\/div>[\/vc_column][\/vc_row]<\/p>","protected":false},"excerpt":{"rendered":"<p>[vc_row][vc_column][\/vc_column][\/vc_row] [&#8230;]<\/p>\n<p><a class=\"btn btn-secondary understrap-read-more-link\" href=\"https:\/\/us.edu.pl\/absolwent\/absolwencius\/najlepsi-absolwenci-poprzednie-edycje\/najlepsi-absolwenci-roku-akademickiego-2015-2016\/adriana-fiszer\/\">Read More&#8230;<\/a><\/p>\n","protected":false},"author":33,"featured_media":0,"parent":294,"menu_order":0,"comment_status":"closed","ping_status":"closed","template":"","meta":{"_expiration-date-status":"saved","_expiration-date":0,"_expiration-date-type":"","_expiration-date-categories":[],"_expiration-date-options":[]},"acf":[],"_links":{"self":[{"href":"https:\/\/us.edu.pl\/absolwent\/wp-json\/wp\/v2\/pages\/1129"}],"collection":[{"href":"https:\/\/us.edu.pl\/absolwent\/wp-json\/wp\/v2\/pages"}],"about":[{"href":"https:\/\/us.edu.pl\/absolwent\/wp-json\/wp\/v2\/types\/page"}],"author":[{"embeddable":true,"href":"https:\/\/us.edu.pl\/absolwent\/wp-json\/wp\/v2\/users\/33"}],"replies":[{"embeddable":true,"href":"https:\/\/us.edu.pl\/absolwent\/wp-json\/wp\/v2\/comments?post=1129"}],"version-history":[{"count":1,"href":"https:\/\/us.edu.pl\/absolwent\/wp-json\/wp\/v2\/pages\/1129\/revisions"}],"predecessor-version":[{"id":1130,"href":"https:\/\/us.edu.pl\/absolwent\/wp-json\/wp\/v2\/pages\/1129\/revisions\/1130"}],"up":[{"embeddable":true,"href":"https:\/\/us.edu.pl\/absolwent\/wp-json\/wp\/v2\/pages\/294"}],"wp:attachment":[{"href":"https:\/\/us.edu.pl\/absolwent\/wp-json\/wp\/v2\/media?parent=1129"}],"curies":[{"name":"wp","href":"https:\/\/api.w.org\/{rel}","templated":true}]}}