{"id":1337,"date":"2020-02-21T11:30:38","date_gmt":"2020-02-21T10:30:38","guid":{"rendered":"https:\/\/us.edu.pl\/absolwent\/?page_id=1337"},"modified":"2021-03-01T10:25:33","modified_gmt":"2021-03-01T09:25:33","slug":"najlepsi-absolwenci-roku-akademickiego-2018-2019","status":"publish","type":"page","link":"https:\/\/us.edu.pl\/absolwent\/absolwencius\/najlepsi-absolwenci-poprzednie-edycje\/najlepsi-absolwenci-roku-akademickiego-2018-2019\/","title":{"rendered":"Najlepsi absolwenci roku akademickiego 2018\/2019"},"content":{"rendered":"<p>[vc_row][vc_column]\r\n                <div class=\"text-modules\">\r\n                    <div class=\"container\">\r\n                        <h3 class=\"page-title text__title\">Najlepsi absolwenci roku akademickiego 2018\/2019<\/h3>\r\n                        <div class=\"text-modules__content\"><\/p>\n<div class=\"content\">\n<p>W \u015brod\u0119 11 grudnia 2019 roku w auli im. Kazimierza Lepszego w rektoracie Uniwersytetu \u015al\u0105skiego odby\u0142a si\u0119 uroczysto\u015b\u0107 wr\u0119czenia dyplom\u00f3w najlepszym absolwentom roku akademickiego 2018\/2019.<\/p>\n<p>Wyr\u00f3\u017cnieni absolwenci zostali wybrani przez w\u0142adze poszczeg\u00f3lnych jednostek Uniwersytetu \u015al\u0105skiego. Student\u00f3w wyr\u00f3\u017cniono mi\u0119dzy innymi za: bardzo wysok\u0105 \u015bredni\u0105 ocen z ca\u0142ego okresu studi\u00f3w, celuj\u0105c\u0105 lub bardzo dobr\u0105 ocen\u0119 na dyplomie, osi\u0105gni\u0119cia naukowe lub artystyczne. Wielu z nich to stypendy\u015bci. Najlepszym absolwentom prorektor Uniwersytetu \u015al\u0105skiego prof. dr hab. Andrzej Noras wr\u0119czy\u0142 dyplomy, listy gratulacyjne oraz zestawy upomink\u00f3w.<\/p>\n<\/div>\n<p>\n<\/div>\r\n                    <\/div>\r\n                <\/div>[\/vc_column][\/vc_row]<\/p>","protected":false},"excerpt":{"rendered":"<p>[vc_row][vc_column][\/vc_column][\/vc_row] [&#8230;]<\/p>\n<p><a class=\"btn btn-secondary understrap-read-more-link\" href=\"https:\/\/us.edu.pl\/absolwent\/absolwencius\/najlepsi-absolwenci-poprzednie-edycje\/najlepsi-absolwenci-roku-akademickiego-2018-2019\/\">Read More&#8230;<\/a><\/p>\n","protected":false},"author":94,"featured_media":0,"parent":279,"menu_order":0,"comment_status":"closed","ping_status":"closed","template":"page-templates\/inner-page.php","meta":{"_expiration-date-status":"saved","_expiration-date":0,"_expiration-date-type":"","_expiration-date-categories":[],"_expiration-date-options":[]},"acf":[],"_links":{"self":[{"href":"https:\/\/us.edu.pl\/absolwent\/wp-json\/wp\/v2\/pages\/1337"}],"collection":[{"href":"https:\/\/us.edu.pl\/absolwent\/wp-json\/wp\/v2\/pages"}],"about":[{"href":"https:\/\/us.edu.pl\/absolwent\/wp-json\/wp\/v2\/types\/page"}],"author":[{"embeddable":true,"href":"https:\/\/us.edu.pl\/absolwent\/wp-json\/wp\/v2\/users\/94"}],"replies":[{"embeddable":true,"href":"https:\/\/us.edu.pl\/absolwent\/wp-json\/wp\/v2\/comments?post=1337"}],"version-history":[{"count":7,"href":"https:\/\/us.edu.pl\/absolwent\/wp-json\/wp\/v2\/pages\/1337\/revisions"}],"predecessor-version":[{"id":1733,"href":"https:\/\/us.edu.pl\/absolwent\/wp-json\/wp\/v2\/pages\/1337\/revisions\/1733"}],"up":[{"embeddable":true,"href":"https:\/\/us.edu.pl\/absolwent\/wp-json\/wp\/v2\/pages\/279"}],"wp:attachment":[{"href":"https:\/\/us.edu.pl\/absolwent\/wp-json\/wp\/v2\/media?parent=1337"}],"curies":[{"name":"wp","href":"https:\/\/api.w.org\/{rel}","templated":true}]}}