{"id":1529,"date":"2020-05-15T17:26:35","date_gmt":"2020-05-15T15:26:35","guid":{"rendered":"https:\/\/us.edu.pl\/absolwent\/?page_id=1529"},"modified":"2020-05-15T17:26:35","modified_gmt":"2020-05-15T15:26:35","slug":"plebiscyt-absolwent-z-pasja-edyta-szyszka-absolwentka-maja","status":"publish","type":"page","link":"https:\/\/us.edu.pl\/absolwent\/plebiscyt\/poprzednie-edycje\/i-edycja-plebiscytu-absolwent-z-pasja\/plebiscyt-absolwent-z-pasja-edyta-szyszka-absolwentka-maja\/","title":{"rendered":"Plebiscyt \u201eAbsolwent z Pasj\u0105\u201d \u2013 Edyta Szyszka absolwentk\u0105 maja"},"content":{"rendered":"<p>[vc_row][vc_column]\r\n                <div class=\"text-modules\">\r\n                    <div class=\"container\">\r\n                        <h3 class=\"page-title text__title\">Plebiscyt \u201eAbsolwent z Pasj\u0105\u201d \u2013 Edyta Szyszka absolwentk\u0105 maja<\/h3>\r\n                        <div class=\"text-modules__content\"><p>W ramach Plebiscytu \u201eAbsolwent z Pasj\u0105\u201d wybrano absolwentk\u0119 maja, kt\u00f3r\u0105 zosta\u0142a Edyta Szyszka, absolwentka kulturoznawstwa (specjalno\u015b\u0107: teatrologia) na Wydziale Filologicznym Uniwersytetu \u015al\u0105skiego. Celem plebiscytu jest promowanie absolwent\u00f3w U\u015a, kt\u00f3rych wyr\u00f3\u017cniaj\u0105 niezwyk\u0142e pasje. Tytu\u0142 jest wyr\u00f3\u017cnieniem absolwenta za jego zainteresowania, kt\u00f3rym oddaje si\u0119 z pe\u0142nym zaanga\u017cowaniem, a tak\u017ce za aktywn\u0105, wyr\u00f3\u017cniaj\u0105c\u0105 si\u0119 i znacz\u0105c\u0105 dzia\u0142alno\u015b\u0107 spo\u0142eczn\u0105 oraz za osi\u0105gni\u0119cia indywidualne w zakresie dzia\u0142alno\u015bci kulturalnej, naukowej lub w sporcie. Do 15 czerwca 2013 r. przyjmowane b\u0119d\u0105 zg\u0142oszenia do tytu\u0142u absolwenta czerwca. Po wy\u0142onieniu ostatniego absolwenta miesi\u0105ca, jesieni\u0105 2013 r. uruchomione zostanie g\u0142osowanie online, w kt\u00f3rym sw\u00f3j g\u0142os b\u0119d\u0105 mogli odda\u0107 wszyscy cz\u0142onkowie spo\u0142eczno\u015bci akademickiej U\u015a. Na podstawie oddanych g\u0142os\u00f3w komisja plebiscytowa wyr\u00f3\u017cni jednego z absolwent\u00f3w tytu\u0142em \u201eAbsolwenta z Pasj\u0105\u201d.<\/p>\n<p>Edyta Szyszka ju\u017c w czasie studi\u00f3w rozpocz\u0119\u0142a wolontariat w O\u015brodku Wychowawczym prowadzonym przez Zgromadzenie Si\u00f3str Mi\u0142osierdzia \u015bw. Karola Boromeusza w Katowicach. Dzi\u0119ki do\u015bwiadczeniom z pracy z ma\u0142ymi dzie\u0107mi, wolontariat nabra\u0142 dla niej jeszcze wi\u0119kszego znaczenia. Po uko\u0144czeniu studi\u00f3w kontynuowa\u0142a wolontariat w organizacji, kt\u00f3ra zajmowa\u0142a si\u0119 pomoc\u0105 osobom z niepe\u0142nosprawno\u015bci\u0105 intelektualn\u0105. Prowadzi\u0142a warsztaty teatralne, nast\u0119pnie zosta\u0142a pracownikiem tej organizacji. Po jej likwidacji w roku 2005, wraz z osobami z kt\u00f3rymi wtedy pracowa\u0142a, za\u0142o\u017cy\u0142a Stowarzyszenie \u201eArteria\u201d, kt\u00f3re zaj\u0119\u0142o si\u0119 osobami pozostawionymi wtedy bez pomocy.<\/p>\n<p>Od roku 2005 w prowadzi w Katowicach organizacj\u0119 pozarz\u0105dow\u0105: \u015al\u0105skie Centrum Edukacji i Rehabilitacji \u201eArteria\u201d, w kt\u00f3rej prowadzone s\u0105 zaj\u0119cia edukacyjno-rehabilitacyjne dla doros\u0142ych os\u00f3b z niepe\u0142nosprawno\u015bci\u0105 intelektualn\u0105. \u201eArteria\u201d wspiera ich w sta\u0142ej dziennej rehabilitacji spo\u0142ecznej i zawodowej, a tak\u017ce w podejmowaniu przez nich pracy. Pomaga i przekonuje do tej idei rodziny, a tak\u017ce szkoli osoby z niepe\u0142nosprawno\u015bci\u0105, kt\u00f3re chc\u0105 i s\u0105 w stanie podj\u0105\u0107 prac\u0119. Edyta Szyszka w Stowarzyszeniu jest odpowiedzialna za prowadzenie go od strony formalnej. Do jej obowi\u0105zk\u00f3w nale\u017cy zajmowanie si\u0119 sprawami zwi\u0105zanymi z bie\u017c\u0105cymi dzia\u0142alno\u015bci\u0105, w tym sprawozdawczo\u015bci\u0105 merytoryczn\u0105 i po cz\u0119\u015bci finansow\u0105. Zajmuje si\u0119 pozyskiwaniem \u015brodk\u00f3w na dzia\u0142alno\u015b\u0107: pisze projekty, wnioski i aplikacje. Musi by\u0107 stale pe\u0142na pomys\u0142\u00f3w, wyczulona na potrzeby i mo\u017cliwo\u015bci podopiecznych Stowarzyszenia: \u201eTo, co robi\u0119, daje mi satysfakcj\u0119 gdy widz\u0119, \u017ce inni tego potrzebuj\u0105. Dzi\u0119ki temu spe\u0142niam si\u0119 jako cz\u0142owiek. Ci\u0105gle potrzebuj\u0119 kolejnych wyzwa\u0144: szukam nowych p\u00f3l rozwoju i dzia\u0142ania. Staram si\u0119 by\u0107 aktywna tak\u017ce w innych obszarach, m.in. poprzez realizowanie r\u00f3\u017cnorodnych projekt\u00f3w pozwalaj\u0105cych anga\u017cowa\u0107 naszych podopiecznych w dzia\u0142ania kulturalne, spo\u0142eczne, edukacyjne i artystyczne. Opr\u00f3cz projekt\u00f3w edukacyjnych, skierowanych do os\u00f3b z niepe\u0142nosprawno\u015bci\u0105, realizujemy tak\u017ce projekty dla m\u0142odzie\u017cy zagro\u017conej wykluczeniem spo\u0142ecznym.\u201d<\/p>\n<p>Pracuj\u0105c dla innych, sama stara si\u0119 tak\u017ce rozwija\u0107, m.in. przez realizacj\u0119 projekt\u00f3w r\u00f3\u017cnorodnych pod wzgl\u0119dem tematycznym. W jej dotychczasowej pracy wsp\u00f3\u0142pracowa\u0142a m.in. z Narodowym Centrum Kultury, Fundacj\u0105 im. L. Kronenberga, Urz\u0119dem Miasta Katowice, Urz\u0119dem Marsza\u0142kowskim Wojew\u00f3dztwa \u015al\u0105skiego oraz Fundacj\u0105 Rozwoju Systemu Edukacji w Programie \u201eM\u0142odzie\u017c w dzia\u0142aniu\u201d. Organizowa\u0142a seminaria i wymiany. Uczestniczy\u0142a w kursach treningowych i seminariach organizowanych w Grecji, na Litwie i w Hiszpanii. W trakcie realizowanych przez Stowarzyszenie \u201eArteria\u201d projekt\u00f3w prowadza\u0142a warsztaty m.in. z przedsi\u0119biorczo\u015bci, ekonomii spo\u0142ecznej, autoprezentacji. Prowadzi\u0142a i nadal prowadzi warsztaty w ramach projekt\u00f3w realizowanych m.in. przez MOPS w Chorzowie. W \u017cyciu codziennym stara si\u0119 ci\u0105gle rozwija\u0107, doskonali\u0107 i nabywa\u0107 nowe umiej\u0119tno\u015bci. W roku 2011 uko\u0144czy\u0142a studia podyplomowe na kierunku ekonomia spo\u0142eczna na Uniwersytecie Ekonomicznym w Krakowie. Aktualnie jest w trakcie pisania pracy dyplomowej na kierunku wsp\u00f3\u0142czesne zarz\u0105dzanie zasobami ludzkimi w \u015al\u0105skiej Wy\u017cszej Szkole Zarz\u0105dzania im. gen. Jerzego Zi\u0119tka w Katowicach. W 2011 r. zosta\u0142a \u0142awnikiem w Wydziale XVIII Rodzinnym S\u0105du Okr\u0119gowego w Katowicach kadencji 2012\u20132015.<\/p>\n<p>Tak Edyta Szyszka m\u00f3w o swoich pasjach: \u201eBy by\u0107 w zgodzie z sam\u0105 sob\u0105, musz\u0119 stwierdzi\u0107, \u017ce moj\u0105 pasj\u0105 jest w\u0142a\u015bnie moja praca. Spe\u0142niam si\u0119 w niej zawodowo, po\u015bwi\u0119cam jej du\u017c\u0105 cz\u0119\u015b\u0107 mojego czasu. Staram si\u0119 ci\u0105gle rozwija\u0107, daj\u0105c w ten spos\u00f3b mo\u017cliwo\u015b\u0107 rozwoju osobom potrzebuj\u0105cym wsparcia. Praca z lud\u017ami to pasja. Lubi\u0119 by\u0107 w ruchu, tworzy\u0107 co\u015b nowego, nieszablonowego. Ka\u017cdy, kto zetkn\u0105\u0142 si\u0119 z prac\u0105 w tzw. pomocy spo\u0142ecznej wie, \u017ce wypala ona szybciej ni\u017c inne. Czasem mam naprawd\u0119 do\u015b\u0107, a jednak traktuj\u0119 j\u0105 jako wyzwanie, do kt\u00f3rego ci\u0105gle wracam. Bycie mam\u0105 to tak\u017ce moja pasja. Ci\u0105g\u0142e spadanie i podnoszenie si\u0119 w byciu cierpliw\u0105, wyrozumia\u0142\u0105, wymagaj\u0105c\u0105, ale przede wszystkim pomocn\u0105 to wyzwanie. Czytanie ksi\u0105\u017cek to tak\u017ce moja pasja, staram si\u0119 znale\u017a\u0107 na to czas niemal\u017ce ka\u017cdego dnia, cho\u0107 cz\u0119\u015bciej nocy. Lubi\u0119 sp\u0119dza\u0107 czas relaksuj\u0105c si\u0119 w kinie lub teatrze, chocia\u017c chcia\u0142abym m\u00f3c po\u015bwi\u0119ca\u0107 temu wi\u0119cej czasu. Szukam miejsc i temat\u00f3w, kt\u00f3re pozwalaj\u0105 si\u0119 zatrzyma\u0107, zastanowi\u0107 nad sob\u0105 lub po prostu wypocz\u0105\u0107. Z jednej strony bardzo lubi\u0119 muzyk\u0119, towarzyszy mi niemal przez ca\u0142y dzie\u0144, z drugiej jednak moj\u0105 pasj\u0105 s\u0105 wycieczki g\u00f3rskie, podczas kt\u00f3rych dominuje cisza i spok\u00f3j. Pasj\u0105, kt\u00f3rej jestem w stanie po\u015bwi\u0119ci\u0107 wiele mojego wolnego czasu jest przyroda, jednak w tym bardziej praktycznym aspekcie. Ka\u017cd\u0105 woln\u0105 chwil\u0119 jestem w stanie zape\u0142ni\u0107 zajmowaniem si\u0119 ogr\u00f3dkiem. Zdarzy\u0142o mi si\u0119 nawet pieli\u0107 ogr\u00f3dek w pensjonacie, do kt\u00f3rego pojechali\u015bmy z rodzin\u0105 na wakacje\u2026 Piel\u0119gnowanie ogrodu relaksuje mnie, a praca w nim sprawia ogromn\u0105 rado\u015b\u0107. Poprzez to zaj\u0119cie \u0142\u0105cz\u0119 przyjemne z po\u017cytecznym. Podr\u00f3\u017ce z rodzin\u0105 to tak\u017ce moja pasja, szczeg\u00f3lnie lubi\u0119 wraca\u0107 do Ma\u0142opolski, z kt\u00f3rej pochodz\u0119.\u201d<\/p>\n<p>Edyta Szyszka wierzy, \u017ce trzeba si\u0119 dzieli\u0107 dobr\u0105 energi\u0105 i \u017ce z \u017cycia otrzymujemy tyle, ile sami dajemy: \u201eDziel\u0119 si\u0119 z innymi tym, co mnie w \u017cyciu motywuje, czasem to s\u0105 naprawd\u0119 drobne rzeczy, kt\u00f3re sprawiaj\u0105, \u017ce wok\u00f3\u0142 tworzy si\u0119 dobry klimat do zmian na lepsze. Nie chodzi o patrzenie na \u015bwiat przez r\u00f3\u017cowe okulary, ale o wi\u0119ksze przywi\u0105zywanie wagi do dobrych, a nie z\u0142ych rzeczy, kt\u00f3re nas spotykaj\u0105. Zabiegani na co dzie\u0144 cz\u0119sto zapominamy, \u017ce w \u017cyciu trzeba przede wszystkim by\u0107 dobrym, zar\u00f3wno dla innych, jak i dla siebie, i aby inni to us\u0142yszeli, trzeba to werbalizowa\u0107.\u201d<\/p>\n<p>Co motywuje Absolwenta Maja? \u201eMotywuje mnie potrzeba zrobienia czego\u015b lepiej, sprawniej, bardziej dla ludzi. Dawniej nie zastanawia\u0142am si\u0119 ile czasu mi co\u015b zajmie, je\u015bli widzia\u0142am tak\u0105 potrzeb\u0119 robi\u0142am wiele, aby to osi\u0105gn\u0105\u0107. Teraz, z biegiem lat, wiem ju\u017c kiedy odpu\u015bci\u0107, bo z do\u015bwiadczenia wiem, \u017ce nie da si\u0119 robi\u0107 niczego na si\u0142\u0119, czy to w sferze pomocy spo\u0142ecznej czy zwyczajnie dla kogo\u015b innego. Trzeba stara\u0107 si\u0119 stworzy\u0107 dobr\u0105 atmosfer\u0119 do dzia\u0142ania, rozm\u00f3w, dialogu. Czasem ma\u0142ymi krokami i cierpliwo\u015bci\u0105 mo\u017cna osi\u0105gn\u0105\u0107 wi\u0119cej i lepiej ni\u017c du\u017cymi nak\u0142adami finansowymi. W tym co robi\u0119 widz\u0119 mo\u017cliwo\u015b\u0107 ci\u0105g\u0142ego uczenia si\u0119 \u2013 to mnie motywuje do podejmowania dalszych dzia\u0142a\u0144. Widz\u0119, \u017ce w tym dialogu z lud\u017ami i instytucjami jestem coraz lepsza, a przede wszystkim skuteczna, to z kolei przek\u0142ada si\u0119 na efekty. Zatem motywuj\u0105 mnie efekty dzia\u0142a\u0144, kt\u00f3re ju\u017c s\u0105 za mn\u0105 i u\u015bmiech ludzi, kt\u00f3rym moja praca przynios\u0142a pomoc i rado\u015b\u0107. A \u017cyciowe pora\u017cki? Nigdy nie s\u0105 mi\u0142e i cz\u0119sto musz\u0119 \u201ezbiera\u0107\u201d po nich si\u0142y, ale w pewnym sensie mo\u017cna je uzna\u0107 za element motywuj\u0105cy. Czasem s\u0105 powodem, przez kt\u00f3ry zastanawiamy si\u0119, czy nie mo\u017cna tego zrobi\u0107 jeszcze lepiej, inaczej? Motywuje mnie ruch, zmiana na lepsze, mo\u017cliwo\u015b\u0107 wp\u0142ywania na swoje i innych \u017cycie w spos\u00f3b konstruktywny i dobry. Inspiruj\u0105 mnie ludzie, ich podej\u015bcie do \u017cycia, uczenie si\u0119 \u015bwiata. Jestem zdania, \u017ce przez ca\u0142e \u017cycie musimy si\u0119 uczy\u0107 rozmawia\u0107, patrze\u0107, s\u0142ucha\u0107 i rozumie\u0107. Poprzez dotychczasow\u0105 prac\u0119 mam ogromny szacunek do rodzic\u00f3w os\u00f3b niepe\u0142nosprawnych, ich podej\u015bcia do \u017cycia, m\u0105drego i wywa\u017conego. Mog\u0119 powiedzie\u0107, \u017ce w pracy trafi\u0142am na dobrych nauczycieli.\u201d<\/p>\n<\/div>\r\n                    <\/div>\r\n                <\/div>[\/vc_column][\/vc_row]<\/p>","protected":false},"excerpt":{"rendered":"<p>[vc_row][vc_column][\/vc_column][\/vc_row] [&#8230;]<\/p>\n<p><a class=\"btn btn-secondary understrap-read-more-link\" href=\"https:\/\/us.edu.pl\/absolwent\/plebiscyt\/poprzednie-edycje\/i-edycja-plebiscytu-absolwent-z-pasja\/plebiscyt-absolwent-z-pasja-edyta-szyszka-absolwentka-maja\/\">Read More&#8230;<\/a><\/p>\n","protected":false},"author":94,"featured_media":0,"parent":189,"menu_order":0,"comment_status":"closed","ping_status":"closed","template":"","meta":{"_expiration-date-status":"saved","_expiration-date":0,"_expiration-date-type":"","_expiration-date-categories":[],"_expiration-date-options":[]},"acf":[],"_links":{"self":[{"href":"https:\/\/us.edu.pl\/absolwent\/wp-json\/wp\/v2\/pages\/1529"}],"collection":[{"href":"https:\/\/us.edu.pl\/absolwent\/wp-json\/wp\/v2\/pages"}],"about":[{"href":"https:\/\/us.edu.pl\/absolwent\/wp-json\/wp\/v2\/types\/page"}],"author":[{"embeddable":true,"href":"https:\/\/us.edu.pl\/absolwent\/wp-json\/wp\/v2\/users\/94"}],"replies":[{"embeddable":true,"href":"https:\/\/us.edu.pl\/absolwent\/wp-json\/wp\/v2\/comments?post=1529"}],"version-history":[{"count":1,"href":"https:\/\/us.edu.pl\/absolwent\/wp-json\/wp\/v2\/pages\/1529\/revisions"}],"predecessor-version":[{"id":1530,"href":"https:\/\/us.edu.pl\/absolwent\/wp-json\/wp\/v2\/pages\/1529\/revisions\/1530"}],"up":[{"embeddable":true,"href":"https:\/\/us.edu.pl\/absolwent\/wp-json\/wp\/v2\/pages\/189"}],"wp:attachment":[{"href":"https:\/\/us.edu.pl\/absolwent\/wp-json\/wp\/v2\/media?parent=1529"}],"curies":[{"name":"wp","href":"https:\/\/api.w.org\/{rel}","templated":true}]}}