{"id":1542,"date":"2020-05-15T17:49:28","date_gmt":"2020-05-15T15:49:28","guid":{"rendered":"https:\/\/us.edu.pl\/absolwent\/?page_id=1542"},"modified":"2020-05-15T17:49:28","modified_gmt":"2020-05-15T15:49:28","slug":"plebiscyt-absolwent-z-pasja-kuba-nagorski-absolwentem-pazdziernika","status":"publish","type":"page","link":"https:\/\/us.edu.pl\/absolwent\/plebiscyt\/poprzednie-edycje\/i-edycja-plebiscytu-absolwent-z-pasja\/plebiscyt-absolwent-z-pasja-kuba-nagorski-absolwentem-pazdziernika\/","title":{"rendered":"Plebiscyt \u201eAbsolwent z Pasj\u0105\u201d \u2013 Kuba Nag\u00f3rski absolwentem pa\u017adziernika"},"content":{"rendered":"<p>[vc_row][vc_column]\r\n                <div class=\"text-modules\">\r\n                    <div class=\"container\">\r\n                        <h3 class=\"page-title text__title\">Plebiscyt \u201eAbsolwent z Pasj\u0105\u201d \u2013 Kuba Nag\u00f3rski absolwentem pa\u017adziernika<\/h3>\r\n                        <div class=\"text-modules__content\"><\/p>\n<p class=\"rtejustify\">W ramach Plebiscytu \u201eAbsolwent z Pasj\u0105\u201d wybrano absolwenta pa\u017adziernika, kt\u00f3rym zosta\u0142 Kuba Nag\u00f3rski,\u00a0<strong>wsp\u00f3\u0142w\u0142a\u015bciciel\u00a0<em>agencji kreatywnej kr\u0119ci si\u0119<\/em><\/strong>,\u00a0<strong>absolwent politologii<\/strong>\u00a0na Wydziale Nauk Spo\u0142ecznych Uniwersytetu \u015al\u0105skiego (specjalizacja europeistyka).<\/p>\n<p class=\"rtejustify\"><strong>Wspomnienia ze studi\u00f3w<\/strong><\/p>\n<p class=\"rtejustify\">Kuba Nag\u00f3rski z czas\u00f3w studi\u00f3w najmilej wspomina dzia\u0142anie w organizacjach studenckich oraz nawi\u0105zywane w\u00f3wczas znajomo\u015bci, kt\u00f3re bardzo mocno wp\u0142yn\u0119\u0142y na to, kim teraz jest i czym si\u0119 zajmuje. Przez cztery lata by\u0142 cz\u0142onkiem zarz\u0105du\u00a0<strong>AEGEE Katowice &#8211; Europejskiego Forum Student\u00f3w<\/strong>. W zwi\u0105zku z tym koordynowa\u0142 kilkadziesi\u0105t projekt\u00f3w mi\u0119dzynarodowych i og\u00f3lnopolskich, a tak\u017ce zajmowa\u0142 si\u0119 szkoleniami z zakresu fundraisingu i zarz\u0105dzania projektami w organizacjach pozarz\u0105dowych. Poza tym reprezentowa\u0142 AZS Katowice w Ju-jitsu, a tak\u017ce aktywnie dzia\u0142a\u0142 w Grupie Jurajskiej GOPR. Z rado\u015bci\u0105 wspomina sesje egzaminacyjne, kt\u00f3re bardzo mocno prze\u017cywa\u0142, cho\u0107 z regu\u0142y dopisywa\u0142o mu szcz\u0119\u015bcie. Po dzi\u015b dzie\u0144 z rado\u015bci\u0105 wraca na Wydzia\u0142 Nauk Spo\u0142ecznych, kt\u00f3ry niezmiennie posiada dla niego swoist\u0105, wyj\u0105tkow\u0105 atmosfer\u0119.<\/p>\n<p class=\"rtejustify\"><strong>Opis kariery zawodowej<\/strong><\/p>\n<p class=\"rtejustify\">Na pocz\u0105tku swojej kariery zawodowej, w latach 2006-2009, by\u0142 zwi\u0105zany z bran\u017c\u0105 sprzeda\u017cow\u0105 (r\u00f3\u017cne sektory &#8211; g\u0142\u00f3wnie B2B). Od tych do\u015bwiadcze\u0144 zacz\u0119\u0142y si\u0119 jego \u201eprzygody\u201d ze szkoleniami &#8211; do tej pory przeprowadzi\u0142 ich oko\u0142o 1300 godzin, szkol\u0105c kilkadziesi\u0105t organizacji, samorz\u0105d\u00f3w, podmiot\u00f3w biznesowych i realizuj\u0105c kilka projekt\u00f3w unijnych (obszary szkole\u0144: e-marketing, social media, sprzeda\u017c, negocjacje biznesowe). W mi\u0119dzyczasie zdoby\u0142 certyfikacje trenersk\u0105 daj\u0105c\u0105 mu w tym momencie 5 poziom europejskich norm kwalifikacji.<\/p>\n<p class=\"rtejustify\">Poza tym od 2009 roku jest wsp\u00f3\u0142w\u0142a\u015bcicielem agencji, kt\u00f3ra zaczyna\u0142a jako eventowa. Po dw\u00f3ch latach pracy z r\u00f3\u017cnymi klientami i w\u0142a\u015bciwe dzi\u0119ki ich oczekiwaniom przekszta\u0142cili si\u0119 w agencj\u0119 marketingu zintegrowanego i tak powsta\u0142a\u00a0<strong><em>agencja kreatywna kr\u0119ci si\u0119!<\/em><\/strong><\/p>\n<p class=\"rtejustify\">Na przestrzeni 4 lat uda\u0142o im si\u0119 obs\u0142u\u017cy\u0107 oko\u0142o 100 klient\u00f3w z ca\u0142ej Polski, poczynaj\u0105c od ma\u0142ych firm, a ko\u0144cz\u0105c na mi\u0119dzynarodowych korporacjach.<\/p>\n<p class=\"rtejustify\"><strong>Jedna z ich kampanii by\u0142a nawet nominowana do bran\u017cowej nagrody PRotony w 2012 roku.<\/strong><\/p>\n<p class=\"rtejustify\"><strong>Pasja<\/strong><\/p>\n<p class=\"rtejustify\">Kuba Nag\u00f3rski ma wiele pasji i trudno powiedzie\u0107, kt\u00f3ra jest najwa\u017cniejsza. Aktywno\u015b\u0107 zawodowa jest u niego mocno powi\u0105zana z\u00a0<strong>zainteresowaniem internetem, nowymi mediami i mediami spo\u0142eczno\u015bciowymi<\/strong>. Poza tym\u00a0<strong>kocha g\u00f3ry<\/strong>. Od wielu lat si\u0119 zdobywa r\u00f3\u017cne szczyty. Jego celem jest wej\u015bcie na wszystkie najwi\u0119ksze szczyty w ka\u017cdym kraju w Europie.\u00a0<strong>Interesuje si\u0119 polityk\u0105 m\u0142odzie\u017cow\u0105<\/strong>, czyli obecno\u015bci\u0105 ludzi m\u0142odych w podejmowaniu decyzji o mie\u015bcie, a tak\u017ce budowaniem polityki miejskiej z nastawieniem na tworzenie miasta przyjaznego i atrakcyjnego dla nich.<\/p>\n<p class=\"rtejustify\">Po studiach jeszcze jaki\u015b czas dzia\u0142a\u0142 w AEGEE Katowice, koordynuj\u0105c przy okazji najwi\u0119kszy projekt w historii tego lokalnego oddzia\u0142u, czyli Netowrk Meeting (wizyta ponad 200 obcokrajowc\u00f3w z 17 kraj\u00f3w Europy w Katowicach). Dzi\u0119ki temu i kilku kadencjom w zarz\u0105dzie zosta\u0142 pod koniec 2009 roku uznany cz\u0142onkiem honorowym stowarzyszenia.<\/p>\n<p class=\"rtejustify\">W mi\u0119dzyczasie zbiera\u0142 do\u015bwiadczenia w r\u00f3\u017cnych obszarach. Marketingowe\/promocyjne jako freelancer oraz wspieraj\u0105c kilka organizacji z trzeciego sektora w tym temacie.<\/p>\n<p class=\"rtejustify\">Dzi\u0119ki zdobytym do\u015bwiadczeniom zainteresowali si\u0119 Nag\u00f3rskim organizatorzy spotka\u0144 dla m\u0142odych przedsi\u0119biorc\u00f3w i student\u00f3w i w zwi\u0105zku z tym mia\u0142 okazje kilkana\u015bcie razy prowadzi\u0107 prelekcje dla nich z obszaru motywacji, prowadzenia w\u0142asnego biznesu, kreowania swojej osobistej marki. Dodatkowo przeprowadzi\u0142 szereg doradztw biznesowych dla m\u0142odych przedsi\u0119biorc\u00f3w w r\u00f3\u017cnych projektach (unijnych i nie tylko).<\/p>\n<p class=\"rtejustify\">Pozostaj\u0105c w bran\u017cy promocja\/PR\/marketing ma na swoim koncie kilkadziesi\u0105t artyku\u0142\u00f3w i komentarzy bran\u017cowych, czasami lokalne media zapytuj\u0105 go o pogl\u0105d na jak\u0105\u015b spraw\u0119 zwi\u0105zana z Internetem. Zdarza mu si\u0119 r\u00f3wnie\u017c wyst\u0119powa\u0107 na konferencjach i prelekcjach na terenie ca\u0142ego kraju (Katowice, Warszawa, Zielona G\u00f3ra, \u0141\u00f3d\u017a i wiele innych)<\/p>\n<p class=\"rtejustify\">Wszystko to sprawi\u0142o, \u017ce postanowi\u0142 nieco zdynamizowa\u0107 rynek social media w Katowicach i tak powsta\u0142a katowicka ods\u0142ona\u00a0<strong>Czwartk\u00f3w Social Media<\/strong>, kt\u00f3rych jest pomys\u0142odawc\u0105 i koordynatorem. Nieco p\u00f3\u017aniej pojawi\u0142a si\u0119 fascynacja Instagramem i od jakiego\u015b czasu jest jedn\u0105 z trzech os\u00f3b zaanga\u017cowanych w projekt\u00a0<strong>Instagramers Silesia<\/strong>\u00a0&#8211; oficjalna \u015bl\u0105ska spo\u0142eczno\u015b\u0107 fan\u00f3w i u\u017cytkownik\u00f3w Instagrama, b\u0119d\u0105ca cz\u0119\u015bci\u0105 mi\u0119dzynarodowej grupy licz\u0105cej kilkana\u015bcie milion\u00f3w ludzi.<\/p>\n<p class=\"rtejustify\">Dzia\u0142ania te sprawi\u0142y, \u017ce zapad\u0142a decyzja o stworzeniu narz\u0119dzia\/platformy do integracji \u015brodowisk internetowych &#8211; bloger\u00f3w, freelancer\u00f3w, przedstawicieli agencji. Tak powsta\u0142 projekt\u00a0<strong>Social Silesia<\/strong>, kt\u00f3ry jeszcze w trakcie powstawania.<\/p>\n<p class=\"rtejustify\">Poza tym uczestniczy\u0142 w spotkaniach i pracach\u00a0<strong>Rady Konsultacyjnej M\u0142odych<\/strong>, dzia\u0142aj\u0105cej przy Instytucji Kultury Katowice \u2013 Miasto Ogrod\u00f3w w zwi\u0105zku z zako\u0144czonymi niestety niepowodzeniem staraniami Katowic o tytu\u0142\u00a0<strong>Europejskiej Stolicy M\u0142odzie\u017cy w 2015 roku<\/strong>. W sk\u0142ad rady konsultacyjnej wchodzili reprezentanci stowarzysze\u0144 i organizacji dzia\u0142aj\u0105cych na rzecz m\u0142odzie\u017cy i realizuj\u0105cych projekty z lud\u017ami m\u0142odymi. Spotkania rady s\u0142u\u017cy\u0142y pog\u0142\u0119bianiu temat\u00f3w zwi\u0105zanych z polityk\u0105 m\u0142odzie\u017cow\u0105 w Katowicach oraz stworzeniu sp\u00f3jnej koncepcji r\u00f3\u017cnorodnych dzia\u0142a\u0144 dedykowanych m\u0142odzie\u017cy. Po og\u0142oszeniu wynik\u00f3w konkursu z kilkoma osobami zaanga\u017cowa\u0142 si\u0119 w zak\u0142adanie\u00a0<strong>Rady ds. Polityki M\u0142odzie\u017cowej <\/strong>przy Prezydencie Miasta Katowice, kt\u00f3ra chce zaj\u0105\u0107 si\u0119 opracowaniem strategii polityki m\u0142odzie\u017cowej dla miasta, wsp\u00f3\u0142pracuj\u0105c przy tym z m\u0142odzie\u017c\u0105 i ekspertami w tej dziedzinie. Ponadto uczestniczy w Posiedzeniach Rady Biznesowej przy prezydencie miasta jako ekspert od przedsi\u0119biorczo\u015bci m\u0142odych.<\/p>\n<p>\n<\/div>\r\n                    <\/div>\r\n                <\/div>[\/vc_column][\/vc_row]<\/p>","protected":false},"excerpt":{"rendered":"<p>[vc_row][vc_column][\/vc_column][\/vc_row] [&#8230;]<\/p>\n<p><a class=\"btn btn-secondary understrap-read-more-link\" href=\"https:\/\/us.edu.pl\/absolwent\/plebiscyt\/poprzednie-edycje\/i-edycja-plebiscytu-absolwent-z-pasja\/plebiscyt-absolwent-z-pasja-kuba-nagorski-absolwentem-pazdziernika\/\">Read More&#8230;<\/a><\/p>\n","protected":false},"author":94,"featured_media":0,"parent":189,"menu_order":0,"comment_status":"closed","ping_status":"closed","template":"","meta":{"_expiration-date-status":"saved","_expiration-date":0,"_expiration-date-type":"","_expiration-date-categories":[],"_expiration-date-options":[]},"acf":[],"_links":{"self":[{"href":"https:\/\/us.edu.pl\/absolwent\/wp-json\/wp\/v2\/pages\/1542"}],"collection":[{"href":"https:\/\/us.edu.pl\/absolwent\/wp-json\/wp\/v2\/pages"}],"about":[{"href":"https:\/\/us.edu.pl\/absolwent\/wp-json\/wp\/v2\/types\/page"}],"author":[{"embeddable":true,"href":"https:\/\/us.edu.pl\/absolwent\/wp-json\/wp\/v2\/users\/94"}],"replies":[{"embeddable":true,"href":"https:\/\/us.edu.pl\/absolwent\/wp-json\/wp\/v2\/comments?post=1542"}],"version-history":[{"count":1,"href":"https:\/\/us.edu.pl\/absolwent\/wp-json\/wp\/v2\/pages\/1542\/revisions"}],"predecessor-version":[{"id":1543,"href":"https:\/\/us.edu.pl\/absolwent\/wp-json\/wp\/v2\/pages\/1542\/revisions\/1543"}],"up":[{"embeddable":true,"href":"https:\/\/us.edu.pl\/absolwent\/wp-json\/wp\/v2\/pages\/189"}],"wp:attachment":[{"href":"https:\/\/us.edu.pl\/absolwent\/wp-json\/wp\/v2\/media?parent=1542"}],"curies":[{"name":"wp","href":"https:\/\/api.w.org\/{rel}","templated":true}]}}