{"id":270,"date":"2019-09-24T13:52:14","date_gmt":"2019-09-24T11:52:14","guid":{"rendered":"http:\/\/php71.nfinity-beta.pl\/us\/absolwent\/?page_id=270"},"modified":"2021-07-26T14:49:31","modified_gmt":"2021-07-26T12:49:31","slug":"pawel-bajtlik-absolwentem-z-pasja-lipca-2015-roku","status":"publish","type":"page","link":"https:\/\/us.edu.pl\/absolwent\/pawel-bajtlik-absolwentem-z-pasja-lipca-2015-roku\/","title":{"rendered":"Pawe\u0142 Bajtlik \u201eAbsolwentem z Pasj\u0105\u201d lipca 2015 roku"},"content":{"rendered":"<p>[vc_row][vc_column]\r\n                <div class=\"text-modules\">\r\n                    <div class=\"container\">\r\n                        <h3 class=\"page-title text__title\">Pawe\u0142 Bajtlik \u201eAbsolwentem z Pasj\u0105\u201d lipca 2015 roku<\/h3>\r\n                        <div class=\"text-modules__content\"><\/p>\n<div class=\"content\">\n<p>W ramach trzeciej edycji plebiscytu \u201eAbsolwent z Pasj\u0105\u201d wybrano absolwenta lipca 2015 r., kt\u00f3rym zosta\u0142 Pawe\u0142 Bajtlik, absolwent pedagogiki i animacji spo\u0142eczno-kulturalnej na Wydziale Etnologii i Nauk o Edukacji w Cieszynie. W 2010 roku uko\u0144czy\u0142 studia, broni\u0105c pracy nt. <em>Zagro\u017ce\u0144 zwi\u0105zanych z internetem oraz MMO RPG<\/em>.<\/p>\n<p class=\"rteindent3\"><img class=\"\" src=\"http:\/\/absolwent.us.edu.pl\/sites\/absolwent.us.edu.pl\/files\/imce\/p_bajtlik.jpg\" alt=\"Pawe\u0142 Bajtlik z c\u00f3rk\u0105 na sali gimnastycznej\" width=\"500\" height=\"500\" \/><\/p>\n<p><strong>Dzia\u0142alno\u015b\u0107 spo\u0142eczna<\/strong><\/p>\n<p>Od 2005 roku po dzi\u015b dzie\u0144 aktywnie dzia\u0142a w Klubie Uczelnianym AZS U\u015a w Cieszynie. Na swoim koncie ma oko\u0142o 25 imprez rangi Akademickich Mistrzostw Polski organizowanych na U\u015a w Cieszynie. W ka\u017cdym roku stara si\u0119 zach\u0119ci\u0107 spo\u0142eczno\u015b\u0107 student\u00f3w w Cieszynie do dzia\u0142ania i aktywnego sp\u0119dzania czasu. Przez 10 lat swojej dzia\u0142alno\u015bci zosta\u0142 nagrodzony srebrn\u0105, a p\u00f3\u017aniej z\u0142ot\u0105 odznak\u0105 Akademickiego Zwi\u0105zku Sportowego przez Zarz\u0105d G\u0142\u00f3wny w Warszawie. Pr\u00f3cz tego by\u0142 trzykrotnie nominowany, a raz otrzyma\u0142 wyr\u00f3\u017cnienie: Dzia\u0142acz Roku w \u015bl\u0105skim \u015brodowisku AZS. Od 5 lat cz\u0142onek zarz\u0105du organizacji \u015brodowiskowej AZS \u2013 organu zarz\u0105dzaj\u0105cego klubami na \u015bl\u0105sku \u2013 wszystko to w ramach dzia\u0142alno\u015bci spo\u0142ecznej. Na czwartym roku studi\u00f3w wraz z grup\u0105 student\u00f3w i absolwent\u00f3w za\u0142o\u017cy\u0142 Stowarzyszenie Animacji Kultury i Sportu kt\u00f3re dzia\u0142a do dzi\u015b. W trakcie jego dzia\u0142alno\u015bci w stowarzyszeniu by\u0142 jego prezesem oraz wiceprezesem. Wraz z cz\u0142onkami stowarzyszenia organizowa\u0142 imprezy kulturalne i sportowe zar\u00f3wno dla spo\u0142eczno\u015bci lokalnej jak i og\u00f3lnopolskie. Aktualnie jako prezes Klubu uczelnianego AZS planuje kolejn\u0105 kadencj\u0119 i kolejne lata po\u015bwi\u0119ci\u0107 dzia\u0142alno\u015bci spo\u0142ecznej na uczelni.<\/p>\n<p><strong>Kariera zawodowa<\/strong><\/p>\n<p>Po studiach pracowa\u0142 dla firmy eventowej BDB Impresariat Wydarze\u0144, a tak\u017ce dla Urz\u0119d\u00f3w Miast oraz Organizacji sportowych (m.in MOSIR Zabrze, MOSIR Cieszyn, \u015al\u0105ski Zwi\u0105zek Pi\u0142ki Siatkowej etc.).<br \/>\nRozpocz\u0105\u0142 prac\u0119 w pe\u0142nym wymiarze w Westernowym Parku Rozrywki w \u017borach \u201eTWINPIGS\u201d, gdzie zajmowa\u0142 si\u0119 szeroko poj\u0119tym marketingiem oraz sprzeda\u017c\u0105. Aktualnie jest menagerem w hotelu w Bielsku Bia\u0142ej, gdzie poznaje arkana sprzeda\u017cy i hotelarstwa.<\/p>\n<p><strong>Pasje<\/strong><\/p>\n<p>Jego pasj\u0105 jest sport \u2013 g\u0142\u00f3wnie siatk\u00f3wka oraz teatr, z kt\u00f3rym by\u0142 mocno zwi\u0105zany w okresie nauki w liceum, a tak\u017ce studi\u00f3w. Obecnie najwi\u0119ksz\u0105 pasj\u0105 jest jego dwuletnia c\u00f3reczka \u2013 Wiktoria.<\/p>\n<p>Zapytany dlaczego zas\u0142uguje na tytu\u0142 \u201eAbsolwenta z Pasj\u0105\u201d odpowiedzia\u0142: \u201eMoje zaanga\u017cowanie w \u00bbpobudzanie\u00ab student\u00f3w z Cieszyna jest od pocz\u0105tku nacechowane pasj\u0105 i ch\u0119ci\u0105 zrobienia czego\u015b dla naszego miasta i wydzia\u0142u tak mocno odseparowanego od Katowic. Studenci cieszy\u0144skich wydzia\u0142\u00f3w s\u0105 trudni i niesforni, ale dzi\u0119ki zaj\u0119ciom i imprezom, kt\u00f3re dla nich organizujemy staj\u0105 na \u00bborganizatorskie\u00ab nogi. Pozwalamy i dajemy im szans\u0119 si\u0119 rozwin\u0105\u0107, pozna\u0107 zaplecze organizacji du\u017cych wydarze\u0144 a tak\u017ce zadba\u0107 o swoje zdrowie i wizerunek\u201d.<\/p>\n<\/div>\n<p>\n<\/div>\r\n                    <\/div>\r\n                <\/div>[\/vc_column][\/vc_row]<\/p>","protected":false},"excerpt":{"rendered":"<p>[vc_row][vc_column][\/vc_column][\/vc_row] [&#8230;]<\/p>\n<p><a class=\"btn btn-secondary understrap-read-more-link\" href=\"https:\/\/us.edu.pl\/absolwent\/pawel-bajtlik-absolwentem-z-pasja-lipca-2015-roku\/\">Read More&#8230;<\/a><\/p>\n","protected":false},"author":1,"featured_media":0,"parent":0,"menu_order":0,"comment_status":"closed","ping_status":"closed","template":"","meta":{"_expiration-date-status":"saved","_expiration-date":0,"_expiration-date-type":"","_expiration-date-categories":[],"_expiration-date-options":[]},"acf":[],"_links":{"self":[{"href":"https:\/\/us.edu.pl\/absolwent\/wp-json\/wp\/v2\/pages\/270"}],"collection":[{"href":"https:\/\/us.edu.pl\/absolwent\/wp-json\/wp\/v2\/pages"}],"about":[{"href":"https:\/\/us.edu.pl\/absolwent\/wp-json\/wp\/v2\/types\/page"}],"author":[{"embeddable":true,"href":"https:\/\/us.edu.pl\/absolwent\/wp-json\/wp\/v2\/users\/1"}],"replies":[{"embeddable":true,"href":"https:\/\/us.edu.pl\/absolwent\/wp-json\/wp\/v2\/comments?post=270"}],"version-history":[{"count":7,"href":"https:\/\/us.edu.pl\/absolwent\/wp-json\/wp\/v2\/pages\/270\/revisions"}],"predecessor-version":[{"id":2141,"href":"https:\/\/us.edu.pl\/absolwent\/wp-json\/wp\/v2\/pages\/270\/revisions\/2141"}],"wp:attachment":[{"href":"https:\/\/us.edu.pl\/absolwent\/wp-json\/wp\/v2\/media?parent=270"}],"curies":[{"name":"wp","href":"https:\/\/api.w.org\/{rel}","templated":true}]}}