{"id":2713,"date":"2024-06-27T11:09:46","date_gmt":"2024-06-27T09:09:46","guid":{"rendered":"https:\/\/us.edu.pl\/absolwent\/?page_id=2713"},"modified":"2024-06-27T11:09:46","modified_gmt":"2024-06-27T09:09:46","slug":"biuro-wspolpracy-z-gospodarka","status":"publish","type":"page","link":"https:\/\/us.edu.pl\/absolwent\/biuro-wspolpracy-z-gospodarka\/","title":{"rendered":"Biuro Wsp\u00f3\u0142pracy z Gospodark\u0105"},"content":{"rendered":"<p>[vc_row][vc_column][vc_raw_html el_class=&#8221;container&#8221;]JTNDaDIlMjBjbGFzcyUzRCUyMnBhZ2UtdGl0bGUlMjIlM0VCaXVybyUyMFdzcCVDMyVCMyVDNSU4MnByYWN5JTIweiUyMEdvc3BvZGFyayVDNCU4NSUzQyUyRmgyJTNF[\/vc_raw_html][vc_empty_space][vc_row_inner el_class=&#8221;container&#8221;][vc_column_inner width=&#8221;5\/6&#8243;]\r\n                <div class=\"text-modules\">\r\n                    <div class=\"container\">\r\n                        \r\n                        <div class=\"text-modules__content\"><p>Biuro Wsp\u00f3\u0142pracy z Gospodark\u0105 Uniwersytetu \u015al\u0105skiego w Katowicach (BWG) zajmuje si\u0119 animowaniem wsp\u00f3\u0142pracy \u015brodowiska naukowego z biznesem, promocj\u0105 Uniwersytetu w otoczeniu spo\u0142eczno-gospodarczym oraz wzmacnianiem kompetencji \u015brodowiska akademickiego w zakresie przedsi\u0119biorczo\u015bci i komercjalizacji wiedzy.<\/p>\n<p>BWG dzia\u0142a jako odpowiednik centrum transferu wiedzy i technologii, animuje projekty B+R oraz sieciuje Uniwersytet w krajowych i mi\u0119dzynarodowych konsorcjach ukierunkowanych na przedsi\u0119biorczo\u015b\u0107 i transfer technologii.<\/p>\n<p>Uniwersytet \u015al\u0105ski jest otwarty na r\u00f3\u017cne formy wsp\u00f3\u0142pracy z otoczeniem gospodarczym. Intensywnie rozwija w\u0142asn\u0105 sie\u0107 relacji, aktywnie uczestnicz\u0105c w inicjatywach klastrowych, zawieraj\u0105c porozumienia z przedsi\u0119biorstwami, promuj\u0105c przedsi\u0119biorczo\u015b\u0107 akademick\u0105.<\/p>\n<\/div>\r\n                    <\/div>\r\n                <\/div>\r\n                <div class=\"text-modules\">\r\n                    <div class=\"container\">\r\n                        \r\n                        <div class=\"text-modules__content\"><\/p>\n<h3>Formy wsp\u00f3\u0142pracy:<\/h3>\n<ul>\n<li>us\u0142ugi badawcze na zlecenie,<\/li>\n<li>udost\u0119pnianie laboratori\u00f3w oraz aparatury badawczej,<\/li>\n<li>transfer przedmiot\u00f3w w\u0142asno\u015bci intelektualnej,<\/li>\n<li>sporz\u0105dzanie opinii o innowacyjno\u015bci,<\/li>\n<li>wsp\u00f3\u0142praca ekspercka,<\/li>\n<li>realizacja wsp\u00f3lnych studi\u00f3w podyplomowych,<\/li>\n<li>wyszukiwanie praktykant\u00f3w i sta\u017cyst\u00f3w,<\/li>\n<li>konsultowanie program\u00f3w kszta\u0142cenia,<\/li>\n<li>realizacja wsp\u00f3lnych projekt\u00f3w wsp\u00f3\u0142finansowanych ze \u015brodk\u00f3w UE,<\/li>\n<li>realizacja wsp\u00f3lnych projekt\u00f3w badawczo-wdro\u017ceniowych,<\/li>\n<li>wsp\u00f3\u0142organizacja wydarze\u0144 akademickich i studenckich.<\/li>\n<\/ul>\n<p>Wymienione obszary nie stanowi\u0105 katalogu zamkni\u0119tego, a jedynie punkt wyj\u015bcia do rozmowy. Zach\u0119camy do zg\u0142aszania pomys\u0142\u00f3w i propozycji.<\/p>\n<\/div>\r\n                    <\/div>\r\n                <\/div>\r\n                <div class=\"text-modules\">\r\n                    <div class=\"container\">\r\n                        \r\n                        <div class=\"text-modules__content\"><\/p>\n<h3>Jeste\u015bmy:<\/h3>\n<ul>\n<li>jednostk\u0105 administracji og\u00f3lnouczelnianej<\/li>\n<li>zgranym zespo\u0142em specjalist\u00f3w o szerokich kompetencjach<\/li>\n<\/ul>\n<p>\n<\/div>\r\n                    <\/div>\r\n                <\/div>\r\n                <div class=\"text-modules\">\r\n                    <div class=\"container\">\r\n                        \r\n                        <div class=\"text-modules__content\"><\/p>\n<h3>Zajmujemy si\u0119:<\/h3>\n<ul>\n<li>animowaniem wsp\u00f3\u0142pracy \u015brodowiska naukowego z biznesem<\/li>\n<li>promowaniem Uniwersytetu w otoczeniu<\/li>\n<li>pozyskiwaniem \u015brodk\u00f3w zewn\u0119trznych (promowanie przedsi\u0119biorczo\u015bci; komercjalizacja)<\/li>\n<li>obs\u0142ug\u0105 bada\u0144 zleconych oraz aktywne poszukiwanie zlece\u0144 z rynku<\/li>\n<li>katalogowaniem potencja\u0142u komercjalizacyjnego U\u015a (zrealizowane projekty, obszary badawcze, kompetencje naukowc\u00f3w, posiadana aparatur\u0119 badawcz\u0105)<\/li>\n<\/ul>\n<p>\n<\/div>\r\n                    <\/div>\r\n                <\/div>\r\n                <div class=\"text-modules\">\r\n                    <div class=\"container\">\r\n                        \r\n                        <div class=\"text-modules__content\"><\/p>\n<h3>Co robimy?<\/h3>\n<p>T\u0142umaczymy j\u0119zyk nauki na j\u0119zyk biznesu i odwrotnie. Pracujemy nad tym, aby obie grupie wzajemnie si\u0119 zrozumia\u0142y i chcia\u0142y wsp\u00f3\u0142pracowa\u0107 celem osi\u0105gni\u0119cia wymiernych korzy\u015bci (finansowe, naukowe, prawa ochronne, presti\u017c, pozyskanie kontakt\u00f3w&#8230;).<\/p>\n<\/div>\r\n                    <\/div>\r\n                <\/div>\r\n                <div class=\"text-modules\">\r\n                    <div class=\"container\">\r\n                        \r\n                        <div class=\"text-modules__content\"><\/p>\n<h3>Jak to robimy (i po co)?<\/h3>\n<p>Prowadzimy wsp\u00f3\u0142prac\u0119 z przedsi\u0119biorcami oraz jednostkami publicznymi. Uczestniczmy w targach i wydarzeniach bran\u017cowych. Tworzymy i stale rozszerzamy sie\u0107 kontakt\u00f3w. Stale si\u0119 szkolimy i aktualizujemy swoj\u0105 wiedz\u0119. Korzystamy z dobrych praktyk innych podmiot\u00f3w. Zbieramy, aktualizujemy oraz katalogujemy ofert\u0119 badawcz\u0105 Uniwersytetu. Promujemy potencja\u0142 Naukowc\u00f3w Uniwersytetu na zewn\u0105trz.<\/p>\n<\/div>\r\n                    <\/div>\r\n                <\/div>\r\n                <div class=\"text-modules\">\r\n                    <div class=\"container\">\r\n                        \r\n                        <div class=\"text-modules__content\"><\/p>\n<h3>Co mo\u017cemy zaoferowa\u0107?<\/h3>\n<ul>\n<li>przestrze\u0144 i mo\u017cliwo\u015bci spinPLACE<\/li>\n<li>znalezienie partnera (biznes, nauka itp.)<\/li>\n<li>znalezienie \u017ar\u00f3d\u0142a finansowania<\/li>\n<li>animowanie wsp\u00f3\u0142pracy<\/li>\n<li>kompleksowa pomoc przy wsp\u00f3\u0142pracy w przedsi\u0119biorc\u0105<\/li>\n<li>przygotowanie oferty<\/li>\n<li>zbadanie potencja\u0142u komercjalizacyjnego rozwi\u0105zania<\/li>\n<\/ul>\n<p>\n<\/div>\r\n                    <\/div>\r\n                <\/div>[\/vc_column_inner][vc_column_inner width=&#8221;1\/6&#8243;][\/vc_column_inner][\/vc_row_inner][vc_row_inner el_class=&#8221;container&#8221; css=&#8221;.vc_custom_1719479223473{margin-right: 50px !important;margin-left: 50px !important;background-color: #f2f2f2 !important;}&#8221;][vc_column_inner width=&#8221;1\/2&#8243;][vc_empty_space]\r\n                <div class=\"text-modules\">\r\n                    <div class=\"container\">\r\n                        \r\n                        <div class=\"text-modules__content\"><\/p>\n<h3>Kontakt<\/h3>\n<p>Biuro Wsp\u00f3\u0142pracy z Gospodark\u0105<br \/>\nadres: ul. Bankowa 5, budynek spinPLACE, III pi\u0119tro<br \/>\n40-007 Katowice<br \/>\ntel. +48 32 359 20 81, +48 32 359 22 71<br \/>\ne-mail: <a href=\"mailto:transfer@us.edu.pl\">transfer@us.edu.pl<\/a><\/p>\n<\/div>\r\n                    <\/div>\r\n                <\/div>[\/vc_column_inner][vc_column_inner width=&#8221;1\/2&#8243;][vc_empty_space]\r\n                <div class=\"text-modules\">\r\n                    <div class=\"container\">\r\n                        \r\n                        <div class=\"text-modules__content\"><p><img class=\"size-medium wp-image-2714\" src=\"https:\/\/us.edu.pl\/absolwent\/wp-content\/uploads\/sites\/10\/Editor\/Biuro-Wspolpracy-z-Gospodarka-836x600.jpg\" alt=\"Zesp\u00f3\u0142 Biura Wsp\u00f3\u0142pracy z Gospodark\u0105 U\u015a\" width=\"100%\" height=\"auto\" srcset=\"https:\/\/us.edu.pl\/absolwent\/wp-content\/uploads\/sites\/10\/Editor\/Biuro-Wspolpracy-z-Gospodarka-836x600.jpg 836w, https:\/\/us.edu.pl\/absolwent\/wp-content\/uploads\/sites\/10\/Editor\/Biuro-Wspolpracy-z-Gospodarka-768x551.jpg 768w, https:\/\/us.edu.pl\/absolwent\/wp-content\/uploads\/sites\/10\/Editor\/Biuro-Wspolpracy-z-Gospodarka-575x413.jpg 575w, https:\/\/us.edu.pl\/absolwent\/wp-content\/uploads\/sites\/10\/Editor\/Biuro-Wspolpracy-z-Gospodarka.jpg 900w\" sizes=\"(max-width: 836px) 100vw, 836px\" \/><\/p>\n<p><span style=\"font-size: 10pt;\">Zesp\u00f3\u0142 Biura Wsp\u00f3\u0142pracy z Gospodark\u0105 U\u015a | fot. archiwum prywatne<\/span><\/p>\n<\/div>\r\n                    <\/div>\r\n                <\/div>[\/vc_column_inner][\/vc_row_inner][\/vc_column][\/vc_row]<\/p>","protected":false},"excerpt":{"rendered":"<p>[vc_row][vc_column][vc_raw_html el_class=&#8221;container&#8221;]JTNDaDIlMjBjbGFzcyUzRCUyMnBhZ2UtdGl0bGUlMjIlM0VCaXVybyUyMFdzcCVDMyVCMyVDNSU4MnByYWN5JTIweiUyMEdvc3BvZGFyayVDNCU4NSUzQyUyRmgyJTNF[\/vc_raw_html][vc_empty_space][vc_row_inner el_class=&#8221;container&#8221;][vc_column_inner width=&#8221;5\/6&#8243;][\/vc_column_inner][vc_column_inner width=&#8221;1\/6&#8243;][\/vc_column_inner][\/vc_row_inner][vc_row_inner el_class=&#8221;container&#8221; css=&#8221;.vc_custom_1719479223473{margin-right: 50px !important;margin-left: 50px !important;background-color: #f2f2f2 !important;}&#8221;][vc_column_inner width=&#8221;1\/2&#8243;][vc_empty_space][\/vc_column_inner][vc_column_inner width=&#8221;1\/2&#8243;][vc_empty_space][\/vc_column_inner][\/vc_row_inner][\/vc_column][\/vc_row] [&#8230;]<\/p>\n<p><a class=\"btn btn-secondary understrap-read-more-link\" href=\"https:\/\/us.edu.pl\/absolwent\/biuro-wspolpracy-z-gospodarka\/\">Read More&#8230;<\/a><\/p>\n","protected":false},"author":33,"featured_media":0,"parent":0,"menu_order":0,"comment_status":"closed","ping_status":"closed","template":"","meta":{"_expiration-date-status":"","_expiration-date":0,"_expiration-date-type":"","_expiration-date-categories":[],"_expiration-date-options":[]},"acf":[],"_links":{"self":[{"href":"https:\/\/us.edu.pl\/absolwent\/wp-json\/wp\/v2\/pages\/2713"}],"collection":[{"href":"https:\/\/us.edu.pl\/absolwent\/wp-json\/wp\/v2\/pages"}],"about":[{"href":"https:\/\/us.edu.pl\/absolwent\/wp-json\/wp\/v2\/types\/page"}],"author":[{"embeddable":true,"href":"https:\/\/us.edu.pl\/absolwent\/wp-json\/wp\/v2\/users\/33"}],"replies":[{"embeddable":true,"href":"https:\/\/us.edu.pl\/absolwent\/wp-json\/wp\/v2\/comments?post=2713"}],"version-history":[{"count":5,"href":"https:\/\/us.edu.pl\/absolwent\/wp-json\/wp\/v2\/pages\/2713\/revisions"}],"predecessor-version":[{"id":2719,"href":"https:\/\/us.edu.pl\/absolwent\/wp-json\/wp\/v2\/pages\/2713\/revisions\/2719"}],"wp:attachment":[{"href":"https:\/\/us.edu.pl\/absolwent\/wp-json\/wp\/v2\/media?parent=2713"}],"curies":[{"name":"wp","href":"https:\/\/api.w.org\/{rel}","templated":true}]}}