{"id":272,"date":"2019-09-24T13:54:12","date_gmt":"2019-09-24T11:54:12","guid":{"rendered":"http:\/\/php71.nfinity-beta.pl\/us\/absolwent\/?page_id=272"},"modified":"2021-07-26T14:52:59","modified_gmt":"2021-07-26T12:52:59","slug":"grzegorz-gawlik-absolwentem-z-pasja-lutego-2014-roku","status":"publish","type":"page","link":"https:\/\/us.edu.pl\/absolwent\/grzegorz-gawlik-absolwentem-z-pasja-lutego-2014-roku\/","title":{"rendered":"Grzegorz Gawlik \u201eAbsolwentem z Pasj\u0105&#8221; lutego 2014 roku"},"content":{"rendered":"<p>[vc_row][vc_column]\r\n                <div class=\"text-modules\">\r\n                    <div class=\"container\">\r\n                        <h3 class=\"page-title text__title\">Grzegorz Gawlik \u201eAbsolwentem z Pasj\u0105`` lutego 2014 roku<\/h3>\r\n                        <div class=\"text-modules__content\"><\/p>\n<p class=\"rtejustify\">W ramach drugiej edycji plebiscytu \u201eAbsolwent z Pasj\u0105\u201d wybrano absolwenta lutego 2014 roku, kt\u00f3rym zosta\u0142 Grzegorz Gawlik, absolwent Wydzia\u0142u Prawa i Administracji Uniwersytetu \u015al\u0105skiego, podr\u00f3\u017cnik, alpinista, dziennikarz, fotograf oraz prawnik. Odby\u0142 podr\u00f3\u017ce do ponad 60 kraj\u00f3w na 6 kontynentach. Cz\u0119sto wspina si\u0119 i podr\u00f3\u017cuje samotnie. Swoje wra\u017cenia, obserwacje przekazuje w artyku\u0142ach podr\u00f3\u017cniczych, publicystycznych oraz sportowych (relacjonowa\u0142 Letnie Igrzyska Olimpijskie 2012 w Londynie). Pisze blogi i relacje z wypraw.<\/p>\n<p class=\"rtejustify rteindent1\"><img class=\"\" src=\"http:\/\/absolwent.us.edu.pl\/sites\/absolwent.us.edu.pl\/files\/imce\/_dsc9638.1.jpg\" alt=\"\" width=\"749\" height=\"500\" \/><\/p>\n<p class=\"rtejustify\"><strong>Dzia\u0142alno\u015b\u0107 zawodowa<\/strong><\/p>\n<p class=\"rtejustify\">Ju\u017c na studiach prawniczych zdobywa\u0142 praktyczn\u0105 wiedz\u0119 na praktykach w kancelariach prawnych, a po studiach pracowa\u0142 m.in. jako prawnik w Kancelarii Radc\u00f3w Prawnych i Adwokat\u00f3w \u015al\u0105zak Zapi\u00f3r i Partnerzy w Katowicach, w S\u0105dzie Rejonowym w Bytomiu jako Asystent S\u0119dziego, na Mi\u0119dzynarodowym Lotnisku Katowice w Pyrzowicach jako specjalista ds. zam\u00f3wie\u0144 publicznych i przetarg\u00f3w. W kancelariach i prywatnych firmach pracowa\u0142 jako prawnik i specjalista ds. ksi\u0119gowo\u015bci. Na podstawie uzyskanej akredytacji olimpijskiej pracowa\u0142 podczas Olimpiady w Londynie w 2012 r. &#8211; m.in. pisa\u0142 artyku\u0142y prasowe.<\/p>\n<p class=\"rtejustify\">Grzegorz Gawlik po uko\u0144czeniu studi\u00f3w prawniczych na Uniwersytecie \u015al\u0105skim w Katowicach we w\u0142asnym zakresie pog\u0142\u0119bia\u0142 wiedz\u0119, zw\u0142aszcza praktyczn\u0105. Wyspecjalizowa\u0142 si\u0119 w analizach i opiniach prawnych przede wszystkim w przedmiocie prawa cywilnego, prawa pracy i zam\u00f3wie\u0144 publicznych. Dzi\u0119ki licznym wyprawom podr\u00f3\u017cniczym do 64 kraj\u00f3w dysponuje ogromn\u0105 wiedz\u0105 z zakresu stosunk\u00f3w mi\u0119dzynarodowych, geograficzn\u0105, przyrodnicz\u0105, z zakresu turystyki i organizacji transportu. W trakcie wypraw zapozna\u0142 si\u0119 z funkcjonowaniem kilkudziesi\u0119ciu pa\u0144stw, ich poziomem rozwoju, \u017cyciem spo\u0142ecznym i kulturalnym, w tym z r\u00f3\u017cnorakimi problemami, z jakimi si\u0119 borykaj\u0105, i sposobami ich rozwi\u0105zywania. Eksplorowa\u0142 najdziksze i najbardziej niedost\u0119pne miejsca na Ziemi, a tak\u017ce tereny obj\u0119te konfliktami zbrojnymi. Jest niewiele os\u00f3b w Polsce, kt\u00f3re dysponuj\u0105 tego typu wiedz\u0105 i tak szerok\u0105. Dlatego niejednokrotnie przypada mu rola eksperta (m.in. w telewizji TVN24).<\/p>\n<p class=\"rtejustify\"><strong>Pasje<\/strong><\/p>\n<p class=\"rtejustify\">Grzegorz Gawlik uprawia wspinaczk\u0119 wysokog\u00f3rsk\u0105 i skaln\u0105. Pierwsz\u0105 powa\u017cn\u0105 wypraw\u0119 alpinistyczno-podr\u00f3\u017cnicz\u0105 na Kaukaz zorganizowa\u0142 na studiach w 2002 roku. I od tego czasu realizuje coraz trudniejsze, ambitniejsze i d\u0142u\u017csze projekty. Nieraz otar\u0142 si\u0119 o \u015bmier\u0107. Zdoby\u0142 kilkaset szczyt\u00f3w, w tym dwadzie\u015bcia o wysoko\u015bci ponad 7, 6 i 5 tysi\u0119cy metr\u00f3w m.in. w Himalajach, Pamirze, Andach i na Kaukazie oraz kilkadziesi\u0105t aktywnych wulkan\u00f3w. Jest cz\u0142onkiem Klubu Wysokog\u00f3rskiego w Katowicach i PTTK. Organizuje wyprawy, cz\u0119sto wspina si\u0119 i podr\u00f3\u017cuje samotnie, nawet przez kilka miesi\u0119cy. W po\u0142owie 2013 r. uruchomi\u0142 sw\u00f3j portal podr\u00f3\u017cniczy: <a href=\"http:\/\/grzegorzgawlik.pl\">grzegorzgawlik.pl<\/a>.<br \/>\nPoza tym wyspecjalizowa\u0142 si\u0119 w fotografii przyrodniczej i podr\u00f3\u017cniczej. Zdj\u0119cia Grzegorza Gawlika publikowane by\u0142y m.in. w magazynach \u201eN.P.M.\u201d, \u201eGlobtroter\u201d, \u201ePoznaj \u015awiat\u201d, dziennikach: \u201eDziennik Zachodni\u201d i \u201eGazeta Wyborcza\u201d, w portalach Onet.pl i Interia.pl. Zdj\u0119cia prezentuje tak\u017ce na prelekcjach i wystawach. Aktualnie w galerii Rotunda w Bytomskim Centrum Kultury ma miejsce ekspozycja <a href=\"http:\/\/absolwent.us.edu.pl\/podroze-z-i-pod-prad-wystawa-fotografii-podrozniczej-grzegorza-gawlika\">\u201ePodr\u00f3\u017ce z i pod pr\u0105d &#8211; wystawa fotografii podr\u00f3\u017cniczej Grzegorza Gawlika&#8221;<\/a>. Ekspozycj\u0119 mo\u017cna ogl\u0105da\u0107 do 30 kwietnia 2014 roku.<\/p>\n<p class=\"rtejustify\">Ponadto w roku 2013 wyda\u0142 powie\u015b\u0107 sensacyjno-przygodow\u0105 <em>Kamie\u0144 zag\u0142ady<\/em>, pracuje r\u00f3wnie\u017c nad ksi\u0105\u017ck\u0105 podr\u00f3\u017cnicz\u0105.<\/p>\n<p class=\"rtejustify rteindent3\"><img class=\"\" src=\"http:\/\/absolwent.us.edu.pl\/sites\/absolwent.us.edu.pl\/files\/imce\/kamien_zaglady_okladka.jpg\" alt=\"\" width=\"1095\" height=\"730\" \/><\/p>\n<p class=\"rtejustify\">Z kolei w 2008 r. by\u0142 jednym z za\u0142o\u017cycieli (w tym przygotowa\u0142 prawne podstawy funkcjonowania) <a href=\"http:\/\/www.ssoprogres.pl\">Stowarzyszenia Spo\u0142eczno-O\u015bwiatowego Progres w Bytomiu<\/a> (nr KRS: 0000327390). W najtrudniejszym pocz\u0105tkowym okresie pe\u0142ni\u0142 funkcj\u0119 prezesa (do po\u0142owy 2011 r.). Stowarzyszenie w szczeg\u00f3lno\u015bci skupia si\u0119 na prowadzeniu warsztat\u00f3w dla m\u0142odzie\u017cy w celu zapobiegania problemom uzale\u017cnie\u0144 i patologiom spo\u0142ecznym. W ramach swoich mo\u017cliwo\u015bci pomaga tak\u017ce r\u00f3\u017cnym osobom w zakresie prawnym. Poza tym walczy o popraw\u0119 wizerunku miasta Bytom, propaguje turystyk\u0119 w wojew\u00f3dztwie \u015bl\u0105skim i w Polsce (m.in. jako wsp\u00f3\u0142autor ksi\u0105\u017cki <em>Polska daj si\u0119 zaskoczy\u0107 \u2013 trasy magiczne<\/em> z 2013 r.). R\u00f3\u017cnorodn\u0105 problematyk\u0105 zajmuje si\u0119 jako dziennikarz, za co otrzyma\u0142 kilka nagr\u00f3d, m.in. jest laureatem konkursu: Najlepszy Dziennikarz Obywatelski 2012 (Interia360.pl) i nagrody czytelnik\u00f3w Interii w g\u0142osowaniu sms-owym za najlepszy artyku\u0142 w roku 2012. Wsp\u00f3\u0142pracuje z Domami Kultury i innymi podmiotami kulturalnymi, gdzie nieodp\u0142atnie wyg\u0142asza prelekcje opowiadaj\u0105ce o \u015bwiecie i pokazuj\u0119 slajdy.<\/p>\n<p class=\"rtejustify\">Grzegorz Gawlik m\u00f3wi o sobie: \u201eca\u0142y czas si\u0119 rozwijam i nie zamierzam poprzesta\u0107\u201d<em>.<\/em><\/p>\n<p>\n<\/div>\r\n                    <\/div>\r\n                <\/div>[\/vc_column][\/vc_row]<\/p>","protected":false},"excerpt":{"rendered":"<p>[vc_row][vc_column][\/vc_column][\/vc_row] [&#8230;]<\/p>\n<p><a class=\"btn btn-secondary understrap-read-more-link\" href=\"https:\/\/us.edu.pl\/absolwent\/grzegorz-gawlik-absolwentem-z-pasja-lutego-2014-roku\/\">Read More&#8230;<\/a><\/p>\n","protected":false},"author":1,"featured_media":0,"parent":0,"menu_order":0,"comment_status":"closed","ping_status":"closed","template":"","meta":{"_expiration-date-status":"saved","_expiration-date":0,"_expiration-date-type":"","_expiration-date-categories":[],"_expiration-date-options":[]},"acf":[],"_links":{"self":[{"href":"https:\/\/us.edu.pl\/absolwent\/wp-json\/wp\/v2\/pages\/272"}],"collection":[{"href":"https:\/\/us.edu.pl\/absolwent\/wp-json\/wp\/v2\/pages"}],"about":[{"href":"https:\/\/us.edu.pl\/absolwent\/wp-json\/wp\/v2\/types\/page"}],"author":[{"embeddable":true,"href":"https:\/\/us.edu.pl\/absolwent\/wp-json\/wp\/v2\/users\/1"}],"replies":[{"embeddable":true,"href":"https:\/\/us.edu.pl\/absolwent\/wp-json\/wp\/v2\/comments?post=272"}],"version-history":[{"count":7,"href":"https:\/\/us.edu.pl\/absolwent\/wp-json\/wp\/v2\/pages\/272\/revisions"}],"predecessor-version":[{"id":2142,"href":"https:\/\/us.edu.pl\/absolwent\/wp-json\/wp\/v2\/pages\/272\/revisions\/2142"}],"wp:attachment":[{"href":"https:\/\/us.edu.pl\/absolwent\/wp-json\/wp\/v2\/media?parent=272"}],"curies":[{"name":"wp","href":"https:\/\/api.w.org\/{rel}","templated":true}]}}