{"id":542,"date":"2019-10-15T13:49:49","date_gmt":"2019-10-15T11:49:49","guid":{"rendered":"https:\/\/us.edu.pl\/absolwent\/?page_id=542"},"modified":"2019-11-06T16:11:31","modified_gmt":"2019-11-06T15:11:31","slug":"bozena-borys-szopa-nasi-absolwenci","status":"publish","type":"page","link":"https:\/\/us.edu.pl\/absolwent\/absolwencius\/nasi-absolwenci\/bozena-borys-szopa-nasi-absolwenci\/","title":{"rendered":"Bo\u017cena Borys-Szopa &#8211; Nasi Absolwenci"},"content":{"rendered":"<p>[vc_row][vc_column]\r\n                <div class=\"text-modules\">\r\n                    <div class=\"container\">\r\n                        <h3 class=\"page-title text__title\">Bo\u017cena Borys-Szopa - Nasi Absolwenci<\/h3>\r\n                        <div class=\"text-modules__content\"><\/p>\n<div class=\"content\">\n<p><img class=\"imagefield imagefield-field_image alignleft\" src=\"http:\/\/absolwent.us.edu.pl\/sites\/absolwent.us.edu.pl\/files\/1417693913.jpg?1435660158\" alt=\"\" width=\"210\" height=\"210\" \/><\/p>\n<p class=\"rtejustify\" style=\"text-align: left\">Jest absolwentk\u0105 Wydzia\u0142u Prawa i Administracji Uniwersytetu \u015al\u0105skiego w Katowicach oraz studi\u00f3w podyplomowych z zakresu zarz\u0105dzania przedsi\u0119biorstwem na Akademii G\u00f3rniczo-Hutniczej w Krakowie.<\/p>\n<p class=\"rtejustify\" style=\"text-align: left\">W latach 1998-2002 sprawowa\u0142a funkcj\u0119 przewodnicz\u0105cej Rady Ochrony Pracy przy Sejmie Rzeczypospolitej Polskiej, a od 2002 roku by\u0142a jej wiceprzewodnicz\u0105c\u0105. Jest laureatk\u0105 <em>Pro Labore Securo<\/em>, nagrody przyznawanej przez Centralny Instytut Ochrony Pracy za wybitne zas\u0142ugi w s\u0142u\u017cbie publicznej na rzecz ochrony cz\u0142owieka w \u015brodowisku pracy oraz nagrody Pa\u0144stwowej Inspekcji Pracy imienia Haliny Krahelskiej za wybitne osi\u0105gni\u0119cia w zakresie ochrony pracy. Jest autork\u0105 licznych publikacji na temat uprawnie\u0144 pracowniczych oraz nadzoru nad warunkami pracy w Polsce i krajach Unii Europejskiej, a tak\u017ce aktywn\u0105 uczestniczk\u0105 mediacji pomi\u0119dzy pracodawcami a pracownikami. Znajduje si\u0119 na krajowej li\u015bcie mediator\u00f3w.<\/p>\n<p class=\"rtejustify\" style=\"text-align: left\">Od 1991 do 2006 roku by\u0142a cz\u0142onkiem zarz\u0105du Regionu \u015bl\u0105sko-d\u0105browskiej \u201eSolidarno\u015bci\u201d, a w 2002 roku zosta\u0142a wiceprzewodnicz\u0105c\u0105 i sekretarzem zarz\u0105du Regionu. Wcze\u015bniej by\u0142a zatrudniona na stanowisku specjalisty do spraw bezpiecze\u0144stwa higieny pracy w kopalni \u201eStaszic\u201d i w Powszechnej Sp\u00f3\u0142dzielni Spo\u017cywc\u00f3w \u201eSpo\u0142em\u201d w Katowicach. W latach 1998-2006 by\u0142a cz\u0142onkiem Komisji Krajowej Niezale\u017cnego Samodzielnego Zwi\u0105zku Zawodowego \u201eSolidarno\u015b\u0107\u201d. W okresie od 15 marca 2006 do 21 sierpnia 2008 roku sprawowa\u0142a funkcj\u0119 g\u0142\u00f3wnego inspektora pracy. W grudniu 2007 roku uko\u0144czy\u0142a aplikacj\u0119 inspektorsk\u0105, zdobywaj\u0105c uprawnienia inspektora pracy. Od 1 listopada 2008 roku pe\u0142ni\u0142a funkcj\u0119 doradcy Prezydenta Rzeczypospolitej Polskiej do spraw spo\u0142ecznych i kontakt\u00f3w z partnerami spo\u0142ecznymi oraz prawa pracy i bezpiecze\u0144stwa higieny pracy. 21 wrze\u015bnia 2009 roku zosta\u0142a powo\u0142ana na stanowisko podsekretarza stanu w Kancelarii Prezydenta (do 6 lipca 2010).<\/p>\n<p class=\"rtejustify\" style=\"text-align: left\">Od 2011 roku jest Radn\u0105 Sejmiku Wojew\u00f3dztwa \u015al\u0105skiego, a od 2014 roku Wiceprzewodnicz\u0105c\u0105 Sejmiku 5 kadencji. W wyborach parlamentarnych w 2015 z listy PiS zosta\u0142a wybrana na pos\u0142ank\u0119 w okr\u0119gu katowickim.<\/p>\n<p>4 czerwca 2019 powo\u0142ana na urz\u0105d ministra rodziny, pracy i polityki spo\u0142ecznej w rz\u0105dzie Mateusza Morawieckiego. W wyborach w 2019 z powodzeniem ubiega\u0142a si\u0119 o poselsk\u0105 reelekcj\u0119, kandyduj\u0105c tym razem z pierwszego miejsca na li\u015bcie PiS w okr\u0119gu gliwickim.<br \/>\nCz\u0142onek Polskiego Towarzystwa Legislacji.<\/p>\n<\/div>\n<p>\n<\/div>\r\n                    <\/div>\r\n                <\/div>[\/vc_column][\/vc_row]<\/p>","protected":false},"excerpt":{"rendered":"<p>[vc_row][vc_column][\/vc_column][\/vc_row] [&#8230;]<\/p>\n<p><a class=\"btn btn-secondary understrap-read-more-link\" href=\"https:\/\/us.edu.pl\/absolwent\/absolwencius\/nasi-absolwenci\/bozena-borys-szopa-nasi-absolwenci\/\">Read More&#8230;<\/a><\/p>\n","protected":false},"author":1,"featured_media":0,"parent":331,"menu_order":0,"comment_status":"closed","ping_status":"closed","template":"","meta":{"_expiration-date-status":"saved","_expiration-date":0,"_expiration-date-type":"","_expiration-date-categories":[],"_expiration-date-options":[]},"acf":[],"_links":{"self":[{"href":"https:\/\/us.edu.pl\/absolwent\/wp-json\/wp\/v2\/pages\/542"}],"collection":[{"href":"https:\/\/us.edu.pl\/absolwent\/wp-json\/wp\/v2\/pages"}],"about":[{"href":"https:\/\/us.edu.pl\/absolwent\/wp-json\/wp\/v2\/types\/page"}],"author":[{"embeddable":true,"href":"https:\/\/us.edu.pl\/absolwent\/wp-json\/wp\/v2\/users\/1"}],"replies":[{"embeddable":true,"href":"https:\/\/us.edu.pl\/absolwent\/wp-json\/wp\/v2\/comments?post=542"}],"version-history":[{"count":4,"href":"https:\/\/us.edu.pl\/absolwent\/wp-json\/wp\/v2\/pages\/542\/revisions"}],"predecessor-version":[{"id":1169,"href":"https:\/\/us.edu.pl\/absolwent\/wp-json\/wp\/v2\/pages\/542\/revisions\/1169"}],"up":[{"embeddable":true,"href":"https:\/\/us.edu.pl\/absolwent\/wp-json\/wp\/v2\/pages\/331"}],"wp:attachment":[{"href":"https:\/\/us.edu.pl\/absolwent\/wp-json\/wp\/v2\/media?parent=542"}],"curies":[{"name":"wp","href":"https:\/\/api.w.org\/{rel}","templated":true}]}}

Bożena Borys-Szopa &#8211; Nasi Absolwenci

<p>[vc_row][vc_column]
                <div class="text-modules">
                    <div class="container">
                        <h3 class="page-title text__title">Bożena Borys-Szopa - Nasi Absolwenci</h3>
                        <div class="text-modules__content"></p>
<div class="content">
<p><img class="imagefield imagefield-field_image alignleft" src="http://absolwent.us.edu.pl/sites/absolwent.us.edu.pl/files/1417693913.jpg?1435660158" alt="" width="210" height="210" /></p>
<p class="rtejustify" style="text-align: left">Jest absolwentką Wydziału Prawa i Administracji Uniwersytetu Śląskiego w Katowicach oraz studiów podyplomowych z zakresu zarządzania przedsiębiorstwem na Akademii Górniczo-Hutniczej w Krakowie.</p>
<p class="rtejustify" style="text-align: left">W latach 1998-2002 sprawowała funkcję przewodniczącej Rady Ochrony Pracy przy Sejmie Rzeczypospolitej Polskiej, a od 2002 roku była jej wiceprzewodniczącą. Jest laureatką <em>Pro Labore Securo</em>, nagrody przyznawanej przez Centralny Instytut Ochrony Pracy za wybitne zasługi w służbie publicznej na rzecz ochrony człowieka w środowisku pracy oraz nagrody Państwowej Inspekcji Pracy imienia Haliny Krahelskiej za wybitne osiągnięcia w zakresie ochrony pracy. Jest autorką licznych publikacji na temat uprawnień pracowniczych oraz nadzoru nad warunkami pracy w Polsce i krajach Unii Europejskiej, a także aktywną uczestniczką mediacji pomiędzy pracodawcami a pracownikami. Znajduje się na krajowej liście mediatorów.</p>
<p class="rtejustify" style="text-align: left">Od 1991 do 2006 roku była członkiem zarządu Regionu śląsko-dąbrowskiej „Solidarności”, a w 2002 roku została wiceprzewodniczącą i sekretarzem zarządu Regionu. Wcześniej była zatrudniona na stanowisku specjalisty do spraw bezpieczeństwa higieny pracy w kopalni „Staszic” i w Powszechnej Spółdzielni Spożywców „Społem” w Katowicach. W latach 1998-2006 była członkiem Komisji Krajowej Niezależnego Samodzielnego Związku Zawodowego „Solidarność”. W okresie od 15 marca 2006 do 21 sierpnia 2008 roku sprawowała funkcję głównego inspektora pracy. W grudniu 2007 roku ukończyła aplikację inspektorską, zdobywając uprawnienia inspektora pracy. Od 1 listopada 2008 roku pełniła funkcję doradcy Prezydenta Rzeczypospolitej Polskiej do spraw społecznych i kontaktów z partnerami społecznymi oraz prawa pracy i bezpieczeństwa higieny pracy. 21 września 2009 roku została powołana na stanowisko podsekretarza stanu w Kancelarii Prezydenta (do 6 lipca 2010).</p>
<p class="rtejustify" style="text-align: left">Od 2011 roku jest Radną Sejmiku Województwa Śląskiego, a od 2014 roku Wiceprzewodniczącą Sejmiku 5 kadencji. W wyborach parlamentarnych w 2015 z listy PiS została wybrana na posłankę w okręgu katowickim.</p>
<p>4 czerwca 2019 powołana na urząd ministra rodziny, pracy i polityki społecznej w rządzie Mateusza Morawieckiego. W wyborach w 2019 z powodzeniem ubiegała się o poselską reelekcję, kandydując tym razem z pierwszego miejsca na liście PiS w okręgu gliwickim.<br />
Członek Polskiego Towarzystwa Legislacji.</p>
</div>
<p>
</div>
                    </div>
                </div>[/vc_column][/vc_row]</p>
