{"id":567,"date":"2019-10-15T14:04:47","date_gmt":"2019-10-15T12:04:47","guid":{"rendered":"https:\/\/us.edu.pl\/absolwent\/?page_id=567"},"modified":"2019-12-04T16:13:12","modified_gmt":"2019-12-04T15:13:12","slug":"piotr-maslowski-nasi-absolwenci","status":"publish","type":"page","link":"https:\/\/us.edu.pl\/absolwent\/piotr-maslowski-nasi-absolwenci\/","title":{"rendered":"Piotr Mas\u0142owski &#8211; Nasi Absolwenci"},"content":{"rendered":"<p>[vc_row][vc_column]\r\n                <div class=\"text-modules\">\r\n                    <div class=\"container\">\r\n                        <h3 class=\"page-title text__title\">Piotr Mas\u0142owski - Nasi Absolwenci<\/h3>\r\n                        <div class=\"text-modules__content\"><\/p>\n<div class=\"content\">\n<p class=\"rtejustify\" style=\"text-align: left\"><img class=\"size-medium wp-image-361 alignleft\" src=\"https:\/\/us.edu.pl\/absolwent\/wp-content\/uploads\/sites\/10\/nasi-absolwenci\/strefa-polityki\/10933774_376126332548021_5179700120435059747_n-300x300.jpg\" alt=\"\" width=\"300\" height=\"300\" srcset=\"https:\/\/us.edu.pl\/absolwent\/wp-content\/uploads\/sites\/10\/nasi-absolwenci\/strefa-polityki\/10933774_376126332548021_5179700120435059747_n-300x300.jpg 300w, https:\/\/us.edu.pl\/absolwent\/wp-content\/uploads\/sites\/10\/nasi-absolwenci\/strefa-polityki\/10933774_376126332548021_5179700120435059747_n-150x150.jpg 150w, https:\/\/us.edu.pl\/absolwent\/wp-content\/uploads\/sites\/10\/nasi-absolwenci\/strefa-polityki\/10933774_376126332548021_5179700120435059747_n.jpg 507w\" sizes=\"(max-width: 300px) 100vw, 300px\" \/>Uko\u0144czy\u0142 studia na Uniwersytecie \u015al\u0105skim z dyplomami magistra politologii o specjalizacji samorz\u0105dowej oraz specjalisty do spraw zarz\u0105dzania zasobami ludzkimi. Od 2014 roku jest Zast\u0119pc\u0105 Prezydenta Miasta Rybnika. Od 2000 roku w strukturach samorz\u0105dowych (jako cz\u0142onek komisji bud\u017cetowej w Rydu\u0142towach oraz pracownik Urz\u0119du Miasta Radlina i Starostwa Powiatowego w Rybniku) oraz organizacjach pozarz\u0105dowych zajmowa\u0142 si\u0119 pozyskiwaniem i rozdysponowywaniem \u015brodk\u00f3w finansowych w ramach dzia\u0142a\u0144 Unii Europejskiej.<\/p>\n<p class=\"rtejustify\" style=\"text-align: left\">Do czasu powo\u0142ania na stanowisko zast\u0119pcy prezydenta by\u0142 prezesem Centrum Rozwoju Inicjatyw Spo\u0142ecznych w Rybniku \u2013 organizacji pozarz\u0105dowej wspieraj\u0105cej wdra\u017canie projekt\u00f3w zwi\u0105zanych z dzia\u0142aniami na rzecz lokalnych spo\u0142eczno\u015bci. Wsp\u00f3\u0142pracowa\u0142 z rybnickimi przedsi\u0119biorcami przy opracowaniu projektu rewitalizacji ulic Sobieskiego i Powsta\u0144c\u00f3w \u015al\u0105skich. By\u0142 inicjatorem wdro\u017cenia w Rybniku Karty Du\u017cej Rodziny. Uczestniczy\u0142 we wdra\u017caniu pierwszych bud\u017cet\u00f3w partycypacyjnych. Redaktor \u201ePoradnika modelowej wsp\u00f3\u0142pracy administracji publicznej i organizacji pozarz\u0105dowych\u201d (Warszawa 2011).<\/p>\n<p class=\"rtejustify\" style=\"text-align: left\">Znany w ca\u0142ym kraju ekspert w zakresie rozwoju spo\u0142ecze\u0144stwa obywatelskiego i funkcjonowania organizacji pozarz\u0105dowych, specjalista prowadz\u0105cy co roku kilkadziesi\u0105t szkole\u0144 i wyk\u0142ad\u00f3w dla s\u0142uchaczy z ca\u0142ej Polski. Cz\u0142onek Zespo\u0142u do spraw Rozwi\u0105za\u0144 w Zakresie Finansowania Dzia\u0142alno\u015bci Spo\u0142ecznej i Obywatelskiej w Kancelarii Prezydenta RP Bronis\u0142awa Komorowskiego (od 2011 roku). Laureat konkursu Eurolider 2013 roku, nagrody wr\u0119czanej osobom, kt\u00f3re wykorzystuj\u0105c Fundusze Europejskie, dzia\u0142aj\u0105 na rzecz lokalnego<br \/>\ni regionalnego rozwoju oraz lokalnych spo\u0142eczno\u015bci. W wyborach samorz\u0105dowych 2014 roku kandydat na Prezydenta Miasta Rybnika, kt\u00f3ry dzi\u0119ki swojemu do\u015bwiadczeniu<br \/>\ni usposobieniu skupi\u0142 wok\u00f3\u0142 siebie pod szyldem Forum Obywateli Rybnika wiele znanych i szanowanych osobowo\u015bci.<\/p>\n<\/div>\n<p>\n<\/div>\r\n                    <\/div>\r\n                <\/div>[\/vc_column][\/vc_row]<\/p>","protected":false},"excerpt":{"rendered":"<p>[vc_row][vc_column][\/vc_column][\/vc_row] [&#8230;]<\/p>\n<p><a class=\"btn btn-secondary understrap-read-more-link\" href=\"https:\/\/us.edu.pl\/absolwent\/piotr-maslowski-nasi-absolwenci\/\">Read More&#8230;<\/a><\/p>\n","protected":false},"author":1,"featured_media":0,"parent":0,"menu_order":0,"comment_status":"closed","ping_status":"closed","template":"","meta":{"_expiration-date-status":"saved","_expiration-date":0,"_expiration-date-type":"","_expiration-date-categories":[],"_expiration-date-options":[]},"acf":[],"_links":{"self":[{"href":"https:\/\/us.edu.pl\/absolwent\/wp-json\/wp\/v2\/pages\/567"}],"collection":[{"href":"https:\/\/us.edu.pl\/absolwent\/wp-json\/wp\/v2\/pages"}],"about":[{"href":"https:\/\/us.edu.pl\/absolwent\/wp-json\/wp\/v2\/types\/page"}],"author":[{"embeddable":true,"href":"https:\/\/us.edu.pl\/absolwent\/wp-json\/wp\/v2\/users\/1"}],"replies":[{"embeddable":true,"href":"https:\/\/us.edu.pl\/absolwent\/wp-json\/wp\/v2\/comments?post=567"}],"version-history":[{"count":4,"href":"https:\/\/us.edu.pl\/absolwent\/wp-json\/wp\/v2\/pages\/567\/revisions"}],"predecessor-version":[{"id":1185,"href":"https:\/\/us.edu.pl\/absolwent\/wp-json\/wp\/v2\/pages\/567\/revisions\/1185"}],"wp:attachment":[{"href":"https:\/\/us.edu.pl\/absolwent\/wp-json\/wp\/v2\/media?parent=567"}],"curies":[{"name":"wp","href":"https:\/\/api.w.org\/{rel}","templated":true}]}}