{"id":573,"date":"2019-10-15T14:08:25","date_gmt":"2019-10-15T12:08:25","guid":{"rendered":"https:\/\/us.edu.pl\/absolwent\/?page_id=573"},"modified":"2019-12-04T16:24:21","modified_gmt":"2019-12-04T15:24:21","slug":"miroslawa-nykiel-nasi-absolwenci","status":"publish","type":"page","link":"https:\/\/us.edu.pl\/absolwent\/miroslawa-nykiel-nasi-absolwenci\/","title":{"rendered":"Miros\u0142awa Nykiel &#8211; Nasi Absolwenci"},"content":{"rendered":"<p><\/p>\n<p>[vc_row][vc_column]\r\n                <div class=\"text-modules\">\r\n                    <div class=\"container\">\r\n                        <h3 class=\"page-title text__title\">Miros\u0142awa Nykiel - Nasi Absolwenci<\/h3>\r\n                        <div class=\"text-modules__content\"><\/p>\n<div class=\"content\">\n<p class=\"rtejustify\" style=\"text-align: left\"><img class=\"size-full wp-image-378 alignleft\" src=\"https:\/\/us.edu.pl\/absolwent\/wp-content\/uploads\/sites\/10\/nasi-absolwenci\/strefa-polityki\/miroslawa_nykiel2.jpg\" alt=\"\" width=\"235\" height=\"235\" srcset=\"https:\/\/us.edu.pl\/absolwent\/wp-content\/uploads\/sites\/10\/nasi-absolwenci\/strefa-polityki\/miroslawa_nykiel2.jpg 235w, https:\/\/us.edu.pl\/absolwent\/wp-content\/uploads\/sites\/10\/nasi-absolwenci\/strefa-polityki\/miroslawa_nykiel2-150x150.jpg 150w\" sizes=\"(max-width: 235px) 100vw, 235px\" \/>Polityk i przedsi\u0119biorca, senator VI kadencji, pos\u0142anka na Sejm VI, VII i VIII kadencji. Swoje dzia\u0142ania koncentruje na trzech g\u0142\u00f3wnych obszarach: energetyce, ma\u0142ych i \u015brednich przedsi\u0119biorstwach oraz wsparciu kobiet. Pe\u0142ni\u0142a funkcj\u0119 zast\u0119pcy przewodnicz\u0105cego Komisji Gospodarki i Rozwoju, by\u0142a tak\u017ce cz\u0142onkiem Komisji do Spraw Energii i Skarbu Pa\u0144stwa. Przynale\u017ca\u0142a do zespo\u0142\u00f3w parlamentarnych \u2013 Polska-Stany Zjednoczone (wiceprzewodnicz\u0105ca), Polska-Tajwan. Ponad to uczestniczy w pracach Parlamentarnej Grupy Kobiet, Parlamentarnego Zespo\u0142u ds. Os\u00f3b Niepe\u0142nosprawnych, Parlamentarnego Zespo\u0142u na rzecz Wspierania Przedsi\u0119biorczo\u015bci i Patriotyzmu Ekonomicznego, Parlamentarnego Zespo\u0142u Przyjaci\u00f3\u0142 Zwierz\u0105t oraz Parlamentarnego Zespo\u0142u Stra\u017cak\u00f3w. Pe\u0142ni\u0142a funkcje wiceprzewodnicz\u0105cej Parlamentarnego Zespo\u0142u ds. Energetyki, Parlamentarnego Zespo\u0142u ds. Polsko-Japo\u0144skiej Wsp\u00f3\u0142pracy Gospodarczej oraz Parlamentarnego Zespo\u0142u Wojew\u00f3dztwa \u015al\u0105skiego.<\/p>\n<p class=\"rtejustify\" style=\"text-align: left\">W 1983 roku uko\u0144czy\u0142a studia na Wydziale Pedagogiczno-Artystycznym w filii Uniwersytetu \u015al\u0105skiego w Cieszynie, w 1987 roku studia podyplomowe z filologii polskiej w O\u015brodku Kszta\u0142cenia Nauczycieli w Katowicach, a w 2004 roku z integracji europejskiej w Wy\u017cszej Szkole Europejskiej im. Ks. J\u00f3zefa Tischnera w Krakowie. Uko\u0144czy\u0142a studia doktoranckie w Kolegium Ekonomiczno-Spo\u0142ecznym Szko\u0142y G\u0142\u00f3wnej Handlowej w Warszawie.<\/p>\n<p class=\"rtejustify\" style=\"text-align: left\">Po studiach pracowa\u0142a jako nauczyciel j\u0119zyka polskiego, kierowa\u0142a tak\u017ce gminnym o\u015brodkiem kultury i wydzia\u0142em o\u015bwiaty w Mied\u017anej. Swoj\u0105 dalsz\u0105 karier\u0119 zawodow\u0105 zwi\u0105za\u0142a z sektorem gospodarki. W latach 90. kierowa\u0142a oddzia\u0142em \u201eRuch\u201d SA w O\u015bwi\u0119cimiu, nast\u0119pnie zosta\u0142a cz\u0142onkiem Zarz\u0105du, a p\u00f3\u017aniej obj\u0119\u0142a funkcj\u0119 prezesa tej firmy. W latach 2003-2005 by\u0142a w\u0142a\u015bcicielk\u0105 i prezesem Edukacyjnego Centrum Biznesu.<\/p>\n<p class=\"rtejustify\" style=\"text-align: left\">Dzia\u0142alno\u015b\u0107 polityczn\u0105 rozpocz\u0119\u0142a w roku 1980, kiedy to wst\u0105pi\u0142a do \u201eSolidarno\u015bci\u201d. W 1997 roku by\u0142a w\u015br\u00f3d za\u0142o\u017cycieli Akcji Wyborczej Solidarno\u015b\u0107 i Ruchu Spo\u0142ecznego AWS, w 2003 roku Inicjatywy dla Polski. Przez wiele lat by\u0142a przewodnicz\u0105c\u0105 O\u015bwi\u0119cimskiej Koalicji Obywatelskiej. W 2005 roku przesz\u0142a wraz z grup\u0105 dzia\u0142aczy z IdP do Platformy Obywatelskiej. W 2005 roku z ramienia PO zosta\u0142a wybrana na senatora VI kadencji. W wyborach parlamentarnych w 2007 z ramienia PO uzyska\u0142a w okr\u0119gu bielskim mandat poselski. W wyborach w 2011 roku\u00a0 z powodzeniem ubiega\u0142a si\u0119 o reelekcj\u0119, uzyskuj\u0105c rekordow\u0105 ilo\u015b\u0107 g\u0142os\u00f3w-43 329. W roku 2014 ubiega\u0142a si\u0119 o mandat pos\u0142a do parlamentu Europejskiego. W 2019 roku zosta\u0142a ponownie wybrana do Sejmu.<\/p>\n<p style=\"text-align: left\">Jej dewiz\u0105 \u017cyciow\u0105 jest: <em>pod\u0105\u017cajmy za marzeniami i pom\u00f3\u017cmy innym realizowa\u0107 ich marzenia<\/em>.<\/p>\n<\/div>\n<p>\n<\/div>\r\n                    <\/div>\r\n                <\/div>[\/vc_column][\/vc_row]<\/p>\n<p><\/p>","protected":false},"excerpt":{"rendered":"<p>[vc_row][vc_column][\/vc_column][\/vc_row] [&#8230;]<\/p>\n<p><a class=\"btn btn-secondary understrap-read-more-link\" href=\"https:\/\/us.edu.pl\/absolwent\/miroslawa-nykiel-nasi-absolwenci\/\">Read More&#8230;<\/a><\/p>\n","protected":false},"author":1,"featured_media":0,"parent":0,"menu_order":0,"comment_status":"closed","ping_status":"closed","template":"","meta":{"_expiration-date-status":"saved","_expiration-date":0,"_expiration-date-type":"","_expiration-date-categories":[],"_expiration-date-options":[]},"acf":[],"_links":{"self":[{"href":"https:\/\/us.edu.pl\/absolwent\/wp-json\/wp\/v2\/pages\/573"}],"collection":[{"href":"https:\/\/us.edu.pl\/absolwent\/wp-json\/wp\/v2\/pages"}],"about":[{"href":"https:\/\/us.edu.pl\/absolwent\/wp-json\/wp\/v2\/types\/page"}],"author":[{"embeddable":true,"href":"https:\/\/us.edu.pl\/absolwent\/wp-json\/wp\/v2\/users\/1"}],"replies":[{"embeddable":true,"href":"https:\/\/us.edu.pl\/absolwent\/wp-json\/wp\/v2\/comments?post=573"}],"version-history":[{"count":2,"href":"https:\/\/us.edu.pl\/absolwent\/wp-json\/wp\/v2\/pages\/573\/revisions"}],"predecessor-version":[{"id":1188,"href":"https:\/\/us.edu.pl\/absolwent\/wp-json\/wp\/v2\/pages\/573\/revisions\/1188"}],"wp:attachment":[{"href":"https:\/\/us.edu.pl\/absolwent\/wp-json\/wp\/v2\/media?parent=573"}],"curies":[{"name":"wp","href":"https:\/\/api.w.org\/{rel}","templated":true}]}}

Mirosława Nykiel &#8211; Nasi Absolwenci

<p></p>
<p>[vc_row][vc_column]
                <div class="text-modules">
                    <div class="container">
                        <h3 class="page-title text__title">Mirosława Nykiel - Nasi Absolwenci</h3>
                        <div class="text-modules__content"></p>
<div class="content">
<p class="rtejustify" style="text-align: left"><img class="size-full wp-image-378 alignleft" src="https://us.edu.pl/absolwent/wp-content/uploads/sites/10/nasi-absolwenci/strefa-polityki/miroslawa_nykiel2.jpg" alt="" width="235" height="235" srcset="https://us.edu.pl/absolwent/wp-content/uploads/sites/10/nasi-absolwenci/strefa-polityki/miroslawa_nykiel2.jpg 235w, https://us.edu.pl/absolwent/wp-content/uploads/sites/10/nasi-absolwenci/strefa-polityki/miroslawa_nykiel2-150x150.jpg 150w" sizes="(max-width: 235px) 100vw, 235px" />Polityk i przedsiębiorca, senator VI kadencji, posłanka na Sejm VI, VII i VIII kadencji. Swoje działania koncentruje na trzech głównych obszarach: energetyce, małych i średnich przedsiębiorstwach oraz wsparciu kobiet. Pełniła funkcję zastępcy przewodniczącego Komisji Gospodarki i Rozwoju, była także członkiem Komisji do Spraw Energii i Skarbu Państwa. Przynależała do zespołów parlamentarnych – Polska-Stany Zjednoczone (wiceprzewodnicząca), Polska-Tajwan. Ponad to uczestniczy w pracach Parlamentarnej Grupy Kobiet, Parlamentarnego Zespołu ds. Osób Niepełnosprawnych, Parlamentarnego Zespołu na rzecz Wspierania Przedsiębiorczości i Patriotyzmu Ekonomicznego, Parlamentarnego Zespołu Przyjaciół Zwierząt oraz Parlamentarnego Zespołu Strażaków. Pełniła funkcje wiceprzewodniczącej Parlamentarnego Zespołu ds. Energetyki, Parlamentarnego Zespołu ds. Polsko-Japońskiej Współpracy Gospodarczej oraz Parlamentarnego Zespołu Województwa Śląskiego.</p>
<p class="rtejustify" style="text-align: left">W 1983 roku ukończyła studia na Wydziale Pedagogiczno-Artystycznym w filii Uniwersytetu Śląskiego w Cieszynie, w 1987 roku studia podyplomowe z filologii polskiej w Ośrodku Kształcenia Nauczycieli w Katowicach, a w 2004 roku z integracji europejskiej w Wyższej Szkole Europejskiej im. Ks. Józefa Tischnera w Krakowie. Ukończyła studia doktoranckie w Kolegium Ekonomiczno-Społecznym Szkoły Głównej Handlowej w Warszawie.</p>
<p class="rtejustify" style="text-align: left">Po studiach pracowała jako nauczyciel języka polskiego, kierowała także gminnym ośrodkiem kultury i wydziałem oświaty w Miedźnej. Swoją dalszą karierę zawodową związała z sektorem gospodarki. W latach 90. kierowała oddziałem „Ruch” SA w Oświęcimiu, następnie została członkiem Zarządu, a później objęła funkcję prezesa tej firmy. W latach 2003-2005 była właścicielką i prezesem Edukacyjnego Centrum Biznesu.</p>
<p class="rtejustify" style="text-align: left">Działalność polityczną rozpoczęła w roku 1980, kiedy to wstąpiła do „Solidarności”. W 1997 roku była wśród założycieli Akcji Wyborczej Solidarność i Ruchu Społecznego AWS, w 2003 roku Inicjatywy dla Polski. Przez wiele lat była przewodniczącą Oświęcimskiej Koalicji Obywatelskiej. W 2005 roku przeszła wraz z grupą działaczy z IdP do Platformy Obywatelskiej. W 2005 roku z ramienia PO została wybrana na senatora VI kadencji. W wyborach parlamentarnych w 2007 z ramienia PO uzyskała w okręgu bielskim mandat poselski. W wyborach w 2011 roku  z powodzeniem ubiegała się o reelekcję, uzyskując rekordową ilość głosów-43 329. W roku 2014 ubiegała się o mandat posła do parlamentu Europejskiego. W 2019 roku została ponownie wybrana do Sejmu.</p>
<p style="text-align: left">Jej dewizą życiową jest: <em>podążajmy za marzeniami i pomóżmy innym realizować ich marzenia</em>.</p>
</div>
<p>
</div>
                    </div>
                </div>[/vc_column][/vc_row]</p>
<p></p>
