{"id":575,"date":"2019-10-15T14:09:25","date_gmt":"2019-10-15T12:09:25","guid":{"rendered":"https:\/\/us.edu.pl\/absolwent\/?page_id=575"},"modified":"2019-12-04T16:37:41","modified_gmt":"2019-12-04T15:37:41","slug":"krzysztof-pieczynski-nasi-absolwenci","status":"publish","type":"page","link":"https:\/\/us.edu.pl\/absolwent\/krzysztof-pieczynski-nasi-absolwenci\/","title":{"rendered":"Krzysztof Pieczy\u0144ski &#8211; Nasi Absolwenci"},"content":{"rendered":"<p>[vc_row][vc_column]\r\n                <div class=\"text-modules\">\r\n                    <div class=\"container\">\r\n                        <h3 class=\"page-title text__title\">Krzysztof Pieczy\u0144ski - Nasi Absolwenci<\/h3>\r\n                        <div class=\"text-modules__content\"><\/p>\n<p class=\"rtejustify\" style=\"text-align: left\"><img class=\"size-full wp-image-374 alignleft\" src=\"https:\/\/us.edu.pl\/absolwent\/wp-content\/uploads\/sites\/10\/nasi-absolwenci\/strefa-polityki\/krzysztof_pieczynski_male1.jpg\" alt=\"\" width=\"200\" height=\"200\" srcset=\"https:\/\/us.edu.pl\/absolwent\/wp-content\/uploads\/sites\/10\/nasi-absolwenci\/strefa-polityki\/krzysztof_pieczynski_male1.jpg 200w, https:\/\/us.edu.pl\/absolwent\/wp-content\/uploads\/sites\/10\/nasi-absolwenci\/strefa-polityki\/krzysztof_pieczynski_male1-150x150.jpg 150w\" sizes=\"(max-width: 200px) 100vw, 200px\" \/>Jest absolwentem politologii na Wydziale Nauk Spo\u0142ecznych. Od 2014 roku jest Radnym Miasta Katowice. Uko\u0144czy\u0142 specjalno\u015bci: polityka samorz\u0105dowa i regionalna oraz dziennikarstwo i komunikacja spo\u0142eczna. Od 2007 roku by\u0142 pracownikiem Urz\u0119du Miasta Katowice, gdzie zajmowa\u0142 si\u0119 organizacj\u0105 najwa\u017cniejszych imprez odbywaj\u0105cych si\u0119 w mie\u015bcie. Dzia\u0142a w Forum Samorz\u0105dowym i Marcin Krupa.<\/p>\n<p class=\"rtejustify\" style=\"text-align: left\">Od najm\u0142odszych lat jest wielkim mi\u0142o\u015bnikiem sportu, a w szczeg\u00f3lno\u015bci pi\u0142ki no\u017cnej. Reprezentowa\u0142 barwy katowickich klub\u00f3w takich jak: Podlesianka Katowice, MK G\u00f3rnik Katowice, KS Rozw\u00f3j Katowice, Silesia 2000 Katowice i przede wszystkim GKS Katowice. Po kontuzji za\u0142o\u017cy\u0142 Agencj\u0119 Sportow\u0105, kt\u00f3ra pomaga pi\u0142karzom w prowadzeniu sportowych karier. Swoj\u0105 prac\u0119 zawodow\u0105 r\u00f3wnie\u017c zwi\u0105za\u0142 ze sportem. Jego dodatkowym zaj\u0119ciem jest prowadzenie r\u00f3\u017cnych imprez. Prowadzi\u0142 m.in.: turnieje pi\u0142karskie, prezentacje dru\u017cyn, gale sztuk walki, wybory Miss, konferencje prasowe\u00a0 oraz wiele aukcji i imprez charytatywnych. Udziela si\u0119 r\u00f3wnie\u017c charytatywnie wspomagaj\u0105c katowickie domy dziecka, szpitale oraz organizacje spo\u0142eczne.<\/p>\n<p class=\"rtejustify\" style=\"text-align: left\">W Plebiscycie \u201eDziennika Zachodniego\u201d i portalu \u201eNaszemiasto.pl\u201d wybrany zosta\u0142 Liderem Roku 2014 w Katowicach. A w plebiscycie na Najlepszego Radnego Katowic 2016 roku zaj\u0105\u0142 pierwsze miejsce.<br \/>\nJest Radnym Rady Miasta Katowice. W kadencji 2018-2023 zosta\u0142 wybrany przewodnicz\u0105cym Komisji Kultury, Promocji i Sportu oraz Wiceprzewodnicz\u0105cym Komisji Edukacji . Jest r\u00f3wnie\u017c cz\u0142onkiem Komisji Rozwoju Miasta, Komisji G\u00f3rniczej oraz Komisji Infrastruktury i \u015arodowiska.<\/p>\n<p>\n<\/div>\r\n                    <\/div>\r\n                <\/div>[\/vc_column][\/vc_row]<\/p>","protected":false},"excerpt":{"rendered":"<p>[vc_row][vc_column][\/vc_column][\/vc_row] [&#8230;]<\/p>\n<p><a class=\"btn btn-secondary understrap-read-more-link\" href=\"https:\/\/us.edu.pl\/absolwent\/krzysztof-pieczynski-nasi-absolwenci\/\">Read More&#8230;<\/a><\/p>\n","protected":false},"author":1,"featured_media":0,"parent":0,"menu_order":0,"comment_status":"closed","ping_status":"closed","template":"","meta":{"_expiration-date-status":"saved","_expiration-date":0,"_expiration-date-type":"","_expiration-date-categories":[],"_expiration-date-options":[]},"acf":[],"_links":{"self":[{"href":"https:\/\/us.edu.pl\/absolwent\/wp-json\/wp\/v2\/pages\/575"}],"collection":[{"href":"https:\/\/us.edu.pl\/absolwent\/wp-json\/wp\/v2\/pages"}],"about":[{"href":"https:\/\/us.edu.pl\/absolwent\/wp-json\/wp\/v2\/types\/page"}],"author":[{"embeddable":true,"href":"https:\/\/us.edu.pl\/absolwent\/wp-json\/wp\/v2\/users\/1"}],"replies":[{"embeddable":true,"href":"https:\/\/us.edu.pl\/absolwent\/wp-json\/wp\/v2\/comments?post=575"}],"version-history":[{"count":3,"href":"https:\/\/us.edu.pl\/absolwent\/wp-json\/wp\/v2\/pages\/575\/revisions"}],"predecessor-version":[{"id":1190,"href":"https:\/\/us.edu.pl\/absolwent\/wp-json\/wp\/v2\/pages\/575\/revisions\/1190"}],"wp:attachment":[{"href":"https:\/\/us.edu.pl\/absolwent\/wp-json\/wp\/v2\/media?parent=575"}],"curies":[{"name":"wp","href":"https:\/\/api.w.org\/{rel}","templated":true}]}}

Krzysztof Pieczyński &#8211; Nasi Absolwenci

<p>[vc_row][vc_column]
                <div class="text-modules">
                    <div class="container">
                        <h3 class="page-title text__title">Krzysztof Pieczyński - Nasi Absolwenci</h3>
                        <div class="text-modules__content"></p>
<p class="rtejustify" style="text-align: left"><img class="size-full wp-image-374 alignleft" src="https://us.edu.pl/absolwent/wp-content/uploads/sites/10/nasi-absolwenci/strefa-polityki/krzysztof_pieczynski_male1.jpg" alt="" width="200" height="200" srcset="https://us.edu.pl/absolwent/wp-content/uploads/sites/10/nasi-absolwenci/strefa-polityki/krzysztof_pieczynski_male1.jpg 200w, https://us.edu.pl/absolwent/wp-content/uploads/sites/10/nasi-absolwenci/strefa-polityki/krzysztof_pieczynski_male1-150x150.jpg 150w" sizes="(max-width: 200px) 100vw, 200px" />Jest absolwentem politologii na Wydziale Nauk Społecznych. Od 2014 roku jest Radnym Miasta Katowice. Ukończył specjalności: polityka samorządowa i regionalna oraz dziennikarstwo i komunikacja społeczna. Od 2007 roku był pracownikiem Urzędu Miasta Katowice, gdzie zajmował się organizacją najważniejszych imprez odbywających się w mieście. Działa w Forum Samorządowym i Marcin Krupa.</p>
<p class="rtejustify" style="text-align: left">Od najmłodszych lat jest wielkim miłośnikiem sportu, a w szczególności piłki nożnej. Reprezentował barwy katowickich klubów takich jak: Podlesianka Katowice, MK Górnik Katowice, KS Rozwój Katowice, Silesia 2000 Katowice i przede wszystkim GKS Katowice. Po kontuzji założył Agencję Sportową, która pomaga piłkarzom w prowadzeniu sportowych karier. Swoją pracę zawodową również związał ze sportem. Jego dodatkowym zajęciem jest prowadzenie różnych imprez. Prowadził m.in.: turnieje piłkarskie, prezentacje drużyn, gale sztuk walki, wybory Miss, konferencje prasowe  oraz wiele aukcji i imprez charytatywnych. Udziela się również charytatywnie wspomagając katowickie domy dziecka, szpitale oraz organizacje społeczne.</p>
<p class="rtejustify" style="text-align: left">W Plebiscycie „Dziennika Zachodniego” i portalu „Naszemiasto.pl” wybrany został Liderem Roku 2014 w Katowicach. A w plebiscycie na Najlepszego Radnego Katowic 2016 roku zajął pierwsze miejsce.<br />
Jest Radnym Rady Miasta Katowice. W kadencji 2018-2023 został wybrany przewodniczącym Komisji Kultury, Promocji i Sportu oraz Wiceprzewodniczącym Komisji Edukacji . Jest również członkiem Komisji Rozwoju Miasta, Komisji Górniczej oraz Komisji Infrastruktury i Środowiska.</p>
<p>
</div>
                    </div>
                </div>[/vc_column][/vc_row]</p>
