{"id":579,"date":"2019-10-15T14:11:33","date_gmt":"2019-10-15T12:11:33","guid":{"rendered":"https:\/\/us.edu.pl\/absolwent\/?page_id=579"},"modified":"2019-12-04T16:48:03","modified_gmt":"2019-12-04T15:48:03","slug":"monika-rosa-nasi-absolwenci","status":"publish","type":"page","link":"https:\/\/us.edu.pl\/absolwent\/monika-rosa-nasi-absolwenci\/","title":{"rendered":"Monika Rosa &#8211; Nasi Absolwenci"},"content":{"rendered":"<p><\/p>\n<p>[vc_row][vc_column]\r\n                <div class=\"text-modules\">\r\n                    <div class=\"container\">\r\n                        <h3 class=\"page-title text__title\">Monika Rosa - Nasi Absolwenci<\/h3>\r\n                        <div class=\"text-modules__content\"><\/p>\n<div class=\"content\">\n<p class=\"rtejustify\" style=\"text-align: left\"><img class=\"size-full wp-image-379 alignleft\" src=\"https:\/\/us.edu.pl\/absolwent\/wp-content\/uploads\/sites\/10\/nasi-absolwenci\/strefa-polityki\/mr.jpg\" alt=\"\" width=\"200\" height=\"200\" srcset=\"https:\/\/us.edu.pl\/absolwent\/wp-content\/uploads\/sites\/10\/nasi-absolwenci\/strefa-polityki\/mr.jpg 200w, https:\/\/us.edu.pl\/absolwent\/wp-content\/uploads\/sites\/10\/nasi-absolwenci\/strefa-polityki\/mr-150x150.jpg 150w\" sizes=\"(max-width: 200px) 100vw, 200px\" \/>Polska polityk i politolog, pos\u0142anka na Sejm VIII i IX kadencji. W wyborach parlamentarnych w 2015 kandydowa\u0142a do Sejmu w okr\u0119gu katowickim z pierwszego miejsca na li\u015bcie Nowoczesnej Ryszarda Petru. W wyborach w 2019 z powodzeniem ubiega\u0142a si\u0119 o poselsk\u0105 reelekcj\u0119 z ramienia Koalicji Obywatelskiej.<\/p>\n<p class=\"rtejustify\" style=\"text-align: left\">Uko\u0144czy\u0142a politologi\u0119 na Wydziale Nauk Spo\u0142ecznych Uniwersytetu \u015al\u0105skiego. Od 2005 roku zwi\u0105zana ze stowarzyszeniem M\u0142ode Centrum, nast\u0119pnie Projekt: Polska. Kierowa\u0142a dzia\u0142aniami stowarzyszenia na \u015al\u0105sku. Pracowa\u0142a jako reporterka radiowa. By\u0142a redaktorem naczelnym gazety studenckiej. Wsp\u00f3\u0142tworzy\u0142a pismo Liberte! W 2010 roku rozpocz\u0119\u0142a prac\u0119 w Kancelarii Prezydenta Rzeczypospolitej Polskiej. By\u0142a zast\u0119pc\u0105 Dyrektora Zespo\u0142u Obs\u0142ugi Bie\u017c\u0105cej w Gabinecie Prezydenta RP. Zajmowa\u0142a si\u0119 m.in. koordynowaniem obchod\u00f3w 25. rocznicy wybor\u00f3w z 1989.<\/p>\n<\/div>\n<p>\n<\/div>\r\n                    <\/div>\r\n                <\/div>[\/vc_column][\/vc_row]<\/p>\n<p><\/p>","protected":false},"excerpt":{"rendered":"<p>[vc_row][vc_column][\/vc_column][\/vc_row] [&#8230;]<\/p>\n<p><a class=\"btn btn-secondary understrap-read-more-link\" href=\"https:\/\/us.edu.pl\/absolwent\/monika-rosa-nasi-absolwenci\/\">Read More&#8230;<\/a><\/p>\n","protected":false},"author":1,"featured_media":0,"parent":0,"menu_order":0,"comment_status":"closed","ping_status":"closed","template":"","meta":{"_expiration-date-status":"saved","_expiration-date":0,"_expiration-date-type":"","_expiration-date-categories":[],"_expiration-date-options":[]},"acf":[],"_links":{"self":[{"href":"https:\/\/us.edu.pl\/absolwent\/wp-json\/wp\/v2\/pages\/579"}],"collection":[{"href":"https:\/\/us.edu.pl\/absolwent\/wp-json\/wp\/v2\/pages"}],"about":[{"href":"https:\/\/us.edu.pl\/absolwent\/wp-json\/wp\/v2\/types\/page"}],"author":[{"embeddable":true,"href":"https:\/\/us.edu.pl\/absolwent\/wp-json\/wp\/v2\/users\/1"}],"replies":[{"embeddable":true,"href":"https:\/\/us.edu.pl\/absolwent\/wp-json\/wp\/v2\/comments?post=579"}],"version-history":[{"count":2,"href":"https:\/\/us.edu.pl\/absolwent\/wp-json\/wp\/v2\/pages\/579\/revisions"}],"predecessor-version":[{"id":1192,"href":"https:\/\/us.edu.pl\/absolwent\/wp-json\/wp\/v2\/pages\/579\/revisions\/1192"}],"wp:attachment":[{"href":"https:\/\/us.edu.pl\/absolwent\/wp-json\/wp\/v2\/media?parent=579"}],"curies":[{"name":"wp","href":"https:\/\/api.w.org\/{rel}","templated":true}]}}