{"id":585,"date":"2019-10-15T14:15:20","date_gmt":"2019-10-15T12:15:20","guid":{"rendered":"https:\/\/us.edu.pl\/absolwent\/?page_id=585"},"modified":"2019-12-04T17:07:53","modified_gmt":"2019-12-04T16:07:53","slug":"dariusz-starzycki-nasi-absolwenci","status":"publish","type":"page","link":"https:\/\/us.edu.pl\/absolwent\/dariusz-starzycki-nasi-absolwenci\/","title":{"rendered":"Dariusz Starzycki &#8211; Nasi Absolwenci"},"content":{"rendered":"<p><\/p>\n<p>[vc_row][vc_column]\r\n                <div class=\"text-modules\">\r\n                    <div class=\"container\">\r\n                        <h3 class=\"page-title text__title\">Dariusz Starzycki - Nasi Absolwenci<\/h3>\r\n                        <div class=\"text-modules__content\"><\/p>\n<div class=\"content\">\n<p class=\"rtejustify\" style=\"text-align: left\"><img class=\"size-full wp-image-383 alignleft\" src=\"https:\/\/us.edu.pl\/absolwent\/wp-content\/uploads\/sites\/10\/nasi-absolwenci\/strefa-polityki\/posel_dariusz_starzycki2.jpg\" alt=\"\" width=\"235\" height=\"235\" srcset=\"https:\/\/us.edu.pl\/absolwent\/wp-content\/uploads\/sites\/10\/nasi-absolwenci\/strefa-polityki\/posel_dariusz_starzycki2.jpg 235w, https:\/\/us.edu.pl\/absolwent\/wp-content\/uploads\/sites\/10\/nasi-absolwenci\/strefa-polityki\/posel_dariusz_starzycki2-150x150.jpg 150w\" sizes=\"(max-width: 235px) 100vw, 235px\" \/>Polityk i urz\u0119dnik samorz\u0105dowy. W latach 2008\u20132015 wiceprezydent Jaworzna oraz w latach 2015-2018 pose\u0142 na Sejm VIII kadencji. Od 2018 roku Dariusz Starzycki jest wicemarsza\u0142kiem wojew\u00f3dztwa \u015bl\u0105skiego.<\/p>\n<p class=\"rtejustify\" style=\"text-align: left\">Absolwent historii na Uniwersytecie \u015al\u0105skim, studi\u00f3w podyplomowych z zakresu marketingu i zarz\u0105dzania na Akademii Ekonomicznej w Katowicach, a tak\u017ce w Wy\u017cszej Szkole Bankowej w Poznaniu. Odby\u0142 kurs dla kandydat\u00f3w na cz\u0142onk\u00f3w rad nadzorczych Sp\u00f3\u0142ek Skarbu Pa\u0144stwa i sp\u00f3\u0142ek z udzia\u0142em Skarbu Pa\u0144stwa i uzyska\u0142 Certyfikat Ministra Skarbu Pa\u0144stwa potwierdzaj\u0105cy z\u0142o\u017cenie egzaminu dla cz\u0142onk\u00f3w Rad Nadzorczych sp\u00f3\u0142ek z udzia\u0142em Skarbu Pa\u0144stwa. Ponadto uko\u0144czy\u0142 kurs specjalist\u00f3w ds. personalnych i dzia\u0142\u00f3w kadr.<\/p>\n<p class=\"rtejustify\" style=\"text-align: left\">W latach 1995\u20131999 pracowa\u0142 jako urz\u0119dnik samorz\u0105dowy w Trzebini. Od 1999 do 2002 roku by\u0142 dyrektorem Wydzia\u0142u Organizacyjnego i Spraw Obywatelskich w starostwie powiatu chrzanowskiego. Nast\u0119pnie przeni\u00f3s\u0142 si\u0119 do Jaworzna, zajmuj\u0105c kolejno stanowiska naczelnika Biura Prezydenta Miasta (do 2004 roku), sekretarza miasta (do 2008 roku) i zast\u0119pcy prezydenta Jaworzna (2008\u20132015). Jako zast\u0119pca prezydenta odpowiada\u0142 za sprawy bezpiecze\u0144stwa publicznego, wsp\u00f3\u0142prac\u0119 z organizacjami pozarz\u0105dowymi, polityk\u0119 spo\u0142eczn\u0105 miasta, ochron\u0119 zdrowia, zam\u00f3wienia publiczne, sprawy obywatelskie. Zainicjowa\u0142 kompleksowy program obrony przed chuliga\u0144stwem i wandalizmem \u201eTarcza&#8221;. Wst\u0105pi\u0142 w mi\u0119dzyczasie do Prawa i Sprawiedliwo\u015bci. By\u0142 z ramienia tej partii wybierany do rady miejskiej w 2010 i 2014 roku, nie obejmuj\u0105c mandatu w zwi\u0105zku z zakazem \u0142\u0105czenia funkcji radnego i zast\u0119pcy prezydenta miasta. Jest przewodnicz\u0105cym Prawa i Sprawiedliwo\u015bci w Jaworznie oraz by\u0142 cz\u0142onkiem rady spo\u0142ecznej Szpitala Wielospecjalistycznego w Jaworznie, a tak\u017ce wiceprezesem Stowarzyszenia Jaworzno Moje Miasto.<br \/>\nW 2010 odznaczony Br\u0105zow\u0105 Odznak\u0105 \u201eZas\u0142u\u017cony dla Ochrony Przeciwpo\u017carowej\u201d.<\/p>\n<\/div>\n<p>\n<\/div>\r\n                    <\/div>\r\n                <\/div>[\/vc_column][\/vc_row]<\/p>\n<p><\/p>","protected":false},"excerpt":{"rendered":"<p>[vc_row][vc_column][\/vc_column][\/vc_row] [&#8230;]<\/p>\n<p><a class=\"btn btn-secondary understrap-read-more-link\" href=\"https:\/\/us.edu.pl\/absolwent\/dariusz-starzycki-nasi-absolwenci\/\">Read More&#8230;<\/a><\/p>\n","protected":false},"author":1,"featured_media":0,"parent":0,"menu_order":0,"comment_status":"closed","ping_status":"closed","template":"","meta":{"_expiration-date-status":"saved","_expiration-date":0,"_expiration-date-type":"","_expiration-date-categories":[],"_expiration-date-options":[]},"acf":[],"_links":{"self":[{"href":"https:\/\/us.edu.pl\/absolwent\/wp-json\/wp\/v2\/pages\/585"}],"collection":[{"href":"https:\/\/us.edu.pl\/absolwent\/wp-json\/wp\/v2\/pages"}],"about":[{"href":"https:\/\/us.edu.pl\/absolwent\/wp-json\/wp\/v2\/types\/page"}],"author":[{"embeddable":true,"href":"https:\/\/us.edu.pl\/absolwent\/wp-json\/wp\/v2\/users\/1"}],"replies":[{"embeddable":true,"href":"https:\/\/us.edu.pl\/absolwent\/wp-json\/wp\/v2\/comments?post=585"}],"version-history":[{"count":2,"href":"https:\/\/us.edu.pl\/absolwent\/wp-json\/wp\/v2\/pages\/585\/revisions"}],"predecessor-version":[{"id":1195,"href":"https:\/\/us.edu.pl\/absolwent\/wp-json\/wp\/v2\/pages\/585\/revisions\/1195"}],"wp:attachment":[{"href":"https:\/\/us.edu.pl\/absolwent\/wp-json\/wp\/v2\/media?parent=585"}],"curies":[{"name":"wp","href":"https:\/\/api.w.org\/{rel}","templated":true}]}}