{"id":587,"date":"2019-10-15T14:16:27","date_gmt":"2019-10-15T12:16:27","guid":{"rendered":"https:\/\/us.edu.pl\/absolwent\/?page_id=587"},"modified":"2019-10-15T14:16:27","modified_gmt":"2019-10-15T12:16:27","slug":"zbigniew-szaleniec-nasi-absolwenci","status":"publish","type":"page","link":"https:\/\/us.edu.pl\/absolwent\/absolwencius\/nasi-absolwenci\/zbigniew-szaleniec-nasi-absolwenci\/","title":{"rendered":"Zbigniew Szaleniec &#8211; Nasi Absolwenci"},"content":{"rendered":"<p>[vc_row][vc_column]\r\n                <div class=\"text-modules\">\r\n                    <div class=\"container\">\r\n                        <h3 class=\"page-title text__title\">Zbigniew Szaleniec - Nasi Absolwenci<\/h3>\r\n                        <div class=\"text-modules__content\"><\/p>\n<div class=\"content\">\n<p class=\"rtejustify\">Absolwent studi\u00f3w podyplomowych w zakresie administracji i zarz\u0105dzania na Wydziale Prawa i Administracji oraz studia na Wydziale Wychowania Fizycznego AWF w Katowicach. Od 2014 roku jest burmistrzem Czeladzi. Z dzia\u0142alno\u015bci\u0105 samorz\u0105dow\u0105 zwi\u0105zany od 1994 roku, od kiedy zasiada\u0142 w Radzie Miasta Czelad\u017a. Nast\u0119pnie w latach 2002-2005 pe\u0142ni\u0142 funkcj\u0119 zast\u0119pcy burmistrza miasta. W 2005 roku, startuj\u0105c z listy Platformy Obywatelskiej, zwyci\u0119\u017cy\u0142 w wyborach parlamentarnych i zosta\u0142 Senatorem RP VI kadencji. W kolejnych wyborach w 2007 roku po raz drugi zdoby\u0142 mandat senatorski, otrzymuj\u0105c imponuj\u0105c\u0105 liczb\u0119 98 733 g\u0142os\u00f3w. Od 2011 do 2014 roku pe\u0142ni\u0142 funkcj\u0119 zast\u0119pcy prezydenta Sosnowca. W latach 1974-1990 zawodowo zwi\u0105zany by\u0142 z g\u00f3rnictwem.<\/p>\n<p class=\"rtejustify\">Jako trener pi\u0142ki no\u017cnej prowadzi\u0142 kilka \u015bl\u0105skich i zag\u0142\u0119biowskich klub\u00f3w. Od 2001 roku pracowa\u0142 jako nauczyciel wychowania fizycznego w liceum og\u00f3lnokszta\u0142c\u0105cym w Czeladzi, a od 2002 roku by\u0142 dyrektorem zespo\u0142u szk\u00f3\u0142 w tym mie\u015bcie. W roku 2013 za\u0142o\u017cy\u0142 Towarzystwo Powszechne Czelad\u017a i jako jego prezes doprowadzi\u0142 do utworzenia Uniwersytetu Powszechnego w Czeladzi. W 2014 roku powo\u0142a\u0142 do \u017cycia Czeladzk\u0105 Inicjatyw\u0119 Samorz\u0105dow\u0105.\u00a0W 2018 roku zosta\u0142 wybrany na funkcj\u0119 wiceprzewodnicz\u0105cego zgromadzenia GZM (G\u00f3rno\u015bl\u0105sko-Zag\u0142\u0119biowska Metropolia).<\/p>\n<\/div>\n<p>\n<\/div>\r\n                    <\/div>\r\n                <\/div>[\/vc_column][\/vc_row]<\/p>","protected":false},"excerpt":{"rendered":"<p>[vc_row][vc_column][\/vc_column][\/vc_row] [&#8230;]<\/p>\n<p><a class=\"btn btn-secondary understrap-read-more-link\" href=\"https:\/\/us.edu.pl\/absolwent\/absolwencius\/nasi-absolwenci\/zbigniew-szaleniec-nasi-absolwenci\/\">Read More&#8230;<\/a><\/p>\n","protected":false},"author":1,"featured_media":0,"parent":331,"menu_order":0,"comment_status":"closed","ping_status":"closed","template":"","meta":{"_expiration-date-status":"","_expiration-date":0,"_expiration-date-type":"","_expiration-date-categories":[],"_expiration-date-options":[]},"acf":[],"_links":{"self":[{"href":"https:\/\/us.edu.pl\/absolwent\/wp-json\/wp\/v2\/pages\/587"}],"collection":[{"href":"https:\/\/us.edu.pl\/absolwent\/wp-json\/wp\/v2\/pages"}],"about":[{"href":"https:\/\/us.edu.pl\/absolwent\/wp-json\/wp\/v2\/types\/page"}],"author":[{"embeddable":true,"href":"https:\/\/us.edu.pl\/absolwent\/wp-json\/wp\/v2\/users\/1"}],"replies":[{"embeddable":true,"href":"https:\/\/us.edu.pl\/absolwent\/wp-json\/wp\/v2\/comments?post=587"}],"version-history":[{"count":1,"href":"https:\/\/us.edu.pl\/absolwent\/wp-json\/wp\/v2\/pages\/587\/revisions"}],"predecessor-version":[{"id":588,"href":"https:\/\/us.edu.pl\/absolwent\/wp-json\/wp\/v2\/pages\/587\/revisions\/588"}],"up":[{"embeddable":true,"href":"https:\/\/us.edu.pl\/absolwent\/wp-json\/wp\/v2\/pages\/331"}],"wp:attachment":[{"href":"https:\/\/us.edu.pl\/absolwent\/wp-json\/wp\/v2\/media?parent=587"}],"curies":[{"name":"wp","href":"https:\/\/api.w.org\/{rel}","templated":true}]}}

<p>[vc_row][vc_column]
                <div class="text-modules">
                    <div class="container">
                        <h3 class="page-title text__title">Zbigniew Szaleniec - Nasi Absolwenci</h3>
                        <div class="text-modules__content"></p>
<div class="content">
<p class="rtejustify">Absolwent studiów podyplomowych w zakresie administracji i zarządzania na Wydziale Prawa i Administracji oraz studia na Wydziale Wychowania Fizycznego AWF w Katowicach. Od 2014 roku jest burmistrzem Czeladzi. Z działalnością samorządową związany od 1994 roku, od kiedy zasiadał w Radzie Miasta Czeladź. Następnie w latach 2002-2005 pełnił funkcję zastępcy burmistrza miasta. W 2005 roku, startując z listy Platformy Obywatelskiej, zwyciężył w wyborach parlamentarnych i został Senatorem RP VI kadencji. W kolejnych wyborach w 2007 roku po raz drugi zdobył mandat senatorski, otrzymując imponującą liczbę 98 733 głosów. Od 2011 do 2014 roku pełnił funkcję zastępcy prezydenta Sosnowca. W latach 1974-1990 zawodowo związany był z górnictwem.</p>
<p class="rtejustify">Jako trener piłki nożnej prowadził kilka śląskich i zagłębiowskich klubów. Od 2001 roku pracował jako nauczyciel wychowania fizycznego w liceum ogólnokształcącym w Czeladzi, a od 2002 roku był dyrektorem zespołu szkół w tym mieście. W roku 2013 założył Towarzystwo Powszechne Czeladź i jako jego prezes doprowadził do utworzenia Uniwersytetu Powszechnego w Czeladzi. W 2014 roku powołał do życia Czeladzką Inicjatywę Samorządową. W 2018 roku został wybrany na funkcję wiceprzewodniczącego zgromadzenia GZM (Górnośląsko-Zagłębiowska Metropolia).</p>
</div>
<p>
</div>
                    </div>
                </div>[/vc_column][/vc_row]</p>
