{"id":591,"date":"2019-10-15T14:18:55","date_gmt":"2019-10-15T12:18:55","guid":{"rendered":"https:\/\/us.edu.pl\/absolwent\/?page_id=591"},"modified":"2019-12-04T17:14:06","modified_gmt":"2019-12-04T16:14:06","slug":"marzena-szuba-nasi-absolwenci","status":"publish","type":"page","link":"https:\/\/us.edu.pl\/absolwent\/marzena-szuba-nasi-absolwenci\/","title":{"rendered":"Marzena Szuba &#8211; Nasi Absolwenci"},"content":{"rendered":"<p>[vc_row][vc_column]\r\n                <div class=\"text-modules\">\r\n                    <div class=\"container\">\r\n                        <h3 class=\"page-title text__title\">Marzena Szuba - Nasi Absolwenci<\/h3>\r\n                        <div class=\"text-modules__content\"><\/p>\n<div class=\"content\">\n<p class=\"rtejustify\">Absolwentka politologii o specjalno\u015bci samorz\u0105dowej na Wydziale Nauk Spo\u0142ecznych. Od 9 grudnia 2014 roku jest Wiceprezydentem Miasta Katowice. W 1999 roku rozpocz\u0119\u0142a pac\u0119 w samorz\u0105dzie Urz\u0119du Marsza\u0142kowskiego Wojew\u00f3dztwa \u015al\u0105skiego, w Gabinecie Marsza\u0142ka doktora Jana Olbrychta. Od 2003 roku jest zawodowo zwi\u0105zana z Urz\u0119dem Miasta Katowice.<\/p>\n<p class=\"rtejustify\">Zajmowa\u0142a si\u0119 polityk\u0105 miejsk\u0105 i pozyskiwaniem Funduszy Europejskich. Jako Naczelnik Wydzia\u0142u Funduszy Europejskich by\u0142a przedstawicielem Prezydenta mi\u0119dzy innymi jako: sta\u0142y zast\u0119pca w pracach Komitetu Koordynacyjnego Narodowych Strategicznych Ram Odniesienia (NSRO), zajmowa\u0142a si\u0119 Komitetem Monitoruj\u0105cym Program Operacyjny Infrastruktury i \u015arodowiska (PO Ii\u015a) na lata 2007-2013, by\u0142a przedstawicielem w pracach Komisji Unii Metropolii Polskich do spraw funduszy Unii Europejskiej (UE) i Stowarzyszenia Eurocities, a tak\u017ce jest sta\u0142ym zast\u0119pc\u0105 Prezydenta Miasta Katowice w pracach Regionalnego Forum Terytorialnego.<\/p>\n<\/div>\n<p>\n<\/div>\r\n                    <\/div>\r\n                <\/div>[\/vc_column][\/vc_row]<\/p>","protected":false},"excerpt":{"rendered":"<p>[vc_row][vc_column][\/vc_column][\/vc_row] [&#8230;]<\/p>\n<p><a class=\"btn btn-secondary understrap-read-more-link\" href=\"https:\/\/us.edu.pl\/absolwent\/marzena-szuba-nasi-absolwenci\/\">Read More&#8230;<\/a><\/p>\n","protected":false},"author":1,"featured_media":0,"parent":0,"menu_order":0,"comment_status":"closed","ping_status":"closed","template":"","meta":{"_expiration-date-status":"saved","_expiration-date":0,"_expiration-date-type":"","_expiration-date-categories":[],"_expiration-date-options":[]},"acf":[],"_links":{"self":[{"href":"https:\/\/us.edu.pl\/absolwent\/wp-json\/wp\/v2\/pages\/591"}],"collection":[{"href":"https:\/\/us.edu.pl\/absolwent\/wp-json\/wp\/v2\/pages"}],"about":[{"href":"https:\/\/us.edu.pl\/absolwent\/wp-json\/wp\/v2\/types\/page"}],"author":[{"embeddable":true,"href":"https:\/\/us.edu.pl\/absolwent\/wp-json\/wp\/v2\/users\/1"}],"replies":[{"embeddable":true,"href":"https:\/\/us.edu.pl\/absolwent\/wp-json\/wp\/v2\/comments?post=591"}],"version-history":[{"count":2,"href":"https:\/\/us.edu.pl\/absolwent\/wp-json\/wp\/v2\/pages\/591\/revisions"}],"predecessor-version":[{"id":1197,"href":"https:\/\/us.edu.pl\/absolwent\/wp-json\/wp\/v2\/pages\/591\/revisions\/1197"}],"wp:attachment":[{"href":"https:\/\/us.edu.pl\/absolwent\/wp-json\/wp\/v2\/media?parent=591"}],"curies":[{"name":"wp","href":"https:\/\/api.w.org\/{rel}","templated":true}]}}