{"id":597,"date":"2019-10-15T14:22:15","date_gmt":"2019-10-15T12:22:15","guid":{"rendered":"https:\/\/us.edu.pl\/absolwent\/?page_id=597"},"modified":"2019-12-04T17:24:23","modified_gmt":"2019-12-04T16:24:23","slug":"magdalena-wieczorek-nasi-absolwenci","status":"publish","type":"page","link":"https:\/\/us.edu.pl\/absolwent\/magdalena-wieczorek-nasi-absolwenci\/","title":{"rendered":"Magdalena Wieczorek &#8211; Nasi Absolwenci"},"content":{"rendered":"<p>[vc_row][vc_column]\r\n                <div class=\"text-modules\">\r\n                    <div class=\"container\">\r\n                        <h3 class=\"page-title text__title\">Magdalena Wieczorek - Nasi Absolwenci<\/h3>\r\n                        <div class=\"text-modules__content\"><\/p>\n<div class=\"content\">\n<p class=\"rtejustify\" style=\"text-align: left\"><img class=\"size-full wp-image-386 alignleft\" src=\"https:\/\/us.edu.pl\/absolwent\/wp-content\/uploads\/sites\/10\/nasi-absolwenci\/strefa-polityki\/szwajczak.com_140916_0280_male.jpg\" alt=\"\" width=\"200\" height=\"200\" srcset=\"https:\/\/us.edu.pl\/absolwent\/wp-content\/uploads\/sites\/10\/nasi-absolwenci\/strefa-polityki\/szwajczak.com_140916_0280_male.jpg 200w, https:\/\/us.edu.pl\/absolwent\/wp-content\/uploads\/sites\/10\/nasi-absolwenci\/strefa-polityki\/szwajczak.com_140916_0280_male-150x150.jpg 150w\" sizes=\"(max-width: 200px) 100vw, 200px\" \/>Absolwentka dw\u00f3ch kierunk\u00f3w na Wydziale Nauk Spo\u0142ecznych: historii o specjalno\u015bci nauczycielskiej oraz politologii o specjalno\u015bci samorz\u0105d terytorialny. W 2018r. uko\u0144czy\u0142a kurs zarz\u0105dzania w o\u015bwiacie. Jest tak\u017ce certyfikowanym coachem I stopnia EDU COACH ICI. Od lipca 2008 roku jest Radn\u0105 Rady Miasta Katowice. Jest przewodnicz\u0105c\u0105 Komisji Edukacji oraz cz\u0142onkiem Komisji Bud\u017cetu Miasta.<\/p>\n<p class=\"rtejustify\" style=\"text-align: left\">W okresie studi\u00f3w aktywnie uczestniczy\u0142a w dzia\u0142aniach k\u00f3\u0142 naukowych, by\u0142a przewodnicz\u0105c\u0105 Ko\u0142a Naukowego Integracji Europejskiej oraz autork\u0105 kilku publikacji z zakresu integracji europejskiej. Przez ca\u0142y okres edukacji by\u0142a zwi\u0105zana z Katowicami. Po studiach rozpocz\u0119\u0142a prac\u0119 jako nauczyciel historii i j\u0119zyka niemieckiego w Gimnazjum nr 2 im. Gustawa Morcinka w L\u0119dzinach. Od 2003 roku pracuje jako nauczyciel historii i wiedzy o spo\u0142ecze\u0144stwie w III Liceum Og\u00f3lnokszta\u0142c\u0105cym im. Adama Mickiewicza w Katowicach. W tym okresie za swoje zaanga\u017cowanie i owocn\u0105 prac\u0119 z olimpijczykami otrzyma\u0142a trzykrotnie Nagrod\u0119 Dyrektora Szko\u0142y oraz trzykrotnie Nagrod\u0119 Prezydenta Miasta Katowice. Interesuje si\u0119 edukacj\u0105 regionaln\u0105, dlatego aktywnie inicjuje i anga\u017cuje si\u0119 w dzia\u0142ania w tym zakresie min. Olimpiad\u0119 Wiedzy o G\u00f3rnym \u015al\u0105sku. W latach 2010-2012 pe\u0142ni\u0142a funkcj\u0119 przewodnicz\u0105cej Komisji Infrastruktury i \u015arodowiska, za\u015b w latach 2014-2018\u00a0by\u0142a przewodnicz\u0105c\u0105 Komisji Edukacji. Pracowa\u0142a r\u00f3wnie\u017c w Komisji Polityki Spolecznej i Komisji Rewizyjnej.<\/p>\n<p class=\"rtejustify\" style=\"text-align: left\">Jej najwi\u0119kszymi sukcesami s\u0105 przygotowane projekty uchwa\u0142 przyj\u0119te jednog\u0142o\u015bnie na sesji Rady Miasta Katowice w sprawie Miejskiego Programu Stypendialnego dla Uczni\u00f3w Szczeg\u00f3lnie Uzdolnionych \u201ePrymus\u201d oraz uchwa\u0142y o powo\u0142aniu M\u0142odzie\u017cowej Rady Miasta Katowice. Prywatnie szcz\u0119\u015bliwa \u017cona i mama Bartosza.<\/p>\n<\/div>\n<p>\n<\/div>\r\n                    <\/div>\r\n                <\/div>[\/vc_column][\/vc_row]<\/p>","protected":false},"excerpt":{"rendered":"<p>[vc_row][vc_column][\/vc_column][\/vc_row] [&#8230;]<\/p>\n<p><a class=\"btn btn-secondary understrap-read-more-link\" href=\"https:\/\/us.edu.pl\/absolwent\/magdalena-wieczorek-nasi-absolwenci\/\">Read More&#8230;<\/a><\/p>\n","protected":false},"author":1,"featured_media":0,"parent":0,"menu_order":0,"comment_status":"closed","ping_status":"closed","template":"","meta":{"_expiration-date-status":"saved","_expiration-date":0,"_expiration-date-type":"","_expiration-date-categories":[],"_expiration-date-options":[]},"acf":[],"_links":{"self":[{"href":"https:\/\/us.edu.pl\/absolwent\/wp-json\/wp\/v2\/pages\/597"}],"collection":[{"href":"https:\/\/us.edu.pl\/absolwent\/wp-json\/wp\/v2\/pages"}],"about":[{"href":"https:\/\/us.edu.pl\/absolwent\/wp-json\/wp\/v2\/types\/page"}],"author":[{"embeddable":true,"href":"https:\/\/us.edu.pl\/absolwent\/wp-json\/wp\/v2\/users\/1"}],"replies":[{"embeddable":true,"href":"https:\/\/us.edu.pl\/absolwent\/wp-json\/wp\/v2\/comments?post=597"}],"version-history":[{"count":3,"href":"https:\/\/us.edu.pl\/absolwent\/wp-json\/wp\/v2\/pages\/597\/revisions"}],"predecessor-version":[{"id":1202,"href":"https:\/\/us.edu.pl\/absolwent\/wp-json\/wp\/v2\/pages\/597\/revisions\/1202"}],"wp:attachment":[{"href":"https:\/\/us.edu.pl\/absolwent\/wp-json\/wp\/v2\/media?parent=597"}],"curies":[{"name":"wp","href":"https:\/\/api.w.org\/{rel}","templated":true}]}}

<p>[vc_row][vc_column]
                <div class="text-modules">
                    <div class="container">
                        <h3 class="page-title text__title">Magdalena Wieczorek - Nasi Absolwenci</h3>
                        <div class="text-modules__content"></p>
<div class="content">
<p class="rtejustify" style="text-align: left"><img class="size-full wp-image-386 alignleft" src="https://us.edu.pl/absolwent/wp-content/uploads/sites/10/nasi-absolwenci/strefa-polityki/szwajczak.com_140916_0280_male.jpg" alt="" width="200" height="200" srcset="https://us.edu.pl/absolwent/wp-content/uploads/sites/10/nasi-absolwenci/strefa-polityki/szwajczak.com_140916_0280_male.jpg 200w, https://us.edu.pl/absolwent/wp-content/uploads/sites/10/nasi-absolwenci/strefa-polityki/szwajczak.com_140916_0280_male-150x150.jpg 150w" sizes="(max-width: 200px) 100vw, 200px" />Absolwentka dwóch kierunków na Wydziale Nauk Społecznych: historii o specjalności nauczycielskiej oraz politologii o specjalności samorząd terytorialny. W 2018r. ukończyła kurs zarządzania w oświacie. Jest także certyfikowanym coachem I stopnia EDU COACH ICI. Od lipca 2008 roku jest Radną Rady Miasta Katowice. Jest przewodniczącą Komisji Edukacji oraz członkiem Komisji Budżetu Miasta.</p>
<p class="rtejustify" style="text-align: left">W okresie studiów aktywnie uczestniczyła w działaniach kół naukowych, była przewodniczącą Koła Naukowego Integracji Europejskiej oraz autorką kilku publikacji z zakresu integracji europejskiej. Przez cały okres edukacji była związana z Katowicami. Po studiach rozpoczęła pracę jako nauczyciel historii i języka niemieckiego w Gimnazjum nr 2 im. Gustawa Morcinka w Lędzinach. Od 2003 roku pracuje jako nauczyciel historii i wiedzy o społeczeństwie w III Liceum Ogólnokształcącym im. Adama Mickiewicza w Katowicach. W tym okresie za swoje zaangażowanie i owocną pracę z olimpijczykami otrzymała trzykrotnie Nagrodę Dyrektora Szkoły oraz trzykrotnie Nagrodę Prezydenta Miasta Katowice. Interesuje się edukacją regionalną, dlatego aktywnie inicjuje i angażuje się w działania w tym zakresie min. Olimpiadę Wiedzy o Górnym Śląsku. W latach 2010-2012 pełniła funkcję przewodniczącej Komisji Infrastruktury i Środowiska, zaś w latach 2014-2018 była przewodniczącą Komisji Edukacji. Pracowała również w Komisji Polityki Spolecznej i Komisji Rewizyjnej.</p>
<p class="rtejustify" style="text-align: left">Jej największymi sukcesami są przygotowane projekty uchwał przyjęte jednogłośnie na sesji Rady Miasta Katowice w sprawie Miejskiego Programu Stypendialnego dla Uczniów Szczególnie Uzdolnionych „Prymus” oraz uchwały o powołaniu Młodzieżowej Rady Miasta Katowice. Prywatnie szczęśliwa żona i mama Bartosza.</p>
</div>
<p>
</div>
                    </div>
                </div>[/vc_column][/vc_row]</p>
