{"id":601,"date":"2019-10-15T14:36:10","date_gmt":"2019-10-15T12:36:10","guid":{"rendered":"https:\/\/us.edu.pl\/absolwent\/?page_id=601"},"modified":"2019-12-04T17:26:28","modified_gmt":"2019-12-04T16:26:28","slug":"michal-wojcik-nasi-absolwenci","status":"publish","type":"page","link":"https:\/\/us.edu.pl\/absolwent\/michal-wojcik-nasi-absolwenci\/","title":{"rendered":"Micha\u0142 W\u00f3jcik &#8211; Nasi Absolwenci"},"content":{"rendered":"<p><\/p>\n<p>[vc_row][vc_column]\r\n                <div class=\"text-modules\">\r\n                    <div class=\"container\">\r\n                        <h3 class=\"page-title text__title\">Micha\u0142 W\u00f3jcik - Nasi Absolwenci<\/h3>\r\n                        <div class=\"text-modules__content\"><\/p>\n<div class=\"content\">\n<p class=\"rtejustify\" style=\"text-align: left\"><img class=\"size-full wp-image-384 alignleft\" src=\"https:\/\/us.edu.pl\/absolwent\/wp-content\/uploads\/sites\/10\/nasi-absolwenci\/strefa-polityki\/posel_michal_wojcik.jpg\" alt=\"\" width=\"180\" height=\"180\" srcset=\"https:\/\/us.edu.pl\/absolwent\/wp-content\/uploads\/sites\/10\/nasi-absolwenci\/strefa-polityki\/posel_michal_wojcik.jpg 180w, https:\/\/us.edu.pl\/absolwent\/wp-content\/uploads\/sites\/10\/nasi-absolwenci\/strefa-polityki\/posel_michal_wojcik-150x150.jpg 150w\" sizes=\"(max-width: 180px) 100vw, 180px\" \/>Pose\u0142 na Sejm V, VIII i IX kadencji, polityk, aktywny dzia\u0142acz gospodarczy. Uko\u0144czy\u0142 studia prawnicze na Wydziale Prawa i Administracji Uniwersytetu \u015al\u0105skiego. W 2017 obroni\u0142 prac\u0119 doktorsk\u0105 na Wydziale Nauk Spo\u0142ecznych Uniwersytetu \u015al\u0105skiego. Prelegent w czasie licznych seminari\u00f3w krajowych i mi\u0119dzynarodowych w zakresie spo\u0142ecznej odpowiedzialno\u015bci biznesu i flexicurity. Ekspert z zakresu kszta\u0142cenia dualnego. Wsp\u00f3\u0142autor dw\u00f3ch ksi\u0105\u017cek, wydanych w kilku krajach oraz kilkunastu publikacji na temat rynku pracy, dialogu spo\u0142ecznego oraz rozwoju region\u00f3w. Wieloletni Dyrektor Izby Rzemie\u015blniczej oraz Ma\u0142ej i \u015aredniej Przedsi\u0119biorczo\u015bci w Katowicach.<\/p>\n<p class=\"rtejustify\" style=\"text-align: left\">Trzykrotnie wybrany na radnego do Sejmiku \u015al\u0105skiego, pierwszy raz w 2002 roku. W wyborach parlamentarnych w 2005 zosta\u0142 wybrany na pos\u0142a z listy PiS z okr\u0119gu rybnickiego. W Sejmie przewodniczy\u0142 Podkomisji sta\u0142ej do spraw rzemios\u0142a i us\u0142ug, zasiada\u0142 w Komisji Rozwoju Przedsi\u0119biorczo\u015bci, Komisji Odpowiedzialno\u015bci Konstytucyjnej oraz Komisji Nadzwyczajnej \u201eSolidarne Pa\u0144stwo\u201d. W 2010 uzyska\u0142 ponownie mandat radnego sejmiku \u015bl\u0105skiego jako lider listy Prawa i Sprawiedliwo\u015bci w okr\u0119gu chorzowskim. W wyborach parlamentarnych w 2015 uzyska\u0142 mandat poselski z okr\u0119gu katowickiego. 30 kwietnia 2016 roku zosta\u0142 mianowany nowym wiceministrem sprawiedliwo\u015bci &#8211; sekretarzem stanu i pe\u0142nomocnikiem ds. informatyzacji wymiaru sprawiedliwo\u015bci, a 9 grudnia 2017 wiceprezesem Solidarnej Polski.<\/p>\n<p class=\"rtejustify\" style=\"text-align: left\">Za zas\u0142ugi dla rozwoju rzemios\u0142a polskiego zosta\u0142 odznaczony Z\u0142otym Medalem im. Jana Kili\u0144skiego oraz Z\u0142otym Laurem Umiej\u0119tno\u015bci i Kompetencji w kategorii \u201eSamorz\u0105d terytorialny, zawodowy i gospodarczy\u201d. By\u0142 cz\u0142onkiem Wojew\u00f3dzkiej Rady Zatrudnienia i ekspertem kilku projekt\u00f3w dotycz\u0105cych kszta\u0142cenia zawodowego, finansowanych przez Uni\u0119 Europejsk\u0105. Pomys\u0142odawca projektu \u201ePierwsza szychta\u201d w ramach programu Equal, kt\u00f3ry zosta\u0142 uznany za jeden z najlepszych w Unii Europejskiej. Inicjator akcji maj\u0105cej na celu ochron\u0119 Wojew\u00f3dzkiego Parku Kultury i Wypoczynku w Chorzowie przed likwidacj\u0105 oraz pierwszej w Polsce Rady do Spraw Spo\u0142ecznej Odpowiedzialno\u015bci Biznesu na poziomie regionalnym.<\/p>\n<\/div>\n<p>\n<\/div>\r\n                    <\/div>\r\n                <\/div>[\/vc_column][\/vc_row]<\/p>\n<p><\/p>","protected":false},"excerpt":{"rendered":"<p>[vc_row][vc_column][\/vc_column][\/vc_row] [&#8230;]<\/p>\n<p><a class=\"btn btn-secondary understrap-read-more-link\" href=\"https:\/\/us.edu.pl\/absolwent\/michal-wojcik-nasi-absolwenci\/\">Read More&#8230;<\/a><\/p>\n","protected":false},"author":1,"featured_media":0,"parent":0,"menu_order":0,"comment_status":"closed","ping_status":"closed","template":"","meta":{"_expiration-date-status":"saved","_expiration-date":0,"_expiration-date-type":"","_expiration-date-categories":[],"_expiration-date-options":[]},"acf":[],"_links":{"self":[{"href":"https:\/\/us.edu.pl\/absolwent\/wp-json\/wp\/v2\/pages\/601"}],"collection":[{"href":"https:\/\/us.edu.pl\/absolwent\/wp-json\/wp\/v2\/pages"}],"about":[{"href":"https:\/\/us.edu.pl\/absolwent\/wp-json\/wp\/v2\/types\/page"}],"author":[{"embeddable":true,"href":"https:\/\/us.edu.pl\/absolwent\/wp-json\/wp\/v2\/users\/1"}],"replies":[{"embeddable":true,"href":"https:\/\/us.edu.pl\/absolwent\/wp-json\/wp\/v2\/comments?post=601"}],"version-history":[{"count":2,"href":"https:\/\/us.edu.pl\/absolwent\/wp-json\/wp\/v2\/pages\/601\/revisions"}],"predecessor-version":[{"id":1203,"href":"https:\/\/us.edu.pl\/absolwent\/wp-json\/wp\/v2\/pages\/601\/revisions\/1203"}],"wp:attachment":[{"href":"https:\/\/us.edu.pl\/absolwent\/wp-json\/wp\/v2\/media?parent=601"}],"curies":[{"name":"wp","href":"https:\/\/api.w.org\/{rel}","templated":true}]}}