{"id":603,"date":"2019-10-15T14:37:07","date_gmt":"2019-10-15T12:37:07","guid":{"rendered":"https:\/\/us.edu.pl\/absolwent\/?page_id=603"},"modified":"2019-12-04T17:28:56","modified_gmt":"2019-12-04T16:28:56","slug":"slawa-uminska-duraj-nasi-absolwenci","status":"publish","type":"page","link":"https:\/\/us.edu.pl\/absolwent\/slawa-uminska-duraj-nasi-absolwenci\/","title":{"rendered":"S\u0142awa Umi\u0144ska-Duraj &#8211; Nasi Absolwenci"},"content":{"rendered":"<p><\/p>\n<p>[vc_row][vc_column]\r\n                <div class=\"text-modules\">\r\n                    <div class=\"container\">\r\n                        <h3 class=\"page-title text__title\">S\u0142awa Umi\u0144ska-Duraj - Nasi Absolwenci<\/h3>\r\n                        <div class=\"text-modules__content\"><\/p>\n<div class=\"content\">\n<p class=\"rtejustify\" style=\"text-align: left\"><img class=\"size-full wp-image-369 alignleft\" src=\"https:\/\/us.edu.pl\/absolwent\/wp-content\/uploads\/sites\/10\/nasi-absolwenci\/strefa-polityki\/dsc00276.1male.jpg\" alt=\"\" width=\"200\" height=\"200\" srcset=\"https:\/\/us.edu.pl\/absolwent\/wp-content\/uploads\/sites\/10\/nasi-absolwenci\/strefa-polityki\/dsc00276.1male.jpg 200w, https:\/\/us.edu.pl\/absolwent\/wp-content\/uploads\/sites\/10\/nasi-absolwenci\/strefa-polityki\/dsc00276.1male-150x150.jpg 150w\" sizes=\"(max-width: 200px) 100vw, 200px\" \/>Prezydent Piekar \u015al\u0105skich od 2014 roku. Magister politologii i nauk spo\u0142ecznych. Absolwentka podyplomowych studi\u00f3w komunikacji perswazyjnej reklamy, PR, promocji politycznej na Uniwersytecie \u015al\u0105skim w Katowicach; Mi\u0119dzynarodowej Szko\u0142y Nauk Politycznych Uniwersytetu \u015al\u0105skiego w Katowicach \u2013 Filii Instytutu Nauk Politycznych w Bordeaux; II Nauczycielskiego Kolegium J\u0119zyk\u00f3w Obcych w Sosnowcu.<\/p>\n<p class=\"rtejustify\" style=\"text-align: left\">Odby\u0142a sta\u017c w Trybunale Administracyjnym w Pary\u017cu, w Campus International w Tulonie oraz sta\u017c pedagogiczny na Uniwersytecie Artois (Francja). Poza tym by\u0142a dyrektorem Biura Poselskiego Pos\u0142a Wojciecha Szaramy w Bytomiu, od 2008 roku jest cz\u0142onkiem Rady Programowej TVP Katowice i Komitetu Obywatelskiego miasta Piekary \u015al\u0105skie od 2000 roku. Za\u0142o\u017cycielka Piekarskiego Forum Kobiet, kt\u00f3re dzia\u0142a od 2007 roku. Radna Rady Miasta Piekary \u015al\u0105skie w kadencjach 2006-2010 i 2010-2014.<\/p>\n<\/div>\n<p>\n<\/div>\r\n                    <\/div>\r\n                <\/div>[\/vc_column][\/vc_row]<\/p>\n<p><\/p>","protected":false},"excerpt":{"rendered":"<p>[vc_row][vc_column][\/vc_column][\/vc_row] [&#8230;]<\/p>\n<p><a class=\"btn btn-secondary understrap-read-more-link\" href=\"https:\/\/us.edu.pl\/absolwent\/slawa-uminska-duraj-nasi-absolwenci\/\">Read More&#8230;<\/a><\/p>\n","protected":false},"author":1,"featured_media":0,"parent":0,"menu_order":0,"comment_status":"closed","ping_status":"closed","template":"","meta":{"_expiration-date-status":"saved","_expiration-date":0,"_expiration-date-type":"","_expiration-date-categories":[],"_expiration-date-options":[]},"acf":[],"_links":{"self":[{"href":"https:\/\/us.edu.pl\/absolwent\/wp-json\/wp\/v2\/pages\/603"}],"collection":[{"href":"https:\/\/us.edu.pl\/absolwent\/wp-json\/wp\/v2\/pages"}],"about":[{"href":"https:\/\/us.edu.pl\/absolwent\/wp-json\/wp\/v2\/types\/page"}],"author":[{"embeddable":true,"href":"https:\/\/us.edu.pl\/absolwent\/wp-json\/wp\/v2\/users\/1"}],"replies":[{"embeddable":true,"href":"https:\/\/us.edu.pl\/absolwent\/wp-json\/wp\/v2\/comments?post=603"}],"version-history":[{"count":2,"href":"https:\/\/us.edu.pl\/absolwent\/wp-json\/wp\/v2\/pages\/603\/revisions"}],"predecessor-version":[{"id":1204,"href":"https:\/\/us.edu.pl\/absolwent\/wp-json\/wp\/v2\/pages\/603\/revisions\/1204"}],"wp:attachment":[{"href":"https:\/\/us.edu.pl\/absolwent\/wp-json\/wp\/v2\/media?parent=603"}],"curies":[{"name":"wp","href":"https:\/\/api.w.org\/{rel}","templated":true}]}}