{"id":613,"date":"2019-10-15T14:43:33","date_gmt":"2019-10-15T12:43:33","guid":{"rendered":"https:\/\/us.edu.pl\/absolwent\/?page_id=613"},"modified":"2019-10-15T14:43:33","modified_gmt":"2019-10-15T12:43:33","slug":"jaroslaw-kaleta-nasi-absolwenci","status":"publish","type":"page","link":"https:\/\/us.edu.pl\/absolwent\/absolwencius\/nasi-absolwenci\/jaroslaw-kaleta-nasi-absolwenci\/","title":{"rendered":"Jaros\u0142aw Kaleta &#8211; Nasi Absolwenci"},"content":{"rendered":"<p>[vc_row][vc_column]\r\n                <div class=\"text-modules\">\r\n                    <div class=\"container\">\r\n                        <h3 class=\"page-title text__title\">Jaros\u0142aw Kaleta - Nasi Absolwenci<\/h3>\r\n                        <div class=\"text-modules__content\"><\/p>\n<p class=\"rtejustify\">Insp. Jaros\u0142aw Kaleta w 1991 roku uko\u0144czy\u0142 studia na Wydziale Techniki (obecnie Wydzia\u0142 Informatyki i Nauki o Materia\u0142ach), na kierunku nauka o materia\u0142ach, natomiast w 2004 roku podyplomowe studia na Wydziale Nauk Spo\u0142ecznych, na kierunku zarz\u0105dzanie przedsi\u0119biorstwem. S\u0142u\u017cb\u0119 w Policji rozpocz\u0105\u0142 w 1992 roku. W 1993 roku uko\u0144czy\u0142 szkolenie podstawowe w Centrum Szkolenia Policji w Legionowie, a w 1996 roku Wy\u017csz\u0105 Szko\u0142\u0119 Policji w Szczytnie, gdzie zosta\u0142 mianowany na pierwszy stopie\u0144 oficerski podkomisarza Policji. W latach 1992-1998 pe\u0142ni\u0142 s\u0142u\u017cb\u0119 w Komendzie Rejonowej Policji w Mys\u0142owicach, a od 1998 roku w O\u015brodku Szkolenia Policji KWP w Katowicach na stanowisku m\u0142odszego wyk\u0142adowcy. W latach 1999-2000 by\u0142 wyk\u0142adowc\u0105, a nast\u0119pnie starszym wyk\u0142adowc\u0105 Zak\u0142adu Prawa Szko\u0142y Policji w Katowicach. Od 2000 roku kontynuowa\u0142 s\u0142u\u017cb\u0119 na stanowisku kierownika Zak\u0142adu Prewencji Szko\u0142y Policji w Katowicach. 1 lipca 2006 roku zosta\u0142 mianowany na stanowisko Zast\u0119pcy Komendanta Szko\u0142y Policji w Katowicach, odpowiedzialnego za sprawy dydaktyczne. W latach 2011-2016 zajmowa\u0142 stanowisko Komendanta <a href=\"http:\/\/katowice.szkolapolicji.gov.pl\">Szko\u0142y Policji w Katowicach<\/a>.\u00a0Od maja 2016 jest Komendantem Wojew\u00f3dzkim Policji w Opolu. W 2018 roku otrzyma\u0142 generalski stopie\u0144.<\/p>\n<p class=\"rtejustify\">W roku 2008 zosta\u0142 wyr\u00f3\u017cniony Srebrn\u0105 Odznak\u0105 \u201eZas\u0142u\u017cony Policjant&#8221;, w 2009 roku otrzyma\u0142 Br\u0105zowy Medal \u201eZa d\u0142ugoletni\u0105 s\u0142u\u017cb\u0119&#8221;, w roku 2011 Z\u0142ot\u0105 Odznak\u0119 \u201eZas\u0142u\u017cony Policjant&#8221;, natomiast w 2013 roku Srebrny Medal \u201eZa d\u0142ugoletni\u0105 s\u0142u\u017cb\u0119&#8221;. Ponadto wyr\u00f3\u017cniony: medalem \u201ePro Patria&#8221;, Srebrnym Medalem \u201eOpiekuna Miejsc Pami\u0119ci Narodowej&#8221;, Srebrnym Medalem \u201eZa zas\u0142ugi dla obronno\u015bci kraju&#8221;, Z\u0142ot\u0105 Odznak\u0105 \u201eZa zas\u0142ugi w pracy penitencjarnej&#8221;, Srebrn\u0105 Odznak\u0105 \u201eZas\u0142u\u017cony dla S\u0142u\u017cby Celnej&#8221;, Br\u0105zowym Medalem \u201eZa Zas\u0142ugi dla Po\u017carnictwa&#8221; oraz Medalem \u201eZa zas\u0142ugi dla Policji Czeskiej&#8221;.<\/p>\n<p>\n<\/div>\r\n                    <\/div>\r\n                <\/div>[\/vc_column][\/vc_row]<\/p>","protected":false},"excerpt":{"rendered":"<p>[vc_row][vc_column][\/vc_column][\/vc_row] [&#8230;]<\/p>\n<p><a class=\"btn btn-secondary understrap-read-more-link\" href=\"https:\/\/us.edu.pl\/absolwent\/absolwencius\/nasi-absolwenci\/jaroslaw-kaleta-nasi-absolwenci\/\">Read More&#8230;<\/a><\/p>\n","protected":false},"author":1,"featured_media":0,"parent":331,"menu_order":0,"comment_status":"closed","ping_status":"closed","template":"","meta":{"_expiration-date-status":"","_expiration-date":0,"_expiration-date-type":"","_expiration-date-categories":[],"_expiration-date-options":[]},"acf":[],"_links":{"self":[{"href":"https:\/\/us.edu.pl\/absolwent\/wp-json\/wp\/v2\/pages\/613"}],"collection":[{"href":"https:\/\/us.edu.pl\/absolwent\/wp-json\/wp\/v2\/pages"}],"about":[{"href":"https:\/\/us.edu.pl\/absolwent\/wp-json\/wp\/v2\/types\/page"}],"author":[{"embeddable":true,"href":"https:\/\/us.edu.pl\/absolwent\/wp-json\/wp\/v2\/users\/1"}],"replies":[{"embeddable":true,"href":"https:\/\/us.edu.pl\/absolwent\/wp-json\/wp\/v2\/comments?post=613"}],"version-history":[{"count":1,"href":"https:\/\/us.edu.pl\/absolwent\/wp-json\/wp\/v2\/pages\/613\/revisions"}],"predecessor-version":[{"id":614,"href":"https:\/\/us.edu.pl\/absolwent\/wp-json\/wp\/v2\/pages\/613\/revisions\/614"}],"up":[{"embeddable":true,"href":"https:\/\/us.edu.pl\/absolwent\/wp-json\/wp\/v2\/pages\/331"}],"wp:attachment":[{"href":"https:\/\/us.edu.pl\/absolwent\/wp-json\/wp\/v2\/media?parent=613"}],"curies":[{"name":"wp","href":"https:\/\/api.w.org\/{rel}","templated":true}]}}