{"id":621,"date":"2019-10-15T15:13:17","date_gmt":"2019-10-15T13:13:17","guid":{"rendered":"https:\/\/us.edu.pl\/absolwent\/?page_id=621"},"modified":"2019-10-15T15:13:17","modified_gmt":"2019-10-15T13:13:17","slug":"barbara-suchowska-nasi-absolwenci","status":"publish","type":"page","link":"https:\/\/us.edu.pl\/absolwent\/absolwencius\/nasi-absolwenci\/barbara-suchowska-nasi-absolwenci\/","title":{"rendered":"Barbara Suchowska &#8211; Nasi Absolwenci"},"content":{"rendered":"<p>[vc_row][vc_column]\r\n                <div class=\"text-modules\">\r\n                    <div class=\"container\">\r\n                        <h3 class=\"page-title text__title\">Barbara Suchowska - Nasi Absolwenci<\/h3>\r\n                        <div class=\"text-modules__content\"><\/p>\n<div class=\"content\">\n<p class=\"rtejustify\">Uko\u0144czy\u0142a wy\u017csze studia na Wydziale Prawa i Administracji Uniwersytetu \u015al\u0105skiego w Katowicach, uzyskuj\u0105c 10 lipca 1984 roku tytu\u0142 magistra prawa. W okresie od 1.09.1984 do 2.10.1986 roku odbywa\u0142a etatow\u0105 aplikacj\u0119 s\u0105dow\u0105 w okr\u0119gu S\u0105du Wojew\u00f3dzkiego w Katowicach, zako\u0144czon\u0105 egzaminem s\u0119dziowskim. Obecnie jest Prezesem S\u0105du Apelacyjnego w Katowicach.<\/p>\n<p class=\"rtejustify\">Z dniem 3.10.1986 roku mianowana zosta\u0142a asesorem s\u0105dowym w okr\u0119gu S\u0105du Wojew\u00f3dzkiego w Katowicach i przydzielona do orzekania w S\u0105dzie Rejonowym w Chorzowie. 1.10.1988 roku obj\u0119\u0142a stanowisko s\u0119dziego S\u0105du Rejonowego w Chorzowie. W okresie od 9.03.1995 do 3.02.1998 roku zajmowa\u0142a stanowisko s\u0119dziego S\u0105du Wojew\u00f3dzkiego w Katowicach. 4.02.1998 r. obj\u0119\u0142a urz\u0105d s\u0119dziego S\u0105du Apelacyjnego w Katowicach. Od pocz\u0105tku pracy orzeka w sprawach karnych. W S\u0105dzie Apelacyjnym w Katowicach pe\u0142ni\u0142a funkcj\u0119 wizytatora do spraw karnych, wiceprezesa s\u0105du, a od 2014 roku jest Prezesem S\u0105du Apelacyjnego w Katowicach.<\/p>\n<\/div>\n<p>\n<\/div>\r\n                    <\/div>\r\n                <\/div>[\/vc_column][\/vc_row]<\/p>","protected":false},"excerpt":{"rendered":"<p>[vc_row][vc_column][\/vc_column][\/vc_row] [&#8230;]<\/p>\n<p><a class=\"btn btn-secondary understrap-read-more-link\" href=\"https:\/\/us.edu.pl\/absolwent\/absolwencius\/nasi-absolwenci\/barbara-suchowska-nasi-absolwenci\/\">Read More&#8230;<\/a><\/p>\n","protected":false},"author":1,"featured_media":0,"parent":331,"menu_order":0,"comment_status":"closed","ping_status":"closed","template":"","meta":{"_expiration-date-status":"","_expiration-date":0,"_expiration-date-type":"","_expiration-date-categories":[],"_expiration-date-options":[]},"acf":[],"_links":{"self":[{"href":"https:\/\/us.edu.pl\/absolwent\/wp-json\/wp\/v2\/pages\/621"}],"collection":[{"href":"https:\/\/us.edu.pl\/absolwent\/wp-json\/wp\/v2\/pages"}],"about":[{"href":"https:\/\/us.edu.pl\/absolwent\/wp-json\/wp\/v2\/types\/page"}],"author":[{"embeddable":true,"href":"https:\/\/us.edu.pl\/absolwent\/wp-json\/wp\/v2\/users\/1"}],"replies":[{"embeddable":true,"href":"https:\/\/us.edu.pl\/absolwent\/wp-json\/wp\/v2\/comments?post=621"}],"version-history":[{"count":1,"href":"https:\/\/us.edu.pl\/absolwent\/wp-json\/wp\/v2\/pages\/621\/revisions"}],"predecessor-version":[{"id":622,"href":"https:\/\/us.edu.pl\/absolwent\/wp-json\/wp\/v2\/pages\/621\/revisions\/622"}],"up":[{"embeddable":true,"href":"https:\/\/us.edu.pl\/absolwent\/wp-json\/wp\/v2\/pages\/331"}],"wp:attachment":[{"href":"https:\/\/us.edu.pl\/absolwent\/wp-json\/wp\/v2\/media?parent=621"}],"curies":[{"name":"wp","href":"https:\/\/api.w.org\/{rel}","templated":true}]}}