{"id":625,"date":"2019-10-15T15:15:23","date_gmt":"2019-10-15T13:15:23","guid":{"rendered":"https:\/\/us.edu.pl\/absolwent\/?page_id=625"},"modified":"2019-10-15T15:15:53","modified_gmt":"2019-10-15T13:15:53","slug":"wlodzimierz-wolczew-nasi-absolwenci","status":"publish","type":"page","link":"https:\/\/us.edu.pl\/absolwent\/absolwencius\/nasi-absolwenci\/wlodzimierz-wolczew-nasi-absolwenci\/","title":{"rendered":"W\u0142odzimierz Wo\u0142czew &#8211; Nasi Absolwenci"},"content":{"rendered":"<p>[vc_row][vc_column]\r\n                <div class=\"text-modules\">\r\n                    <div class=\"container\">\r\n                        <h3 class=\"page-title text__title\">W\u0142odzimierz Wo\u0142czew - Nasi Absolwenci<\/h3>\r\n                        <div class=\"text-modules__content\"><\/p>\n<div class=\"content\">\n<p><img class=\"imagefield imagefield-field_image alignleft\" src=\"http:\/\/absolwent.us.edu.pl\/sites\/absolwent.us.edu.pl\/files\/wlodzimierz_wolczew_v1_male.jpg?1425477147\" alt=\"\" width=\"200\" height=\"200\" \/><\/p>\n<div class=\"rtejustify\" style=\"text-align: left;\">Absolwent studi\u00f3w podyplomowych w zakresie Administracji i zarzadzania na Wydziale Prawa i Administracji Uniwersytetu \u015al\u0105skiego w Katowicach. Dyrektor Izby Celnej w Katowicach, nadinspektor S\u0142u\u017cby Celnej.<\/div>\n<div class=\"rtejustify\" style=\"text-align: left;\"><\/div>\n<div class=\"rtejustify\" style=\"text-align: left;\">Prac\u0119 zawodow\u0105 w administracji celnej rozpocz\u0105\u0142 w 1991 roku od stopnia m\u0142odszego kontrolera celnego w Urz\u0119dzie Celnym w Katowicach. W latach 1993-1996 zarz\u0105dza\u0142 Oddzia\u0142em Celnym w Bytomiu na stanowisku naczelnika oddzia\u0142u. Przechodz\u0105c kolejne szczeble kariery zawodowej pe\u0142ni\u0142 funkcje G\u0142\u00f3wnego inspektora w Urz\u0119dzie Celnym w Katowicach (1996), zast\u0119pcy dyrektora Urz\u0119du Celnego w Katowicach a nast\u0119pnie Izby Celnej w Katowicach (1997-2008). W okresie reorganizacji administracji celnej, przed dniem akcesji Polski do Unii Europejskiej, pe\u0142ni\u0142 obowi\u0105zki dyrektora Izby Celnej w Cieszynie (2003). W latach 2005-2006 realizowa\u0142 zadania s\u0142u\u017cbowe, pe\u0142ni\u0105c obowi\u0105zki dyrektora Izby Celnej w Bia\u0142ej Podlaskiej.<\/div>\n<div class=\"rtejustify\" style=\"text-align: left;\"><\/div>\n<div class=\"rtejustify\" style=\"text-align: left;\">W czerwcu 2008 roku minister finans\u00f3w Jacek Rostowski wyznaczy\u0142 W\u0142odzimierza Wo\u0142czewa do pe\u0142nienia obowi\u0105zk\u00f3w dyrektora Izby Celnej w Katowicach. W wyniku rozstrzygni\u0119cia konkursu od 23 grudnia 2008 roku zarz\u0105dza \u015bl\u0105sk\u0105 S\u0142u\u017cb\u0105 Celn\u0105, piastuj\u0105c stanowisko dyrektora Izby Celnej w Katowicach.<\/div>\n<div class=\"rtejustify\" style=\"text-align: left;\"><\/div>\n<div class=\"rtejustify\" style=\"text-align: left;\">Odznaczony w 2011 roku srebrnym medalem za \u201eD\u0142ugoletni\u0105 S\u0142u\u017cb\u0119\u201d, a w 2012 srebrn\u0105 odznak\u0105 \u201eZas\u0142u\u017cony dla S\u0142u\u017cby Celnej\u201d. 18 wrze\u015bnia 2014 roku z okazji Dnia S\u0142u\u017cby otrzyma\u0142 z r\u0105k Prezydenta RP Bronis\u0142awa Komorowskiego nominacj\u0119 na stopie\u0144 generalski nadinspektor S\u0142u\u017cby Celnej. Izba Celna w Katowicach pod kierownictwem W\u0142odzimierza Wo\u0142czewa otrzyma\u0142a w 2012 roku wyr\u00f3\u017cnienie specjalne Skrzyde\u0142 Merkurego od Izby Gospodarczej Eksporter\u00f3w i Importer\u00f3w w Mys\u0142owicach. W 2014 roku w dow\u00f3d uznania za wk\u0142ad \u015bl\u0105skiej S\u0142u\u017cby Celnej na rzecz aktywnego wspierania przedsi\u0119biorczo\u015bci otrzyma\u0142 Z\u0142oty Laur Umiej\u0119tno\u015bci i Kompetencji w kategorii \u201eosoba lub instytucja wspieraj\u0105ca rozw\u00f3j gospodarki rynkowej lub edukuj\u0105ca na potrzeby firm\u201d. Od 2015 nie jest ju\u017c szefem Izby Celnej w Katowicach.<\/div>\n<\/div>\n<p>\n<\/div>\r\n                    <\/div>\r\n                <\/div>[\/vc_column][\/vc_row]<\/p>","protected":false},"excerpt":{"rendered":"<p>[vc_row][vc_column][\/vc_column][\/vc_row] [&#8230;]<\/p>\n<p><a class=\"btn btn-secondary understrap-read-more-link\" href=\"https:\/\/us.edu.pl\/absolwent\/absolwencius\/nasi-absolwenci\/wlodzimierz-wolczew-nasi-absolwenci\/\">Read More&#8230;<\/a><\/p>\n","protected":false},"author":1,"featured_media":0,"parent":331,"menu_order":0,"comment_status":"closed","ping_status":"closed","template":"","meta":{"_expiration-date-status":"","_expiration-date":0,"_expiration-date-type":"","_expiration-date-categories":[],"_expiration-date-options":[]},"acf":[],"_links":{"self":[{"href":"https:\/\/us.edu.pl\/absolwent\/wp-json\/wp\/v2\/pages\/625"}],"collection":[{"href":"https:\/\/us.edu.pl\/absolwent\/wp-json\/wp\/v2\/pages"}],"about":[{"href":"https:\/\/us.edu.pl\/absolwent\/wp-json\/wp\/v2\/types\/page"}],"author":[{"embeddable":true,"href":"https:\/\/us.edu.pl\/absolwent\/wp-json\/wp\/v2\/users\/1"}],"replies":[{"embeddable":true,"href":"https:\/\/us.edu.pl\/absolwent\/wp-json\/wp\/v2\/comments?post=625"}],"version-history":[{"count":3,"href":"https:\/\/us.edu.pl\/absolwent\/wp-json\/wp\/v2\/pages\/625\/revisions"}],"predecessor-version":[{"id":1220,"href":"https:\/\/us.edu.pl\/absolwent\/wp-json\/wp\/v2\/pages\/625\/revisions\/1220"}],"up":[{"embeddable":true,"href":"https:\/\/us.edu.pl\/absolwent\/wp-json\/wp\/v2\/pages\/331"}],"wp:attachment":[{"href":"https:\/\/us.edu.pl\/absolwent\/wp-json\/wp\/v2\/media?parent=625"}],"curies":[{"name":"wp","href":"https:\/\/api.w.org\/{rel}","templated":true}]}}