{"id":633,"date":"2019-10-15T15:19:07","date_gmt":"2019-10-15T13:19:07","guid":{"rendered":"https:\/\/us.edu.pl\/absolwent\/?page_id=633"},"modified":"2019-10-15T15:19:07","modified_gmt":"2019-10-15T13:19:07","slug":"mateusz-klaczak-nasi-absolwenci","status":"publish","type":"page","link":"https:\/\/us.edu.pl\/absolwent\/absolwencius\/nasi-absolwenci\/mateusz-klaczak-nasi-absolwenci\/","title":{"rendered":"Mateusz Klaczak &#8211; Nasi Absolwenci"},"content":{"rendered":"<p>[vc_row][vc_column]\r\n                <div class=\"text-modules\">\r\n                    <div class=\"container\">\r\n                        <h3 class=\"page-title text__title\">Mateusz Klaczak - Nasi Absolwenci<\/h3>\r\n                        <div class=\"text-modules__content\"><\/p>\n<div class=\"content\">\n<p class=\"rtejustify\">Mateusz Klaczak jest absolwentem informatyki. Studia licencjackie uko\u0144czy\u0142 na Wydziale Matematyki, Fizyki i Chemii w Katowicach, natomiast magisterskie na Wydziale Informatyki i Nauki o Materia\u0142ach w Sosnowcu. W trakcie trwania studi\u00f3w podj\u0105\u0142 prac\u0119 w sp\u00f3\u0142ce Agora SA dla portalu <a href=\"http:\/\/Gazeta.pl\">Gazeta.pl<\/a> jako specjalista do spraw aplikacji internetowych (programowanie w Javie). W p\u00f3\u017aniejszym czasie obj\u0105\u0142 w sp\u00f3\u0142ce stanowisko kierownika dzia\u0142u programist\u00f3w. Po 6 latach pracy dla portalu Gazeta.pl postanowi\u0142 otworzy\u0107 w\u0142asn\u0105 dzia\u0142alno\u015b\u0107 gospodarcz\u0105 zwi\u0105zan\u0105 z produkcj\u0105 aplikacji na urz\u0105dzenia mobilne (programowanie w Javie) \u2013 firm\u0119 Bubble. W 2012 roku stworzy\u0142 popularn\u0105 gr\u0119 na smartfony z Android <a href=\"https:\/\/play.google.com\/store\/apps\/details?id=logos.quiz.companies.game&amp;hl=pl\">\u201eLogo Quiz&#8221;<\/a>.<\/p>\n<p class=\"rtejustify\"><strong>Dlaczego zdecydowa\u0142 si\u0119 Pan na podj\u0119cie studi\u00f3w na Uniwersytecie \u015al\u0105skim?<\/strong><\/p>\n<p class=\"rtejustify\">To jedna z lepszych uczelni na \u015al\u0105sku. Presti\u017c uczelni te\u017c mia\u0142 znaczenie.<\/p>\n<p class=\"rtejustify\"><strong>Jak wspomina Pan studia na Uniwersytecie \u015al\u0105skim?<\/strong><\/p>\n<p class=\"rtejustify\">Niekt\u00f3re przedmioty by\u0142y prowadzone na najwy\u017cszym poziomie i chyba mia\u0142em to szcz\u0119\u015bcie, \u017ce wi\u0119kszo\u015b\u0107 z nich akurat by\u0142a w moim kr\u0119gu zainteresowa\u0144: matematyka, algorytmy i struktury danych, bazy danych i w p\u00f3\u017aniejszym czasie programowanie. Niestety by\u0142o te\u017c mn\u00f3stwo przedmiot\u00f3w, kt\u00f3re mnie mniej interesowa\u0142y. W czasie studi\u00f3w marzy\u0142em o tym, \u017ceby mie\u0107 wyb\u00f3r pomi\u0119dzy r\u00f3\u017cnymi przedmiotami i m\u00f3c bardziej dostosowa\u0107 program nauczania do swoich potrzeb oraz zainteresowa\u0144.<\/p>\n<p class=\"rtejustify\"><strong>Dlaczego wybra\u0142 Pan dany kierunek studi\u00f3w?<\/strong><\/p>\n<p class=\"rtejustify\">Z pocz\u0105tku chcia\u0142em studiowa\u0107 architektur\u0119. P\u00f3\u017aniej stwierdzi\u0142em, \u017ce mo\u017ce lepsza w moim przypadku by\u0142aby informatyka. Lubi\u0142em w szkole wy\u0142\u0105cznie nauki \u015bcis\u0142e. By\u0142em zafascynowany komputerami. Cho\u0107 teraz wiem, \u017ce bardzo ma\u0142o o nich wtedy wiedzia\u0142em. Na komputerze w \u00f3wczesnym czasie tworzy\u0142em grafik\u0119 dla stron www, gra\u0142em w gry i troch\u0119 programowa\u0142em w j\u0119zyku PHP.<\/p>\n<p class=\"rtejustify\"><strong>Jakie s\u0105 Pana g\u0142\u00f3wne zadania i obszary dzia\u0142alno\u015bci zawodowej?<\/strong><\/p>\n<p class=\"rtejustify\">Moja praca wi\u0105\u017ce si\u0119 g\u0142\u00f3wnie z programowaniem w Javie i projektowaniem. Sam tworz\u0119 te\u017c cz\u0119sto grafik\u0119 do swoich produkt\u00f3w.<\/p>\n<p class=\"rtejustify\"><strong>Co sprawia Panu najwi\u0119ksz\u0105 satysfakcj\u0119 w pracy?<\/strong><\/p>\n<p class=\"rtejustify\">Najwi\u0119ksz\u0105 satysfakcj\u0119 sprawiaj\u0105 mi sukcesy. Pora\u017ck\u0119 natomiast rozumiem jako co\u015b z czego nale\u017cy wyci\u0105gn\u0105\u0107 wnioski. Pora\u017cka to dla mnie zawsze nauka. Tak te\u017c pisz\u0105 we wszystkich m\u0105drych ksi\u0105\u017ckach, ale to naprawd\u0119 ma sens.<\/p>\n<p class=\"rtejustify\"><strong>Co stanowi dla Pana najwi\u0119ksze wyzwanie zawodowe?<\/strong><\/p>\n<p class=\"rtejustify\">Wyzwaniem dla mnie jest tworzenie produkt\u00f3w jak najbardziej dopracowanych. Dopracowanych pod ka\u017cdym wzgl\u0119dem: od modelu biznesowego po ko\u0144cowy efekt wizualny. Istotne jest dla mnie r\u00f3wnie\u017c, \u017ceby m\u00f3j produkt znalaz\u0142 swoich odbiorc\u00f3w (a mo\u017ce nawet fan\u00f3w), bo wtedy naprawd\u0119 chce si\u0119 tworzy\u0107.<\/p>\n<p class=\"rtejustify\"><strong>Jakie umiej\u0119tno\u015bci i do\u015bwiadczenia zdobyte na Uczelni pomog\u0142y Panu w zdobyciu zatrudnienia?<\/strong><\/p>\n<p class=\"rtejustify\">Zdecydowanie wiedza na temat programowania i baz danych.<\/p>\n<p class=\"rtejustify\"><strong>Jak edukacja na Uniwersytecie \u015al\u0105skim wp\u0142yn\u0119\u0142a na wyb\u00f3r Pana drogi zawodowej? Kt\u00f3re do\u015bwiadczenia z czasu studi\u00f3w okaza\u0142y si\u0119 kluczowe w poszukiwaniu pracy?<\/strong><\/p>\n<p class=\"rtejustify\">Ju\u017c przed p\u00f3j\u015bciem na studia wiedzia\u0142em, \u017ce moje zainteresowania to grafika i programowanie. Nie interesowa\u0142y mnie sieci komputerowe i systemy operacyjne. Jak si\u0119 oczywi\u015bcie p\u00f3\u017aniej okaza\u0142o zar\u00f3wno podstawowa wiedza z sieci, jak i system\u00f3w jest niezb\u0119dna (np. w programowaniu sieciowym\/internetowym). Spor\u0105 nauk\u0119 zdoby\u0142em ucz\u0119szczaj\u0105c na zaj\u0119cia \u201eAlgorytmy i struktury danych\u201d do dr. Micha\u0142a Baczy\u0144skiego. \u015awietnie przygotowany materia\u0142, kt\u00f3ry mo\u017cna powiedzie\u0107 \u201eotworzy\u0142 mi oczy na \u015bwiat\u201d. Kolejnymi przedmiotami, kt\u00f3re by\u0142y dla mnie bardzo rozwojowe (cho\u0107 na pocz\u0105tku my\u015bla\u0142em, \u017ce b\u0119d\u0105 bardzo nudne) by\u0142y \u201eMatematyka dyskretna\u201d i \u201eKryptografia\u201d z dr. Mieczy\u0142awem Kul\u0105.<\/p>\n<p class=\"rtejustify\"><strong>Co radzi Pan kandydatom na studia i studentom U\u015a, kt\u00f3rzy wkr\u00f3tce wejd\u0105 na rynek pracy?<\/strong><\/p>\n<p class=\"rtejustify\">Kandydaci musz\u0105 by\u0107 zdeterminowani. Studia z mojego punktu widzenia na pocz\u0105tku s\u0105 najtrudniejsze. Je\u015bli po\u015bwi\u0119ci si\u0119 im jednak sporo czasu na samym pocz\u0105tku (pierwszy rok), to potem jest ju\u017c tylko \u0142atwiej i przyjemniej.<\/p>\n<p class=\"rtejustify\">Pocz\u0105tkuj\u0105cym studentom radz\u0119 by\u0107 dobrym przynajmniej w jednej dziedzinie. Na przyk\u0142ad je\u015bli kto\u015b chce zosta\u0107 programist\u0105, to powinien najwi\u0119cej uwagi po\u015bwi\u0119ci\u0107 programowaniu, matematyce, bazom danych, algorytmom itp. Na co innego nale\u017cy k\u0142a\u015b\u0107 nacisk w przypadku system\u00f3w, a jeszcze na co\u015b innego w przypadku sieci. Warto jednak wiedzie\u0107 jak najwi\u0119cej ze wszystkich dziedzin. Do teraz odczuwam niedobory wiedzy z zakresu sieci komputerowych, a w g\u0142\u00f3wnej mierze zajmuj\u0119 si\u0119 programowaniem. Wed\u0142ug mnie lepiej by\u0107 w czym\u015b dobrym, ni\u017c we wszystkim nijakim. Studentom trzeciego roku radz\u0119 zdecydowa\u0107 si\u0119 na podj\u0119cie jak\u0105kolwiek pracy lub praktyki zwi\u0105zanej z ich specjalizacj\u0105.<\/p>\n<\/div>\n<p>\n<\/div>\r\n                    <\/div>\r\n                <\/div>[\/vc_column][\/vc_row]<\/p>","protected":false},"excerpt":{"rendered":"<p>[vc_row][vc_column][\/vc_column][\/vc_row] [&#8230;]<\/p>\n<p><a class=\"btn btn-secondary understrap-read-more-link\" href=\"https:\/\/us.edu.pl\/absolwent\/absolwencius\/nasi-absolwenci\/mateusz-klaczak-nasi-absolwenci\/\">Read More&#8230;<\/a><\/p>\n","protected":false},"author":1,"featured_media":0,"parent":331,"menu_order":0,"comment_status":"closed","ping_status":"closed","template":"","meta":{"_expiration-date-status":"","_expiration-date":0,"_expiration-date-type":"","_expiration-date-categories":[],"_expiration-date-options":[]},"acf":[],"_links":{"self":[{"href":"https:\/\/us.edu.pl\/absolwent\/wp-json\/wp\/v2\/pages\/633"}],"collection":[{"href":"https:\/\/us.edu.pl\/absolwent\/wp-json\/wp\/v2\/pages"}],"about":[{"href":"https:\/\/us.edu.pl\/absolwent\/wp-json\/wp\/v2\/types\/page"}],"author":[{"embeddable":true,"href":"https:\/\/us.edu.pl\/absolwent\/wp-json\/wp\/v2\/users\/1"}],"replies":[{"embeddable":true,"href":"https:\/\/us.edu.pl\/absolwent\/wp-json\/wp\/v2\/comments?post=633"}],"version-history":[{"count":1,"href":"https:\/\/us.edu.pl\/absolwent\/wp-json\/wp\/v2\/pages\/633\/revisions"}],"predecessor-version":[{"id":634,"href":"https:\/\/us.edu.pl\/absolwent\/wp-json\/wp\/v2\/pages\/633\/revisions\/634"}],"up":[{"embeddable":true,"href":"https:\/\/us.edu.pl\/absolwent\/wp-json\/wp\/v2\/pages\/331"}],"wp:attachment":[{"href":"https:\/\/us.edu.pl\/absolwent\/wp-json\/wp\/v2\/media?parent=633"}],"curies":[{"name":"wp","href":"https:\/\/api.w.org\/{rel}","templated":true}]}}