{"id":653,"date":"2019-10-15T15:29:39","date_gmt":"2019-10-15T13:29:39","guid":{"rendered":"https:\/\/us.edu.pl\/absolwent\/?page_id=653"},"modified":"2019-10-15T15:29:39","modified_gmt":"2019-10-15T13:29:39","slug":"jerzy-jarosz-nasi-absolwenci","status":"publish","type":"page","link":"https:\/\/us.edu.pl\/absolwent\/absolwencius\/nasi-absolwenci\/jerzy-jarosz-nasi-absolwenci\/","title":{"rendered":"Jerzy Jarosz &#8211; Nasi Absolwenci"},"content":{"rendered":"<p>[vc_row][vc_column]\r\n                <div class=\"text-modules\">\r\n                    <div class=\"container\">\r\n                        <h3 class=\"page-title text__title\">Jerzy Jarosz - Nasi Absolwenci<\/h3>\r\n                        <div class=\"text-modules__content\"><\/p>\n<div class=\"eight columns\">\n<div id=\"top-center\" class=\"twelve columns\">\n<div id=\"node-3572\" class=\"node clear-block\">\n<div class=\"content\">\n<p><img class=\"imagefield imagefield-field_image alignleft\" src=\"http:\/\/absolwent.us.edu.pl\/sites\/absolwent.us.edu.pl\/files\/jarosz_jerzy.jpg?1417167391\" alt=\"\" width=\"250\" height=\"250\" \/><\/p>\n<p class=\"rtejustify\" style=\"text-align: left;\">Uko\u0144czy\u0142 fizyk\u0119 na Uniwersytecie \u015al\u0105skim. Fizyk, dydaktyk, nauczyciel akademicki, popularyzator nauki, a tak\u017ce pomys\u0142odawca i koordynator <a href=\"http:\/\/www.dzieci.us.edu.pl\/\">Uniwersytetu \u015al\u0105skiego Dzieci<\/a>. Jest kierownikiem\u00a0 Pracowni Dydaktyki Fizyki Uniwersytetu \u015al\u0105skiego oraz cz\u0142onkiem Polskiego Klubu Demonstrator\u00f3w Fizyki. Jest laureatem nagrody ZG PTF im. Krzysztofa Ernsta oraz zdobywc\u0105 tytu\u0142u \u201ePopularyzator nauki\u201d. Autor wielu prac z zakresu dydaktyki fizyki i eksperymentu dydaktycznego, a tak\u017ce autorskiego programu popularnonaukowego Cogito emitowanego przez TVP3.<\/p>\n<\/div>\n<div class=\"node-teaser-links\"><\/div>\n<\/div>\n<\/div>\n<\/div>\n<p>\n<\/div>\r\n                    <\/div>\r\n                <\/div>[\/vc_column][\/vc_row]<\/p>","protected":false},"excerpt":{"rendered":"<p>[vc_row][vc_column][\/vc_column][\/vc_row] [&#8230;]<\/p>\n<p><a class=\"btn btn-secondary understrap-read-more-link\" href=\"https:\/\/us.edu.pl\/absolwent\/absolwencius\/nasi-absolwenci\/jerzy-jarosz-nasi-absolwenci\/\">Read More&#8230;<\/a><\/p>\n","protected":false},"author":1,"featured_media":0,"parent":331,"menu_order":0,"comment_status":"closed","ping_status":"closed","template":"","meta":{"_expiration-date-status":"","_expiration-date":0,"_expiration-date-type":"","_expiration-date-categories":[],"_expiration-date-options":[]},"acf":[],"_links":{"self":[{"href":"https:\/\/us.edu.pl\/absolwent\/wp-json\/wp\/v2\/pages\/653"}],"collection":[{"href":"https:\/\/us.edu.pl\/absolwent\/wp-json\/wp\/v2\/pages"}],"about":[{"href":"https:\/\/us.edu.pl\/absolwent\/wp-json\/wp\/v2\/types\/page"}],"author":[{"embeddable":true,"href":"https:\/\/us.edu.pl\/absolwent\/wp-json\/wp\/v2\/users\/1"}],"replies":[{"embeddable":true,"href":"https:\/\/us.edu.pl\/absolwent\/wp-json\/wp\/v2\/comments?post=653"}],"version-history":[{"count":1,"href":"https:\/\/us.edu.pl\/absolwent\/wp-json\/wp\/v2\/pages\/653\/revisions"}],"predecessor-version":[{"id":654,"href":"https:\/\/us.edu.pl\/absolwent\/wp-json\/wp\/v2\/pages\/653\/revisions\/654"}],"up":[{"embeddable":true,"href":"https:\/\/us.edu.pl\/absolwent\/wp-json\/wp\/v2\/pages\/331"}],"wp:attachment":[{"href":"https:\/\/us.edu.pl\/absolwent\/wp-json\/wp\/v2\/media?parent=653"}],"curies":[{"name":"wp","href":"https:\/\/api.w.org\/{rel}","templated":true}]}}

<p>[vc_row][vc_column]
                <div class="text-modules">
                    <div class="container">
                        <h3 class="page-title text__title">Jerzy Jarosz - Nasi Absolwenci</h3>
                        <div class="text-modules__content"></p>
<div class="eight columns">
<div id="top-center" class="twelve columns">
<div id="node-3572" class="node clear-block">
<div class="content">
<p><img class="imagefield imagefield-field_image alignleft" src="http://absolwent.us.edu.pl/sites/absolwent.us.edu.pl/files/jarosz_jerzy.jpg?1417167391" alt="" width="250" height="250" /></p>
<p class="rtejustify" style="text-align: left;">Ukończył fizykę na Uniwersytecie Śląskim. Fizyk, dydaktyk, nauczyciel akademicki, popularyzator nauki, a także pomysłodawca i koordynator <a href="http://www.dzieci.us.edu.pl/">Uniwersytetu Śląskiego Dzieci</a>. Jest kierownikiem  Pracowni Dydaktyki Fizyki Uniwersytetu Śląskiego oraz członkiem Polskiego Klubu Demonstratorów Fizyki. Jest laureatem nagrody ZG PTF im. Krzysztofa Ernsta oraz zdobywcą tytułu „Popularyzator nauki”. Autor wielu prac z zakresu dydaktyki fizyki i eksperymentu dydaktycznego, a także autorskiego programu popularnonaukowego Cogito emitowanego przez TVP3.</p>
</div>
<div class="node-teaser-links"></div>
</div>
</div>
</div>
<p>
</div>
                    </div>
                </div>[/vc_column][/vc_row]</p>
