{"id":692,"date":"2019-10-15T16:02:29","date_gmt":"2019-10-15T14:02:29","guid":{"rendered":"https:\/\/us.edu.pl\/absolwent\/?page_id=692"},"modified":"2019-10-15T16:02:29","modified_gmt":"2019-10-15T14:02:29","slug":"jerzy-illg-nasi-absolwenci","status":"publish","type":"page","link":"https:\/\/us.edu.pl\/absolwent\/absolwencius\/nasi-absolwenci\/jerzy-illg-nasi-absolwenci\/","title":{"rendered":"Jerzy Illg \u2013 Nasi Absolwenci"},"content":{"rendered":"<p>[vc_row][vc_column]\r\n                <div class=\"text-modules\">\r\n                    <div class=\"container\">\r\n                        <h3 class=\"page-title text__title\">Jerzy Illg \u2013 Nasi Absolwenci<\/h3>\r\n                        <div class=\"text-modules__content\"><\/p>\n<p class=\"rtejustify\">Absolwent Filologii polskiej na Uniwersytecie \u015al\u0105skim w Katowicach, redaktor, wydawca, krytyk literacki, doktor nauk humanistycznych. Od 1983 roku redaktor, a od 1992 redaktor naczelny wydawnictwa Znak. W roku 1968 uczestniczy\u0142 w pierwszych zlotach polskich <em>hippies<\/em>.<\/p>\n<p class=\"rtejustify\">W latach 1974-1983 by\u0142 pracownikiem naukowym Wydzia\u0142u Filologicznego U\u015a. W stanie wojennym z przyczyn politycznych wyrzucony z U\u015al, co dzi\u015b poczytuje sobie za u\u015bmiech losu. Przed 1989 rokiem publikowa\u0142 w pismach drugiego obiegu i emigracyjnych.<\/p>\n<p>W 1986 zorganizowa\u0142 w swoim katowickim mieszkaniu mi\u0119dzynarodow\u0105 konferencj\u0119 o Milanie Kunderze. Przeprowadzi\u0142 i opublikowa\u0142 w polskich i zagranicznych pismach (\u201eRes Publica\u201d, \u201eTygodnik Powszechny\u201d, \u201eNaG\u0142os\u201d, \u201eLettres Internationales\u201d, \u201eCorriere della Sera\u201d) szereg wywiad\u00f3w, mi\u0119dzy innymi z Wis\u0142aw\u0105 Szymborsk\u0105, Czes\u0142awem Mi\u0142oszem, Josifem Brodskim, Tomasem Venclov\u0105, Kazimierzem Kutzem, Andriejem Tarkowskim, Zofi\u0105 Hertz. Trzykrotnie uczestniczy\u0142 w uroczysto\u015bciach noblowskich w Sztokholmie (Brodski \u2013 1987, Heaney \u2013 1995, Szymborska \u2013 1996), towarzysz\u0105c laureatom, kt\u00f3rych dzie\u0142a wydawa\u0142. W latach 1990-1997 by\u0142 redaktorem pisma literacko-artystycznego \u201eNaG\u0142os\u201d.<\/p>\n<p>W 1997 i 2000 roku organizowa\u0142 Krakowskie Spotkania Poet\u00f3w pod patronatem polskich noblist\u00f3w. W 1998 roku zorganizowa\u0142 w Honnold Library w Los Angeles wystaw\u0119 \u201eMi\u0142osz w obiegu niezale\u017cnym\u201d, towarzysz\u0105c\u0105 <em>International Czeslaw Milosz Festival<\/em> w Claremont, a w 2000 zrealizowa\u0142 w USA film dokumentalny <em>Czarodziejska G\u00f3ra<\/em> (w re\u017c. M. Zmarz-Koczanowicz), prezentuj\u0105cy ameryka\u0144ski portret Czes\u0142awa Mi\u0142osza. W 1996 roku wyg\u0142asza\u0142 wyk\u0142ady w California University w Berkeley i w Stanford University, w roku 2006 w Dublinie i Bostonie, za\u015b w roku 2010 na Festiwalu im. Thomasa Manna w Nidzie (Litwa) i na World Literary Festival w Seulu.<\/p>\n<p class=\"rtejustify\">W 2002 roku zosta\u0142 prezesem Stowarzyszenia Poezja i Muzyka, kt\u00f3re w latach 2002-2006 wsp\u00f3\u0142organizowa\u0142o \u2013 wraz z University of Houston \u2013 <em>Krakow Poetry Seminar<\/em> z udzia\u0142em przesz\u0142o 20 poet\u00f3w ameryka\u0144skich i 20 polskich. Od roku 2009 jest dyrektorem programowym kolejnych edycji Mi\u0119dzynarodowego Festiwalu Literackiego im. Czes\u0142awa Mi\u0142osza w Krakowie (2009, 2011, 2013, 2015). W 2006 i 2013 roku otrzyma\u0142 irlandzkie stypendium Fundacji Heinricha B\u00f6lla. Odznaczony Krzy\u017cem Kawalerskim Orderu Odrodzenia Polski \u201ePolonia Restituta\u201d, Srebrnym Medalem \u201eZas\u0142u\u017cony Kulturze Gloria Artis\u201d, i krakowskim odznaczeniem \u201eHonoris gratia\u201d.<\/p>\n<p class=\"rtejustify\">Publikacje: ksi\u0105\u017cki \u2013 <em>Divertimento sztokholmskie. Rozmowy z Josifem Brodskim<\/em>, \u201ePokolenie\u201d (\u201edrugi obieg\u201d), Warszawa 1988; <em>Kundera. Materia\u0142y z sympozjum<\/em> (red.), Londyn 1988; <em>Reszty nie trzeba. Rozmowy z Josifem Brodskim<\/em>, Katowice 1993; <em>\u201eTo miasto jest wsz\u0119dzie\u201d. Wiersze o Krakowie XX w.<\/em>, (wyb\u00f3r, opr. i wst\u0119p), Krak\u00f3w 2001; <em>Wiersze z Marc\u00f3wki<\/em>, Krak\u00f3w 2003; wspomnienia <em>M\u00f3j znak. O noblistach, kabaretach, przyja\u017aniach, ksi\u0105\u017ckach, kobietach<\/em>, Krak\u00f3w 2009. Ostatnio og\u0142osi\u0142 <em>S\u0142uch absolutny. Andrzej Szczeklik w rozmowie z Jerzym Illgiem<\/em>, Krak\u00f3w 2014 i<em> Rozmowy, <\/em>Krak\u00f3w 2014.<\/p>\n<p>\n<\/div>\r\n                    <\/div>\r\n                <\/div>[\/vc_column][\/vc_row]<\/p>","protected":false},"excerpt":{"rendered":"<p>[vc_row][vc_column][\/vc_column][\/vc_row] [&#8230;]<\/p>\n<p><a class=\"btn btn-secondary understrap-read-more-link\" href=\"https:\/\/us.edu.pl\/absolwent\/absolwencius\/nasi-absolwenci\/jerzy-illg-nasi-absolwenci\/\">Read More&#8230;<\/a><\/p>\n","protected":false},"author":1,"featured_media":0,"parent":331,"menu_order":0,"comment_status":"closed","ping_status":"closed","template":"","meta":{"_expiration-date-status":"","_expiration-date":0,"_expiration-date-type":"","_expiration-date-categories":[],"_expiration-date-options":[]},"acf":[],"_links":{"self":[{"href":"https:\/\/us.edu.pl\/absolwent\/wp-json\/wp\/v2\/pages\/692"}],"collection":[{"href":"https:\/\/us.edu.pl\/absolwent\/wp-json\/wp\/v2\/pages"}],"about":[{"href":"https:\/\/us.edu.pl\/absolwent\/wp-json\/wp\/v2\/types\/page"}],"author":[{"embeddable":true,"href":"https:\/\/us.edu.pl\/absolwent\/wp-json\/wp\/v2\/users\/1"}],"replies":[{"embeddable":true,"href":"https:\/\/us.edu.pl\/absolwent\/wp-json\/wp\/v2\/comments?post=692"}],"version-history":[{"count":1,"href":"https:\/\/us.edu.pl\/absolwent\/wp-json\/wp\/v2\/pages\/692\/revisions"}],"predecessor-version":[{"id":693,"href":"https:\/\/us.edu.pl\/absolwent\/wp-json\/wp\/v2\/pages\/692\/revisions\/693"}],"up":[{"embeddable":true,"href":"https:\/\/us.edu.pl\/absolwent\/wp-json\/wp\/v2\/pages\/331"}],"wp:attachment":[{"href":"https:\/\/us.edu.pl\/absolwent\/wp-json\/wp\/v2\/media?parent=692"}],"curies":[{"name":"wp","href":"https:\/\/api.w.org\/{rel}","templated":true}]}}

<p>[vc_row][vc_column]
                <div class="text-modules">
                    <div class="container">
                        <h3 class="page-title text__title">Jerzy Illg – Nasi Absolwenci</h3>
                        <div class="text-modules__content"></p>
<p class="rtejustify">Absolwent Filologii polskiej na Uniwersytecie Śląskim w Katowicach, redaktor, wydawca, krytyk literacki, doktor nauk humanistycznych. Od 1983 roku redaktor, a od 1992 redaktor naczelny wydawnictwa Znak. W roku 1968 uczestniczył w pierwszych zlotach polskich <em>hippies</em>.</p>
<p class="rtejustify">W latach 1974-1983 był pracownikiem naukowym Wydziału Filologicznego UŚ. W stanie wojennym z przyczyn politycznych wyrzucony z UŚl, co dziś poczytuje sobie za uśmiech losu. Przed 1989 rokiem publikował w pismach drugiego obiegu i emigracyjnych.</p>
<p>W 1986 zorganizował w swoim katowickim mieszkaniu międzynarodową konferencję o Milanie Kunderze. Przeprowadził i opublikował w polskich i zagranicznych pismach („Res Publica”, „Tygodnik Powszechny”, „NaGłos”, „Lettres Internationales”, „Corriere della Sera”) szereg wywiadów, między innymi z Wisławą Szymborską, Czesławem Miłoszem, Josifem Brodskim, Tomasem Venclovą, Kazimierzem Kutzem, Andriejem Tarkowskim, Zofią Hertz. Trzykrotnie uczestniczył w uroczystościach noblowskich w Sztokholmie (Brodski – 1987, Heaney – 1995, Szymborska – 1996), towarzysząc laureatom, których dzieła wydawał. W latach 1990-1997 był redaktorem pisma literacko-artystycznego „NaGłos”.</p>
<p>W 1997 i 2000 roku organizował Krakowskie Spotkania Poetów pod patronatem polskich noblistów. W 1998 roku zorganizował w Honnold Library w Los Angeles wystawę „Miłosz w obiegu niezależnym”, towarzyszącą <em>International Czeslaw Milosz Festival</em> w Claremont, a w 2000 zrealizował w USA film dokumentalny <em>Czarodziejska Góra</em> (w reż. M. Zmarz-Koczanowicz), prezentujący amerykański portret Czesława Miłosza. W 1996 roku wygłaszał wykłady w California University w Berkeley i w Stanford University, w roku 2006 w Dublinie i Bostonie, zaś w roku 2010 na Festiwalu im. Thomasa Manna w Nidzie (Litwa) i na World Literary Festival w Seulu.</p>
<p class="rtejustify">W 2002 roku został prezesem Stowarzyszenia Poezja i Muzyka, które w latach 2002-2006 współorganizowało – wraz z University of Houston – <em>Krakow Poetry Seminar</em> z udziałem przeszło 20 poetów amerykańskich i 20 polskich. Od roku 2009 jest dyrektorem programowym kolejnych edycji Międzynarodowego Festiwalu Literackiego im. Czesława Miłosza w Krakowie (2009, 2011, 2013, 2015). W 2006 i 2013 roku otrzymał irlandzkie stypendium Fundacji Heinricha Bölla. Odznaczony Krzyżem Kawalerskim Orderu Odrodzenia Polski „Polonia Restituta”, Srebrnym Medalem „Zasłużony Kulturze Gloria Artis”, i krakowskim odznaczeniem „Honoris gratia”.</p>
<p class="rtejustify">Publikacje: książki – <em>Divertimento sztokholmskie. Rozmowy z Josifem Brodskim</em>, „Pokolenie” („drugi obieg”), Warszawa 1988; <em>Kundera. Materiały z sympozjum</em> (red.), Londyn 1988; <em>Reszty nie trzeba. Rozmowy z Josifem Brodskim</em>, Katowice 1993; <em>„To miasto jest wszędzie”. Wiersze o Krakowie XX w.</em>, (wybór, opr. i wstęp), Kraków 2001; <em>Wiersze z Marcówki</em>, Kraków 2003; wspomnienia <em>Mój znak. O noblistach, kabaretach, przyjaźniach, książkach, kobietach</em>, Kraków 2009. Ostatnio ogłosił <em>Słuch absolutny. Andrzej Szczeklik w rozmowie z Jerzym Illgiem</em>, Kraków 2014 i<em> Rozmowy, </em>Kraków 2014.</p>
<p>
</div>
                    </div>
                </div>[/vc_column][/vc_row]</p>
