{"id":714,"date":"2019-10-15T16:24:37","date_gmt":"2019-10-15T14:24:37","guid":{"rendered":"https:\/\/us.edu.pl\/absolwent\/?page_id=714"},"modified":"2019-12-18T13:34:29","modified_gmt":"2019-12-18T12:34:29","slug":"jacek-siebel-nasi-absolwenci","status":"publish","type":"page","link":"https:\/\/us.edu.pl\/absolwent\/jacek-siebel-nasi-absolwenci\/","title":{"rendered":"Jacek Siebel &#8211; Nasi Absolwenci"},"content":{"rendered":"<p>[vc_row][vc_column]\r\n                <div class=\"text-modules\">\r\n                    <div class=\"container\">\r\n                        <h3 class=\"page-title text__title\">Jacek Siebel - Nasi Absolwenci<\/h3>\r\n                        <div class=\"text-modules__content\"><\/p>\n<div class=\"content\">\n<p class=\"rtejustify\">Absolwent studi\u00f3w historycznych na Wydziale Nauk Spo\u0142ecznych U\u015a. P\u00f3\u017aniej sko\u0144czy\u0142 Podyplomowe Studium Muzealnicze przy Wydziale Historycznym Uniwersytetu Warszawskiego oraz studia podyplomowe na kierunku menad\u017cer kultury w Akademii Ekonomicznej w Katowicach. Doktor nauk humanistycznych.<\/p>\n<p class=\"rtejustify\">Od 2013 roku jest Dyrektorem <a href=\"http:\/\/www.mhk.katowice.pl\/\">Muzeum Historii Katowic<\/a>.<\/p>\n<p class=\"rtejustify\">Autor ksi\u0105\u017cek: <em>Ko\u015bci\u00f3\u0142 pw. \u015bw. Micha\u0142a Archanio\u0142a w Katowicach<\/em>, Katowice 1998; <em>Dzieje Ornontowic<\/em>, Ornontowice 1999 (wsp\u00f3\u0142autor); <em>Ko\u015bci\u00f3\u0142 pod wezwaniem Matki Boskiej Cz\u0119stochowskiej w Podlesiu<\/em>, Katowice 2001; <em>Ko\u015bcio\u0142y Katowic w rysunkach 2002<\/em>, Katowice 2002; <em>Zawodowa Stra\u017c Po\u017carna w Katowicach 1903-2003<\/em>, Katowice 2003; <em>Z dziej\u00f3w Katowic<\/em>, Katowice 2005 (wsp\u00f3\u0142autor); <em>Stanis\u0142aw Ligo\u0144 1879,<\/em> Katowice 2006; <em>40 lat Uniwersytetu \u015al\u0105skiego. Szkic z dziej\u00f3w. Przewodnik po wystawie<\/em>, Katowice 2008; <em>Trzy wieki dziej\u00f3w rodziny Skib\u00f3w<\/em>, Katowice 2009 (wsp\u00f3\u0142autor); <em>Karlikowy dom. Stanis\u0142aw Ligo\u0144 1879-1954<\/em>, Katowice 2006; <em>40 lat Uniwersytetu \u015al\u0105skiego. Szkic z dziej\u00f3w, przewodnik po wystawie<\/em>, Katowice 2008; <em>Trzy wieki dziej\u00f3w rodziny Skib\u00f3w \u2013 prawdy i mity<\/em>, Katowice 2009 (wsp\u00f3\u0142autor); <em>Z dziej\u00f3w Bogucic<\/em>, Katowice 2011 (wsp\u00f3\u0142autor); <em>Ludno\u015b\u0107 parafii bogucickiej (woj. \u015bl\u0105skie) w latach 1738-1860<\/em> <em>(na podstawie ksi\u0105g metrykalnych)<\/em>, Katowice 2012 i licznych artyku\u0142\u00f3w naukowych oraz wystaw: <em>Poczt\u00f3wka z Katowic<\/em> (2000), <em>Zawodowa Stra\u017c Po\u017carna w Katowicach 1903-2003<\/em> (2003), <em>Z dziej\u00f3w Katowic<\/em> (2005), <em>40 lat Uniwersytetu \u015al\u0105skiego. Szkic z dziej\u00f3w <\/em>(2008).<\/p>\n<p class=\"rtejustify\">W latach 1998\u20132011 kierownik Dzia\u0142u Historii w Muzeum Historii Katowic, 2011\u20132013 &#8211; zast\u0119pca dyrektora Muzeum G\u00f3rnictwa W\u0119glowego w Zabrzu. Koordynator projektu \u201eInny \u015al\u0105sk. Inna rzeczywisto\u015b\u0107&#8221; (2012 rok). Od 2013 cz\u0142onek zespo\u0142u ds. wykorzystania i promocji dziedzictwa industrialnego wojew\u00f3dztwa \u015bl\u0105skiego. W tym samym roku zosta\u0142 dyrektorem Muzeum Historii Katowic, obecnie kontynuuje prac\u0119 na tym stanowisku. Jest cz\u0142onkiem rady muzealnej: Muzeum Miejskiego w Tychach (przewodnicz\u0105cy od 2013), w Muzeum \u201eG\u00f3rno\u015bl\u0105skim Parku Etnograficznym\u201d w Chorzowie (przewodnicz\u0105cy od 2015), Muzeum Miejskiego im. M. Chroboka w Rudzie \u015al\u0105skiej (od 2015), \u015al\u0105skiego Centrum Dziedzictwa Kulturowego w Katowicach (2015\u20132016), Muzeum w Tarnowskich G\u00f3rach (od 2017). Od marca 2017 Jacek Siebel jest cz\u0142onkiem rady programowej Regionalnego Instytutu Kultury w Katowicach, od kwietnia 2017 \u2013 rady Muzeum w Chorzowie, a od 2018 \u2013 rady Muzeum Zag\u0142\u0119bia w B\u0119dzinie. 15 lutego 2017 zosta\u0142 powo\u0142any przez prezesa na cz\u0142onka Komitetu Ochrony Pami\u0119ci Walk i M\u0119cze\u0144stwa przy Oddziale Instytutu Pami\u0119ci Narodowej \u2013 Komisji \u015acigania Zbrodni przeciwko Narodowi Polskiemu w Katowicach.<\/p>\n<p class=\"rtejustify\">Jacek Siebel zosta\u0142 odznaczony w 2013 roku br\u0105zowym medalem \u201eZa zas\u0142ugi dla po\u017carnictwa\u201d i w 2016 roku\u00a0 srebrn\u0105 odznak\u0105 \u201eZa Zas\u0142ugi dla Wojew\u00f3dztwa \u015al\u0105skiego\u201d. W 2015 otrzyma\u0142 honorowy tytu\u0142 Amicus Silesiae \u2013 Przyjaciel \u015al\u0105ska, przyznawany przez zarz\u0105d G\u00f3rno\u015bl\u0105skiego Towarzystwa Literackiego. W 2018 uhonorowany Z\u0142otym Laurem Umiej\u0119tno\u015bci i Kompetencji za 2017 rok. Otrzyma\u0142 r\u00f3wnie\u017c tytu\u0142 Honorowego Absolwenta Uniwersytetu \u015al\u0105skiego w 2018 r.<\/p>\n<\/div>\n<p>\n<\/div>\r\n                    <\/div>\r\n                <\/div>[\/vc_column][\/vc_row]<\/p>","protected":false},"excerpt":{"rendered":"<p>[vc_row][vc_column][\/vc_column][\/vc_row] [&#8230;]<\/p>\n<p><a class=\"btn btn-secondary understrap-read-more-link\" href=\"https:\/\/us.edu.pl\/absolwent\/jacek-siebel-nasi-absolwenci\/\">Read More&#8230;<\/a><\/p>\n","protected":false},"author":1,"featured_media":0,"parent":0,"menu_order":0,"comment_status":"closed","ping_status":"closed","template":"","meta":{"_expiration-date-status":"saved","_expiration-date":0,"_expiration-date-type":"","_expiration-date-categories":[],"_expiration-date-options":[]},"acf":[],"_links":{"self":[{"href":"https:\/\/us.edu.pl\/absolwent\/wp-json\/wp\/v2\/pages\/714"}],"collection":[{"href":"https:\/\/us.edu.pl\/absolwent\/wp-json\/wp\/v2\/pages"}],"about":[{"href":"https:\/\/us.edu.pl\/absolwent\/wp-json\/wp\/v2\/types\/page"}],"author":[{"embeddable":true,"href":"https:\/\/us.edu.pl\/absolwent\/wp-json\/wp\/v2\/users\/1"}],"replies":[{"embeddable":true,"href":"https:\/\/us.edu.pl\/absolwent\/wp-json\/wp\/v2\/comments?post=714"}],"version-history":[{"count":2,"href":"https:\/\/us.edu.pl\/absolwent\/wp-json\/wp\/v2\/pages\/714\/revisions"}],"predecessor-version":[{"id":1277,"href":"https:\/\/us.edu.pl\/absolwent\/wp-json\/wp\/v2\/pages\/714\/revisions\/1277"}],"wp:attachment":[{"href":"https:\/\/us.edu.pl\/absolwent\/wp-json\/wp\/v2\/media?parent=714"}],"curies":[{"name":"wp","href":"https:\/\/api.w.org\/{rel}","templated":true}]}}