{"id":821,"date":"2019-10-22T13:16:33","date_gmt":"2019-10-22T11:16:33","guid":{"rendered":"https:\/\/us.edu.pl\/absolwent\/?page_id=821"},"modified":"2021-03-01T10:33:44","modified_gmt":"2021-03-01T09:33:44","slug":"najlepsi-absolwenci-roku-akademickiego-2017-2018","status":"publish","type":"page","link":"https:\/\/us.edu.pl\/absolwent\/absolwencius\/najlepsi-absolwenci-poprzednie-edycje\/najlepsi-absolwenci-roku-akademickiego-2017-2018\/","title":{"rendered":"Najlepsi absolwenci roku akademickiego 2017\/2018"},"content":{"rendered":"<p>[vc_row][vc_column]\r\n                <div class=\"text-modules\">\r\n                    <div class=\"container\">\r\n                        <h3 class=\"page-title text__title\">Najlepsi absolwenci roku akademickiego 2017\/2018<\/h3>\r\n                        <div class=\"text-modules__content\"><\/p>\n<div class=\"content\">\n<p>W poniedzia\u0142ek 19 listopada 2018 roku o godz. 15.00 w auli im. Kazimierza Lepszego w rektoracie Uniwersytetu \u015al\u0105skiego odby\u0142a si\u0119 uroczysto\u015b\u0107 wr\u0119czenia dyplom\u00f3w najlepszym absolwentom roku akademickiego 2017\/2018.<\/p>\n<p>Najlepszym absolwentom rektor Uniwersytetu \u015al\u0105skiego w asy\u015bcie dziekan\u00f3w wydzia\u0142\u00f3w i dyrektor\u00f3w jednostek wr\u0119czy\u0142 dyplomy, listy gratulacyjne oraz zestawy upomink\u00f3w uniwersyteckich. Otrzymali r\u00f3wnie\u017c gratulacje od prezydent\u00f3w, burmistrz\u00f3w i w\u00f3jt\u00f3w miast, z kt\u00f3rych pochodz\u0105.<\/p>\n<p><strong>WYDZIA\u0141 ARTYSTYCZNY<\/strong><\/p>\n<p><a href=\"https:\/\/us.edu.pl\/absolwent\/najlepsi-absolwenci\/najlepsi-absolwenci-roku-akademickiego-2015-2016\/katarzyna-borkowska\/\">Katarzyna Borkowska<\/a><\/p>\n<p><a href=\"https:\/\/us.edu.pl\/absolwent\/najlepsi-absolwenci\/najlepsi-absolwenci-roku-akademickiego-2017-2018\/marcjanna-wysocka\/\">Marcjanna Wysocka<\/a><\/p>\n<p><strong>WYDZIA\u0141 BIOLOGII I OCHRONY \u015aRODOWISKA<\/strong><\/p>\n<p><a href=\"https:\/\/us.edu.pl\/absolwent\/najlepsi-absolwenci\/najlepsi-absolwenci-roku-akademickiego-2017-2018\/daria-chlebek\/\">Daria Chlebek<\/a><\/p>\n<p><strong>WYDZIA\u0141 ETNOLOGII I NAUK O EDUKACJI<\/strong><\/p>\n<p><a href=\"https:\/\/us.edu.pl\/absolwent\/najlepsi-absolwenci\/najlepsi-absolwenci-roku-akademickiego-2017-2018\/anton-dragomiletskii\/\">Anton Dragomiletskii<\/a><\/p>\n<p><a href=\"https:\/\/us.edu.pl\/absolwent\/najlepsi-absolwenci\/najlepsi-absolwenci-roku-akademickiego-2017-2018\/lukasz-matusiak\/\">\u0141ukasz Matusiak<\/a><\/p>\n<p><strong>WYDZIA\u0141 FILOLOGICZNY<\/strong><\/p>\n<p><a href=\"https:\/\/us.edu.pl\/absolwent\/najlepsi-absolwenci\/najlepsi-absolwenci-roku-akademickiego-2017-2018\/dawid-bronowski\/\">Dawid Bronowski<\/a><\/p>\n<p><a href=\"https:\/\/us.edu.pl\/absolwent\/najlepsi-absolwenci\/najlepsi-absolwenci-roku-akademickiego-2017-2018\/ilona-chylinska\/\">Ilona Chyli\u0144ska<\/a><\/p>\n<p><a href=\"https:\/\/us.edu.pl\/absolwent\/najlepsi-absolwenci\/najlepsi-absolwenci-roku-akademickiego-2017-2018\/kamil-krakowiecki\/\">Kamil Krakowiecki<\/a><\/p>\n<p><a href=\"https:\/\/us.edu.pl\/absolwent\/najlepsi-absolwenci\/najlepsi-absolwenci-roku-akademickiego-2017-2018\/dorota-smyla\/\">Dorota Smy\u0142a<\/a><\/p>\n<p><strong>WYDZIA\u0141 INFORMATYKI I NAUKI O MATERIA\u0141ACH<\/strong><\/p>\n<p><a href=\"https:\/\/us.edu.pl\/absolwent\/najlepsi-absolwenci\/najlepsi-absolwenci-roku-akademickiego-2017-2018\/jagoda-bortel\/\">Jagoda Bortel<\/a><\/p>\n<p><a href=\"https:\/\/us.edu.pl\/absolwent\/najlepsi-absolwenci\/najlepsi-absolwenci-roku-akademickiego-2017-2018\/artur-ostafin\/\">Artur Ostafin<\/a><\/p>\n<p><a href=\"https:\/\/us.edu.pl\/absolwent\/najlepsi-absolwenci\/najlepsi-absolwenci-roku-akademickiego-2017-2018\/diana-szalbot\/\">Diana Szalbot<\/a><\/p>\n<p><a href=\"https:\/\/us.edu.pl\/absolwent\/najlepsi-absolwenci\/najlepsi-absolwenci-roku-akademickiego-2017-2018\/adrian-zielinski\/\">Adrian Zieli\u0144ski<\/a><\/p>\n<p><strong>WYDZIA\u0141 NAUK O ZIEMI<\/strong><\/p>\n<p><a href=\"https:\/\/us.edu.pl\/absolwent\/najlepsi-absolwenci\/najlepsi-absolwenci-roku-akademickiego-2017-2018\/sandra-herber\/\">Sandra Herber<\/a><\/p>\n<p><a href=\"https:\/\/us.edu.pl\/absolwent\/najlepsi-absolwenci\/najlepsi-absolwenci-roku-akademickiego-2017-2018\/anna-knap\/\">Anna Knap<\/a><\/p>\n<p><a href=\"https:\/\/us.edu.pl\/absolwent\/najlepsi-absolwenci\/najlepsi-absolwenci-roku-akademickiego-2017-2018\/aleksandra-liszka\/\">Aleksandra Liszka<\/a><\/p>\n<p><strong>WYDZIA\u0141 NAUK SPO\u0141ECZNYCH<\/strong><\/p>\n<p><a href=\"https:\/\/us.edu.pl\/absolwent\/najlepsi-absolwenci\/najlepsi-absolwenci-roku-akademickiego-2017-2018\/adrian-drynda\/\">Adrian Drynda<\/a><\/p>\n<p><a href=\"https:\/\/us.edu.pl\/absolwent\/najlepsi-absolwenci\/najlepsi-absolwenci-roku-akademickiego-2017-2018\/olga-malysa\/\">Olga Ma\u0142ysa<\/a><\/p>\n<p><strong>WYDZIA\u0141 PEDAGOGIKI I PSYCHOLOGII<\/strong><\/p>\n<p><a href=\"https:\/\/us.edu.pl\/absolwent\/najlepsi-absolwenci\/najlepsi-absolwenci-roku-akademickiego-2017-2018\/magdalena-berek\/\">Magdalena Berek<\/a><\/p>\n<p><a href=\"https:\/\/us.edu.pl\/absolwent\/najlepsi-absolwenci\/najlepsi-absolwenci-roku-akademickiego-2017-2018\/joanna-gierat\/\">Joanna Gierat<\/a><\/p>\n<p><a href=\"https:\/\/us.edu.pl\/absolwent\/najlepsi-absolwenci\/najlepsi-absolwenci-roku-akademickiego-2017-2018\/daria-krawczyk\/\">Daria Krawczyk<\/a><\/p>\n<p><a href=\"https:\/\/us.edu.pl\/absolwent\/najlepsi-absolwenci\/najlepsi-absolwenci-roku-akademickiego-2017-2018\/aleksandra-wierzchon\/\">Aleksandra Wierzcho\u0144<\/a><\/p>\n<p><strong>WYDZIA\u0141 PRAWA I ADMINISTRACJI<\/strong><\/p>\n<p><a href=\"https:\/\/us.edu.pl\/absolwent\/najlepsi-absolwenci\/najlepsi-absolwenci-roku-akademickiego-2017-2018\/agnieszka-jedrulok\/\">Agnieszka J\u0119drulok<\/a><\/p>\n<p><a href=\"https:\/\/us.edu.pl\/absolwent\/najlepsi-absolwenci\/najlepsi-absolwenci-roku-akademickiego-2017-2018\/aleksandra-kopec\/\">Aleksandra Kope\u0107<\/a><\/p>\n<p><a href=\"https:\/\/us.edu.pl\/absolwent\/najlepsi-absolwenci\/najlepsi-absolwenci-roku-akademickiego-2017-2018\/aneta-kotyja\/\">Aneta Kotyja<\/a><\/p>\n<p><a href=\"https:\/\/us.edu.pl\/absolwent\/najlepsi-absolwenci\/najlepsi-absolwenci-roku-akademickiego-2017-2018\/aneta-paleczna\/\">Aneta Paleczna<\/a><\/p>\n<p><strong>WYDZIA\u0141 TEOLOGICZNY<\/strong><\/p>\n<p><a href=\"https:\/\/us.edu.pl\/absolwent\/najlepsi-absolwenci\/najlepsi-absolwenci-roku-akademickiego-2017-2018\/ks-bartlomiej-cudzilo\/\">ks. Bart\u0142omiej Cudzi\u0142o<\/a><\/p>\n<p><a href=\"https:\/\/us.edu.pl\/absolwent\/najlepsi-absolwenci\/najlepsi-absolwenci-roku-akademickiego-2017-2018\/marcin-sebastian-szewczyk\/\">Marcin Sebastian Szewczyk<\/a><\/p>\n<p><strong>KOLEGIUM INDYWIDUALNYCH STUDI\u00d3W MI\u0118DZYOBSZAROWYCH<\/strong><\/p>\n<p><a href=\"https:\/\/us.edu.pl\/absolwent\/najlepsi-absolwenci\/najlepsi-absolwenci-roku-akademickiego-2017-2018\/anna-depta\/\">Anna Depta<\/a><\/p>\n<p><strong>SZKO\u0141A ZARZ\u0104DZANIA<\/strong><\/p>\n<p>Klaudia Wyskiel<\/p>\n<\/div>\n<p>\n<\/div>\r\n                    <\/div>\r\n                <\/div>[\/vc_column][\/vc_row]<\/p>","protected":false},"excerpt":{"rendered":"<p>[vc_row][vc_column][\/vc_column][\/vc_row] [&#8230;]<\/p>\n<p><a class=\"btn btn-secondary understrap-read-more-link\" href=\"https:\/\/us.edu.pl\/absolwent\/absolwencius\/najlepsi-absolwenci-poprzednie-edycje\/najlepsi-absolwenci-roku-akademickiego-2017-2018\/\">Read More&#8230;<\/a><\/p>\n","protected":false},"author":1,"featured_media":0,"parent":279,"menu_order":0,"comment_status":"closed","ping_status":"closed","template":"page-templates\/inner-page.php","meta":{"_expiration-date-status":"saved","_expiration-date":0,"_expiration-date-type":"","_expiration-date-categories":[],"_expiration-date-options":[]},"acf":[],"_links":{"self":[{"href":"https:\/\/us.edu.pl\/absolwent\/wp-json\/wp\/v2\/pages\/821"}],"collection":[{"href":"https:\/\/us.edu.pl\/absolwent\/wp-json\/wp\/v2\/pages"}],"about":[{"href":"https:\/\/us.edu.pl\/absolwent\/wp-json\/wp\/v2\/types\/page"}],"author":[{"embeddable":true,"href":"https:\/\/us.edu.pl\/absolwent\/wp-json\/wp\/v2\/users\/1"}],"replies":[{"embeddable":true,"href":"https:\/\/us.edu.pl\/absolwent\/wp-json\/wp\/v2\/comments?post=821"}],"version-history":[{"count":10,"href":"https:\/\/us.edu.pl\/absolwent\/wp-json\/wp\/v2\/pages\/821\/revisions"}],"predecessor-version":[{"id":1735,"href":"https:\/\/us.edu.pl\/absolwent\/wp-json\/wp\/v2\/pages\/821\/revisions\/1735"}],"up":[{"embeddable":true,"href":"https:\/\/us.edu.pl\/absolwent\/wp-json\/wp\/v2\/pages\/279"}],"wp:attachment":[{"href":"https:\/\/us.edu.pl\/absolwent\/wp-json\/wp\/v2\/media?parent=821"}],"curies":[{"name":"wp","href":"https:\/\/api.w.org\/{rel}","templated":true}]}}