{"id":940,"date":"2019-11-28T13:39:54","date_gmt":"2019-11-28T12:39:54","guid":{"rendered":"https:\/\/us.edu.pl\/absolwent\/?page_id=940"},"modified":"2021-03-01T10:46:50","modified_gmt":"2021-03-01T09:46:50","slug":"marcjanna-wysocka","status":"publish","type":"page","link":"https:\/\/us.edu.pl\/absolwent\/absolwencius\/najlepsi-absolwenci-poprzednie-edycje\/najlepsi-absolwenci-roku-akademickiego-2017-2018\/marcjanna-wysocka\/","title":{"rendered":"Marcjanna Wysocka"},"content":{"rendered":"<p>[vc_row][vc_column]\r\n                <div class=\"text-modules\">\r\n                    <div class=\"container\">\r\n                        <h3 class=\"page-title text__title\">Marcjanna Wysocka<\/h3>\r\n                        <div class=\"text-modules__content\"><p>Absolwentka studi\u00f3w magisterskich na kierunku Edukacja Artystyczna w Zakresie Sztuk Plastycznych, specjalno\u015b\u0107 Rze\u017abiarskie Kszta\u0142towanie Przestrzeni, gdzie uzyska\u0142a ocen\u0119 celuj\u0105c\u0105 oraz Malarstwa i Projekt\u00f3w Interdyscyplinarnych. Uzyska\u0142a stypendium rektora za wysok\u0105 \u015bredni\u0105 i osi\u0105gniecia artystyczne w roku 2016\/2017 oraz stypendium burmistrza miasta Kalety. Uczestniczka licznych przegl\u0105d\u00f3w artystycznych oraz wystaw w tym m.in.: Indywidualna wystawa rysunku w Galerii Kultury w Wo\u017anikach \u015al\u0105skich, (2018), Plener rze\u017abiarski w Centrum Rze\u017aby Polskiej w Oro\u0144sku (2017), wystawa poplenerowa, Udzia\u0142 w Mi\u0119dzynarodowym Biennale Rysunku w Skopie (2018).<\/p>\n<\/div>\r\n                    <\/div>\r\n                <\/div>[\/vc_column][\/vc_row]<\/p>","protected":false},"excerpt":{"rendered":"<p>[vc_row][vc_column][\/vc_column][\/vc_row] [&#8230;]<\/p>\n<p><a class=\"btn btn-secondary understrap-read-more-link\" href=\"https:\/\/us.edu.pl\/absolwent\/absolwencius\/najlepsi-absolwenci-poprzednie-edycje\/najlepsi-absolwenci-roku-akademickiego-2017-2018\/marcjanna-wysocka\/\">Read More&#8230;<\/a><\/p>\n","protected":false},"author":33,"featured_media":0,"parent":821,"menu_order":0,"comment_status":"closed","ping_status":"closed","template":"","meta":{"_expiration-date-status":"saved","_expiration-date":0,"_expiration-date-type":"","_expiration-date-categories":[],"_expiration-date-options":[]},"acf":[],"_links":{"self":[{"href":"https:\/\/us.edu.pl\/absolwent\/wp-json\/wp\/v2\/pages\/940"}],"collection":[{"href":"https:\/\/us.edu.pl\/absolwent\/wp-json\/wp\/v2\/pages"}],"about":[{"href":"https:\/\/us.edu.pl\/absolwent\/wp-json\/wp\/v2\/types\/page"}],"author":[{"embeddable":true,"href":"https:\/\/us.edu.pl\/absolwent\/wp-json\/wp\/v2\/users\/33"}],"replies":[{"embeddable":true,"href":"https:\/\/us.edu.pl\/absolwent\/wp-json\/wp\/v2\/comments?post=940"}],"version-history":[{"count":2,"href":"https:\/\/us.edu.pl\/absolwent\/wp-json\/wp\/v2\/pages\/940\/revisions"}],"predecessor-version":[{"id":1737,"href":"https:\/\/us.edu.pl\/absolwent\/wp-json\/wp\/v2\/pages\/940\/revisions\/1737"}],"up":[{"embeddable":true,"href":"https:\/\/us.edu.pl\/absolwent\/wp-json\/wp\/v2\/pages\/821"}],"wp:attachment":[{"href":"https:\/\/us.edu.pl\/absolwent\/wp-json\/wp\/v2\/media?parent=940"}],"curies":[{"name":"wp","href":"https:\/\/api.w.org\/{rel}","templated":true}]}}