{"id":987,"date":"2019-11-28T14:06:14","date_gmt":"2019-11-28T13:06:14","guid":{"rendered":"https:\/\/us.edu.pl\/absolwent\/?page_id=987"},"modified":"2021-03-01T13:12:47","modified_gmt":"2021-03-01T12:12:47","slug":"aneta-kotyja","status":"publish","type":"page","link":"https:\/\/us.edu.pl\/absolwent\/absolwencius\/najlepsi-absolwenci-poprzednie-edycje\/najlepsi-absolwenci-roku-akademickiego-2017-2018\/aneta-kotyja\/","title":{"rendered":"Aneta Kotyja"},"content":{"rendered":"<p>[vc_row][vc_column]\r\n                <div class=\"text-modules\">\r\n                    <div class=\"container\">\r\n                        <h3 class=\"page-title text__title\">Aneta Kotyja<\/h3>\r\n                        <div class=\"text-modules__content\"><p>Absolwentka Prawa na Wydziale Prawa i Administracji, z ocen\u0105 celuj\u0105c\u0105. Studentka studi\u00f3w doktoranckich z Prawa. Uczestniczka konferencji naukowych min.: Og\u00f3lnopolskiej Konferencji Naukowej \u201eWsp\u00f3\u0142czesne problemy prawa rolnego i \u017cywno\u015bciowego\u201d Katowice, wyst\u0105pienie pt.: \u201ePrawne uwarunkowania trwa\u0142o\u015bci \u015brodk\u00f3w spo\u017cywczych, a przeciwdzia\u0142anie marnowaniu \u017cywno\u015bci\u201d,\u00a0Og\u00f3lnopolska Konferencja Naukowa CETA 2017, wyst\u0105pienie pt: \u201eZasada ostro\u017cno\u015bci w prawie \u017cywno\u015bciowym, a ekwiwalentno\u015b\u0107 w umowie CETA\u201d. Autorka publikacji naukowych min.: \u201ePrawne uwarunkowania trwa\u0142o\u015bci \u015brodk\u00f3w spo\u017cywczych, a przeciwdzia\u0142anie marnowaniu \u017cywno\u015bci\u201d, \u201eZasada ostro\u017cno\u015bci w prawie \u017cywno\u015bciowym, w \u015bwietle ekwiwaletno\u015bci w umowie CETA [w]:\u00a0Kompleksowa umowa gospodarczo-handlowa CETA \u2013 szanse i wyzwania, Katowice 2018, Wydawnictwo U\u015a. Stypendystka Rektora U\u015a w latach 2014-2018. Cz\u0142onek Rady Samorz\u0105du Studenckiego WPiA w latach 2014-2018, koordynator ds. Organizacji Studenckich Wydzia\u0142u Prawa i Administracji w latach 2016-2017, przedstawicielka student\u00f3w w Kolegium Elektor\u00f3w U\u015a w latach 2016-2020. Interesuje si\u0119 histori\u0105 nowo\u017cytn\u0105, literatur\u0105 polsk\u0105 oraz jazd\u0105 na rowerze.<\/p>\n<\/div>\r\n                    <\/div>\r\n                <\/div>[\/vc_column][\/vc_row]<\/p>","protected":false},"excerpt":{"rendered":"<p>[vc_row][vc_column][\/vc_column][\/vc_row] [&#8230;]<\/p>\n<p><a class=\"btn btn-secondary understrap-read-more-link\" href=\"https:\/\/us.edu.pl\/absolwent\/absolwencius\/najlepsi-absolwenci-poprzednie-edycje\/najlepsi-absolwenci-roku-akademickiego-2017-2018\/aneta-kotyja\/\">Read More&#8230;<\/a><\/p>\n","protected":false},"author":33,"featured_media":0,"parent":821,"menu_order":0,"comment_status":"closed","ping_status":"closed","template":"","meta":{"_expiration-date-status":"saved","_expiration-date":0,"_expiration-date-type":"","_expiration-date-categories":[],"_expiration-date-options":[]},"acf":[],"_links":{"self":[{"href":"https:\/\/us.edu.pl\/absolwent\/wp-json\/wp\/v2\/pages\/987"}],"collection":[{"href":"https:\/\/us.edu.pl\/absolwent\/wp-json\/wp\/v2\/pages"}],"about":[{"href":"https:\/\/us.edu.pl\/absolwent\/wp-json\/wp\/v2\/types\/page"}],"author":[{"embeddable":true,"href":"https:\/\/us.edu.pl\/absolwent\/wp-json\/wp\/v2\/users\/33"}],"replies":[{"embeddable":true,"href":"https:\/\/us.edu.pl\/absolwent\/wp-json\/wp\/v2\/comments?post=987"}],"version-history":[{"count":3,"href":"https:\/\/us.edu.pl\/absolwent\/wp-json\/wp\/v2\/pages\/987\/revisions"}],"predecessor-version":[{"id":1761,"href":"https:\/\/us.edu.pl\/absolwent\/wp-json\/wp\/v2\/pages\/987\/revisions\/1761"}],"up":[{"embeddable":true,"href":"https:\/\/us.edu.pl\/absolwent\/wp-json\/wp\/v2\/pages\/821"}],"wp:attachment":[{"href":"https:\/\/us.edu.pl\/absolwent\/wp-json\/wp\/v2\/media?parent=987"}],"curies":[{"name":"wp","href":"https:\/\/api.w.org\/{rel}","templated":true}]}}