{"id":91,"date":"2022-02-15T14:44:06","date_gmt":"2022-02-15T13:44:06","guid":{"rendered":"http:\/\/us.edu.pl\/centra-badawcze\/cbpr\/?page_id=91"},"modified":"2022-07-18T13:44:46","modified_gmt":"2022-07-18T11:44:46","slug":"prawna-ochrona-zwierzat","status":"publish","type":"page","link":"https:\/\/us.edu.pl\/centra-badawcze\/cbpr\/en\/inicjatywy\/prawna-ochrona-zwierzat\/","title":{"rendered":"legal protection of animals"},"content":{"rendered":"<p>[vc_row el_class=&#8221;container&#8221;][vc_column width=&#8221;1\/6&#8243;][\/vc_column][vc_column width=&#8221;2\/3&#8243;]\r\n                <div class=\"text-modules\">\r\n                    <div class=\"container\">\r\n                        <h3 class=\"page-title text__title\">Legal protection of animals<\/h3>\r\n                        <div class=\"text-modules__content\"><p>The coordinator for the legal protection of animals: Prof. Tomasz Pietrzykowski.<\/p>\n<p>As part of this activity, the following two seminars took place:<\/p>\n<ul style=\"list-style-type: square;\">\n<li>\u201cWhat is missing from the law on animal protection?\u201d,<\/li>\n<li>\u201cAnimal Law: Ethics-Law-Constitutions\u201d.<\/li>\n<\/ul>\n<p>Additionally, in cooperation with barrister Karolina Kuszlewicz, \u201cZa\u0142o\u017cenia projektu ustawy o zmianie ustawy o ochronie zwierz\u0105t oraz niekt\u00f3rych innych ustaw\u201d (Assumptions of the draft law on amendments to the Law on the Protection of Animals and other laws) were developed (<a href=\"http:\/\/us.edu.pl\/centra-badawcze\/cbpr\/wp-content\/uploads\/sites\/71\/pliki\/Zwierzeta_wolnozyjace.pdf\" class=\"mtli_attachment mtli_pdf\" class=\"mtli_attachment mtli_pdf\">download the file<\/a>).<\/p>\n<p>Publications being currently written:<\/p>\n<ul style=\"list-style-type: square;\">\n<li>Guide \u201cDuties of municipalities and cities towards animals\u201d.<\/li>\n<\/ul>\n<p>\n<\/div>\r\n                    <\/div>\r\n                <\/div>[\/vc_column][vc_column width=&#8221;1\/6&#8243;][\/vc_column][\/vc_row]<\/p>","protected":false},"excerpt":{"rendered":"<p>[vc_row el_class=&#8221;container&#8221;][vc_column width=&#8221;1\/6&#8243;][\/vc_column][vc_column width=&#8221;2\/3&#8243;][\/vc_column][vc_column width=&#8221;1\/6&#8243;][\/vc_column][\/vc_row] [&#8230;]<\/p>\n<p><a class=\"btn btn-secondary understrap-read-more-link\" href=\"https:\/\/us.edu.pl\/centra-badawcze\/cbpr\/en\/inicjatywy\/prawna-ochrona-zwierzat\/\">Read More&#8230;<\/a><\/p>\n","protected":false},"author":33,"featured_media":0,"parent":87,"menu_order":0,"comment_status":"closed","ping_status":"closed","template":"","meta":{"_expiration-date-status":"","_expiration-date":0,"_expiration-date-type":"","_expiration-date-categories":[],"_expiration-date-options":[]},"acf":[],"_links":{"self":[{"href":"https:\/\/us.edu.pl\/centra-badawcze\/cbpr\/en\/wp-json\/wp\/v2\/pages\/91"}],"collection":[{"href":"https:\/\/us.edu.pl\/centra-badawcze\/cbpr\/en\/wp-json\/wp\/v2\/pages"}],"about":[{"href":"https:\/\/us.edu.pl\/centra-badawcze\/cbpr\/en\/wp-json\/wp\/v2\/types\/page"}],"author":[{"embeddable":true,"href":"https:\/\/us.edu.pl\/centra-badawcze\/cbpr\/en\/wp-json\/wp\/v2\/users\/33"}],"replies":[{"embeddable":true,"href":"https:\/\/us.edu.pl\/centra-badawcze\/cbpr\/en\/wp-json\/wp\/v2\/comments?post=91"}],"version-history":[{"count":10,"href":"https:\/\/us.edu.pl\/centra-badawcze\/cbpr\/en\/wp-json\/wp\/v2\/pages\/91\/revisions"}],"predecessor-version":[{"id":272,"href":"https:\/\/us.edu.pl\/centra-badawcze\/cbpr\/en\/wp-json\/wp\/v2\/pages\/91\/revisions\/272"}],"up":[{"embeddable":true,"href":"https:\/\/us.edu.pl\/centra-badawcze\/cbpr\/en\/wp-json\/wp\/v2\/pages\/87"}],"wp:attachment":[{"href":"https:\/\/us.edu.pl\/centra-badawcze\/cbpr\/en\/wp-json\/wp\/v2\/media?parent=91"}],"curies":[{"name":"wp","href":"https:\/\/api.w.org\/{rel}","templated":true}]}}