{"id":869,"date":"2024-09-04T10:54:13","date_gmt":"2024-09-04T08:54:13","guid":{"rendered":"https:\/\/us.edu.pl\/centra-badawcze\/cmbm-spin-lab\/?page_id=869"},"modified":"2026-03-06T12:18:55","modified_gmt":"2026-03-06T11:18:55","slug":"zespol","status":"publish","type":"page","link":"https:\/\/us.edu.pl\/centra-badawcze\/cmbm-spin-lab\/en\/zespol\/","title":{"rendered":"Research team"},"content":{"rendered":"<p>[vc_row][vc_column][vc_raw_html]JTNDaDIlMjBjbGFzcyUzRCUyMmNvbnRhaW5lciUyMHBhZ2UtdGl0bGUlMjB0ZXh0X190aXRsZSUyMiUzRVJlc2VhcmNoJTIwdGVhbSUzQyUyRmgyJTNF[\/vc_raw_html][\/vc_column][\/vc_row][vc_row el_class=&#8221;container&#8221;][vc_column width=&#8221;1\/6&#8243;][\/vc_column][vc_column width=&#8221;2\/3&#8243;]\r\n                <div class=\"text-modules\">\r\n                    <div class=\"container\">\r\n                        \r\n                        <div class=\"text-modules__content\"><\/p>\n<h3>SPIN-Lab Director<\/h3>\n<p>\n<\/div>\r\n                    <\/div>\r\n                <\/div>[vc_row_inner content_placement=&#8221;middle&#8221;][vc_column_inner width=&#8221;1\/2&#8243;][vc_single_image image=&#8221;354&#8243; img_size=&#8221;medium&#8221; alignment=&#8221;center&#8221; style=&#8221;vc_box_circle_2&#8243;][\/vc_column_inner][vc_column_inner width=&#8221;1\/2&#8243;][vc_column_text el_class=&#8221;text-modules__content&#8221; css=&#8221;.vc_custom_1740720621483{margin-left: 10px !important;}&#8221;]<strong><span class=\"r1 uppercase\">Marcin Libera, PhD Eng.<\/span><\/strong><\/p>\n<p><em>Electron Microscopy Expert<\/em>[\/vc_column_text]\r\n                <div class=\"text-modules\">\r\n                    <div class=\"container\">\r\n                        \r\n                        <div class=\"text-modules__content\"><p>e-mail:\u00a0<a href=\"mailto:marcin.libera@us.edu.pl\" rel=\"noreferrer\">marcin.libera@us.edu.pl<\/a><\/p>\n<p>tel.: 572 334 816<\/p>\n<p>ORCID: <a href=\"https:\/\/orcid.org\/0000-0002-8786-2994\" target=\"_blank\" rel=\"noopener noreferrer\">0000-0002-8786-2994<\/a><\/p>\n<p><a href=\"https:\/\/scholar.google.com\/citations?hl=pl&amp;user=JcTWRpQAAAAJ\" target=\"_blank\" rel=\"noopener noreferrer\">Google Scholar<\/a><\/p>\n<\/div>\r\n                    <\/div>\r\n                <\/div>[\/vc_column_inner][\/vc_row_inner][vc_row_inner content_placement=&#8221;middle&#8221;][vc_column_inner]\r\n                <div class=\"text-modules\">\r\n                    <div class=\"container\">\r\n                        \r\n                        <div class=\"text-modules__content\"><\/p>\n<h3>Deputy Director<\/h3>\n<p>\n<\/div>\r\n                    <\/div>\r\n                <\/div>[\/vc_column_inner][vc_column_inner width=&#8221;1\/2&#8243;][vc_single_image image=&#8221;953&#8243; img_size=&#8221;400&#215;300&#8243; alignment=&#8221;center&#8221; style=&#8221;vc_box_circle_2&#8243;][\/vc_column_inner][vc_column_inner width=&#8221;1\/2&#8243;][vc_column_text el_class=&#8221;text-modules__content&#8221; css=&#8221;.vc_custom_1740720610505{margin-left: 10px !important;}&#8221;]<strong><span class=\"r1 uppercase\">Jolanta Rajca, MSc. Eng.<\/span><\/strong><\/p>\n<p><em>3D Imaging Specialist<\/em>[\/vc_column_text]\r\n                <div class=\"text-modules\">\r\n                    <div class=\"container\">\r\n                        \r\n                        <div class=\"text-modules__content\"><p>e-mail: <a href=\"mailto:jolanta.rajca@us.edu.pl\" rel=\"noreferrer\">jolanta.rajca@us.edu.pl<\/a><\/p>\n<p>tel.: 500 335 050<\/p>\n<p>ORCID: <a href=\"https:\/\/orcid.org\/0000-0002-6836-4738\">0000-0002-68364738<\/a><\/p>\n<p><a href=\"https:\/\/researchgate.net\/profile\/Jolanta-Rajca\">Research Gate<\/a><\/p>\n<\/div>\r\n                    <\/div>\r\n                <\/div>[\/vc_column_inner][\/vc_row_inner]<div class=\"container\"><div class=\"separator\" style=\"background-color: #EBEBEB\"><\/div><\/div>[vc_empty_space]\r\n                <div class=\"text-modules\">\r\n                    <div class=\"container\">\r\n                        \r\n                        <div class=\"text-modules__content\"><\/p>\n<h3>Researchers<\/h3>\n<p>\n<\/div>\r\n                    <\/div>\r\n                <\/div>[vc_row_inner content_placement=&#8221;middle&#8221;][vc_column_inner width=&#8221;1\/2&#8243;][vc_column_text el_class=&#8221;text-modules__content&#8221; css=&#8221;.vc_custom_1740720679685{margin-left: 10px !important;}&#8221;]<strong><span class=\"r1 uppercase\">Oleksandr Bondarchuk, Assoc. Prof., PhD<\/span><\/strong><\/p>\n<p><em>Specialization: XPS<\/em>[\/vc_column_text]\r\n                <div class=\"text-modules\">\r\n                    <div class=\"container\">\r\n                        \r\n                        <div class=\"text-modules__content\"><p>e-mail: <a href=\"mailto:oleksandr.bondarchuk@us.edu.pl\" rel=\"noreferrer\">oleksandr.bondarchuk@us.edu.pl<\/a><\/p>\n<p>ORCID: <a href=\"https:\/\/orcid.org\/0000-0001-7380-8930\">0000-0001-7380-8930<\/a><\/p>\n<p><a href=\"http:\/\/www.researchgate.net\/profile\/Oleksandr-Bondarchuk-4\">Research Gate<\/a><\/p>\n<\/div>\r\n                    <\/div>\r\n                <\/div>[\/vc_column_inner][vc_column_inner width=&#8221;1\/2&#8243;][vc_single_image image=&#8221;977&#8243; img_size=&#8221;350&#215;250&#8243; alignment=&#8221;center&#8221; style=&#8221;vc_box_circle_2&#8243;][\/vc_column_inner][\/vc_row_inner][vc_row_inner content_placement=&#8221;middle&#8221;][vc_column_inner width=&#8221;1\/2&#8243;][vc_column_text el_class=&#8221;text-modules__content&#8221; css=&#8221;.vc_custom_1753784258602{margin-left: 10px !important;}&#8221;]<strong><span class=\"r1 uppercase\">Aleksandra Nyga, PhD Eng.<\/span><\/strong><\/p>\n<p><em>Specialization: SEM-RAMAN, RISE, AFM<\/em>[\/vc_column_text]\r\n                <div class=\"text-modules\">\r\n                    <div class=\"container\">\r\n                        \r\n                        <div class=\"text-modules__content\"><p>e-mail: <a href=\"mailto:aleksandra.nyga@us.edu.pl\">aleksandra.nyga@us.edu.pl<\/a><\/p>\n<p><a href=\"https:\/\/www.researchgate.net\/profile\/Aleksandra-Nyga\">Research Gate<\/a><\/p>\n<\/div>\r\n                    <\/div>\r\n                <\/div>[\/vc_column_inner][vc_column_inner width=&#8221;1\/2&#8243;][vc_single_image image=&#8221;1638&#8243; img_size=&#8221;350&#215;250&#8243; alignment=&#8221;center&#8221; style=&#8221;vc_box_circle_2&#8243;][\/vc_column_inner][\/vc_row_inner][vc_row_inner content_placement=&#8221;middle&#8221;][vc_column_inner width=&#8221;1\/2&#8243;][vc_column_text el_class=&#8221;text-modules__content&#8221; css=&#8221;.vc_custom_1742908414000{margin-left: 10px !important;}&#8221;]<strong><span class=\"r1 uppercase\">Muhammad Farooq Saleem, PhD<\/span><\/strong><\/p>\n<p><em>Specialization: SEM-RAMAN<\/em>[\/vc_column_text]\r\n                <div class=\"text-modules\">\r\n                    <div class=\"container\">\r\n                        \r\n                        <div class=\"text-modules__content\"><p>e-mail: <a href=\"mailto:muhammad_farooq.saleem@us.edu.pl\">muhammad_farooq.saleem@us.edu.pl<\/a><\/p>\n<p><a href=\"https:\/\/scholar.google.com\/citations?user=i-WiqNYAAAAJ&amp;hl=en\">Google Scholar<\/a><\/p>\n<\/div>\r\n                    <\/div>\r\n                <\/div>[\/vc_column_inner][vc_column_inner width=&#8221;1\/2&#8243;][vc_single_image image=&#8221;1642&#8243; img_size=&#8221;350&#215;250&#8243; alignment=&#8221;center&#8221; style=&#8221;vc_box_circle_2&#8243;][\/vc_column_inner][\/vc_row_inner][vc_row_inner content_placement=&#8221;middle&#8221;][vc_column_inner width=&#8221;1\/2&#8243;][vc_column_text el_class=&#8221;text-modules__content&#8221; css=&#8221;.vc_custom_1746431870582{margin-left: 10px !important;}&#8221;]<strong><span class=\"r1 uppercase\">Wioletta Ku\u015bmierska-Matyszczak, PhD Eng.<\/span><\/strong><\/p>\n<p><em>Specialization: AFM, hyperspectral imaging<\/em>[\/vc_column_text]\r\n                <div class=\"text-modules\">\r\n                    <div class=\"container\">\r\n                        \r\n                        <div class=\"text-modules__content\"><p>e-mail: <a href=\"mailto:wioletta.kusmierska-matyszczak@us.edu.pl\">wioletta.kusmierska-matyszczak@us.edu.pl<\/a><\/p>\n<p>ORCID: <a href=\"https:\/\/orcid.org\/0000-0001-9160-1917\">0000-0001-9160-1917<\/a><\/p>\n<\/div>\r\n                    <\/div>\r\n                <\/div>[\/vc_column_inner][vc_column_inner width=&#8221;1\/2&#8243;][vc_single_image image=&#8221;970&#8243; img_size=&#8221;350&#215;250&#8243; alignment=&#8221;center&#8221; style=&#8221;vc_box_circle_2&#8243;][\/vc_column_inner][\/vc_row_inner][vc_row_inner content_placement=&#8221;middle&#8221;][vc_column_inner width=&#8221;1\/2&#8243;][vc_column_text el_class=&#8221;text-modules__content&#8221; css=&#8221;.vc_custom_1740720723483{margin-left: 10px !important;}&#8221;]<strong><span class=\"r1 uppercase\">Anna Hercog, MSc. Eng.<\/span><\/strong><\/p>\n<p><em>Specialization: TEM, Cryo-TEM<\/em>[\/vc_column_text]\r\n                <div class=\"text-modules\">\r\n                    <div class=\"container\">\r\n                        \r\n                        <div class=\"text-modules__content\"><p>e-mail: <a href=\"mailto:aleksandra.rubin@us.edu.pl\">anna.hercog@us.edu.pl<\/a><\/p>\n<p>ORCID: <a href=\"https:\/\/orcid.org\/0000-0002-1511-9157\">0000-0002-1511-9157<\/a><\/p>\n<p><a href=\"https:\/\/www.researchgate.net\/profile\/Anna-Hercog\">Research Gate<\/a><\/p>\n<\/div>\r\n                    <\/div>\r\n                <\/div>[\/vc_column_inner][vc_column_inner width=&#8221;1\/2&#8243;][vc_single_image image=&#8221;1523&#8243; img_size=&#8221;350&#215;250&#8243; alignment=&#8221;center&#8221; style=&#8221;vc_box_circle_2&#8243; css_animation=&#8221;none&#8221; css=&#8221;.vc_custom_1747914301103{margin-top: 0px !important;margin-bottom: -5px !important;border-top-width: 0px !important;border-bottom-width: -5px !important;padding-top: 0px !important;padding-bottom: -5px !important;}&#8221;][\/vc_column_inner][\/vc_row_inner][vc_row_inner content_placement=&#8221;middle&#8221;][vc_column_inner width=&#8221;1\/2&#8243;][vc_column_text el_class=&#8221;text-modules__content&#8221; css=&#8221;.vc_custom_1740720736025{margin-left: 10px !important;}&#8221;]<strong><span class=\"r1 uppercase\">Katarzyna Libera, MSc.<\/span><\/strong><\/p>\n<p><em>Specialization: SEM<\/em>[\/vc_column_text]\r\n                <div class=\"text-modules\">\r\n                    <div class=\"container\">\r\n                        \r\n                        <div class=\"text-modules__content\"><p>e-mail: <a href=\"mailto:katarzyna.libera@us.edu.pl\" rel=\"noreferrer\">katarzyna.libera@us.edu.pl<\/a><\/p>\n<p>ORCID: <a href=\"https:\/\/orcid.org\/0000-0002-0594-4030\">0000-0002-0594-4030<\/a><\/p>\n<p><a href=\"https:\/\/www.researchgate.net\/profile\/Katarzyna-Libera\">Research Gate<\/a><\/p>\n<\/div>\r\n                    <\/div>\r\n                <\/div>[\/vc_column_inner][vc_column_inner width=&#8221;1\/2&#8243;][vc_single_image image=&#8221;1539&#8243; img_size=&#8221;350&#215;250&#8243; alignment=&#8221;center&#8221; style=&#8221;vc_box_circle_2&#8243;][\/vc_column_inner][\/vc_row_inner][vc_row_inner content_placement=&#8221;middle&#8221;][vc_column_inner width=&#8221;1\/2&#8243;][vc_column_text el_class=&#8221;text-modules__content&#8221; css=&#8221;.vc_custom_1740720810602{margin-left: 10px !important;}&#8221;]<strong><span class=\"r1 uppercase\">Daniel W\u00f3jcik, MSc.<\/span><\/strong><\/p>\n<p><em>Specialization: SEM-FIB, SEM-EDX<\/em>[\/vc_column_text]\r\n                <div class=\"text-modules\">\r\n                    <div class=\"container\">\r\n                        \r\n                        <div class=\"text-modules__content\"><p>e-mail: <a href=\"mailto:anna.hercog@us.edu.pl\">daniel.wojcik@us.edu.pl<\/a><\/p>\n<\/div>\r\n                    <\/div>\r\n                <\/div>[\/vc_column_inner][vc_column_inner width=&#8221;1\/2&#8243;][vc_single_image image=&#8221;1648&#8243; img_size=&#8221;350&#215;250&#8243; alignment=&#8221;center&#8221; style=&#8221;vc_box_circle_2&#8243;][\/vc_column_inner][\/vc_row_inner][vc_row_inner content_placement=&#8221;middle&#8221;][vc_column_inner width=&#8221;1\/2&#8243;][vc_column_text el_class=&#8221;text-modules__content&#8221; css=&#8221;.vc_custom_1740720858986{margin-left: 10px !important;}&#8221;]<strong><span class=\"r1 uppercase\">Adam Krain, MSc.<\/span><\/strong><\/p>\n<p><em>Sample preparation, operation of microscopy techniques<\/em>[\/vc_column_text]\r\n                <div class=\"text-modules\">\r\n                    <div class=\"container\">\r\n                        \r\n                        <div class=\"text-modules__content\"><p>e-mail: <a href=\"mailto:nikodem.butwin@us.edu.pl\">adam.krain@us.edu.pl<\/a><\/p>\n<\/div>\r\n                    <\/div>\r\n                <\/div>[\/vc_column_inner][vc_column_inner width=&#8221;1\/2&#8243;][vc_single_image image=&#8221;1644&#8243; img_size=&#8221;350&#215;250&#8243; alignment=&#8221;center&#8221; style=&#8221;vc_box_circle_2&#8243;][\/vc_column_inner][\/vc_row_inner][vc_row_inner content_placement=&#8221;middle&#8221;][vc_column_inner width=&#8221;1\/2&#8243;][vc_column_text el_class=&#8221;text-modules__content&#8221; css=&#8221;.vc_custom_1746432095104{margin-left: 10px !important;}&#8221;]<strong><span class=\"r1 uppercase\">Joanna Lis-K\u0142oda, MSc. Eng.<\/span><\/strong><\/p>\n<p><em>Sample preparation, operation of microscopy techniques<\/em>[\/vc_column_text]\r\n                <div class=\"text-modules\">\r\n                    <div class=\"container\">\r\n                        \r\n                        <div class=\"text-modules__content\"><p>e-mail: <a href=\"mailto:joanna.lis-kloda@us.edu.pl\">joanna.lis-kloda@us.edu.pl<\/a><\/p>\n<\/div>\r\n                    <\/div>\r\n                <\/div>[\/vc_column_inner][vc_column_inner width=&#8221;1\/2&#8243;][vc_single_image image=&#8221;1650&#8243; img_size=&#8221;350&#215;250&#8243; alignment=&#8221;center&#8221; style=&#8221;vc_box_circle_2&#8243;][\/vc_column_inner][\/vc_row_inner][vc_row_inner content_placement=&#8221;middle&#8221;][vc_column_inner width=&#8221;1\/2&#8243;][vc_column_text el_class=&#8221;text-modules__content&#8221; css=&#8221;.vc_custom_1763035168146{margin-left: 10px !important;}&#8221;]<strong><span class=\"r1 uppercase\">Jakub Ja\u0142a, MSc. Eng.\u00a0<\/span><\/strong><\/p>\n<p><em>Sample preparation, operation of microscopy techniques<\/em>[\/vc_column_text]\r\n                <div class=\"text-modules\">\r\n                    <div class=\"container\">\r\n                        \r\n                        <div class=\"text-modules__content\"><p>e-mail: <a href=\"mailto:jakub.jala@us.edu.pl\">jakub.jala@us.edu.pl<\/a><\/p>\n<\/div>\r\n                    <\/div>\r\n                <\/div>[\/vc_column_inner][vc_column_inner width=&#8221;1\/2&#8243;][vc_single_image image=&#8221;1687&#8243; img_size=&#8221;350&#215;250&#8243; alignment=&#8221;center&#8221; style=&#8221;vc_box_circle_2&#8243;][\/vc_column_inner][\/vc_row_inner][vc_row_inner content_placement=&#8221;middle&#8221;][vc_column_inner width=&#8221;1\/2&#8243;][vc_column_text el_class=&#8221;text-modules__content&#8221; css=&#8221;.vc_custom_1763035042896{margin-left: 10px !important;}&#8221;]<strong><span class=\"r1 uppercase\">\u0141ukasz Feldo-Grudzi\u0144ski, BSc.<\/span><\/strong><\/p>\n<p><em>Sample preparation, operation of microscopy techniques<\/em>[\/vc_column_text]\r\n                <div class=\"text-modules\">\r\n                    <div class=\"container\">\r\n                        \r\n                        <div class=\"text-modules__content\"><p>e-mail: <a href=\"mailto:lukasz.feldo-grudzinski@us.edu.pl\">lukasz.feldo-grudzinski@us.edu.pl<\/a><\/p>\n<\/div>\r\n                    <\/div>\r\n                <\/div>[\/vc_column_inner][vc_column_inner width=&#8221;1\/2&#8243;][vc_single_image image=&#8221;1692&#8243; img_size=&#8221;350&#215;250&#8243; alignment=&#8221;center&#8221; style=&#8221;vc_box_circle_2&#8243;][\/vc_column_inner][\/vc_row_inner][vc_row_inner content_placement=&#8221;middle&#8221;][vc_column_inner width=&#8221;1\/2&#8243;][vc_column_text el_class=&#8221;text-modules__content&#8221; css=&#8221;.vc_custom_1740720873301{margin-left: 10px !important;}&#8221;]<strong><span class=\"r1 uppercase\">Emilia Habdas<\/span><\/strong><\/p>\n<p><em>Sample preparation, operation of microscopy techniques<\/em>[\/vc_column_text]\r\n                <div class=\"text-modules\">\r\n                    <div class=\"container\">\r\n                        \r\n                        <div class=\"text-modules__content\"><p>e-mail: <a href=\"mailto:emilia.habdas@us.edu.pl\">emilia.habdas@us.edu.pl<\/a><\/p>\n<p>\n<\/div>\r\n                    <\/div>\r\n                <\/div>[\/vc_column_inner][vc_column_inner width=&#8221;1\/2&#8243;][vc_single_image image=&#8221;1656&#8243; img_size=&#8221;350&#215;250&#8243; alignment=&#8221;center&#8221; style=&#8221;vc_box_circle_2&#8243;][\/vc_column_inner][\/vc_row_inner][vc_empty_space][\/vc_column][vc_column width=&#8221;1\/6&#8243;][\/vc_column][\/vc_row][vc_row disable_element=&#8221;yes&#8221;][vc_column]\r\n                <div class=\"text-modules\">\r\n                    <div class=\"container\">\r\n                        <h3 class=\"page-title text__title\">Kontakt<\/h3>\r\n                        <div class=\"text-modules__content\"><\/div>\r\n                    <\/div>\r\n                <\/div><div role=\"form\" class=\"wpcf7\" id=\"wpcf7-f186-o2\" lang=\"pl-PL\" dir=\"ltr\">\n<div class=\"screen-reader-response\"><p role=\"status\" aria-live=\"polite\" aria-atomic=\"true\"><\/p> <ul><\/ul><\/div>\n<form action=\"\/centra-badawcze\/cmbm-spin-lab\/en\/wp-json\/wp\/v2\/pages\/869#wpcf7-f186-o2\" method=\"post\" class=\"wpcf7-form init\" novalidate=\"novalidate\" data-status=\"init\">\n<div style=\"display: none;\">\n<input type=\"hidden\" name=\"_wpcf7\" value=\"186\" \/>\n<input type=\"hidden\" name=\"_wpcf7_version\" value=\"5.6.4\" \/>\n<input type=\"hidden\" name=\"_wpcf7_locale\" value=\"pl_PL\" \/>\n<input type=\"hidden\" name=\"_wpcf7_unit_tag\" value=\"wpcf7-f186-o2\" \/>\n<input type=\"hidden\" name=\"_wpcf7_container_post\" value=\"0\" \/>\n<input type=\"hidden\" name=\"_wpcf7_posted_data_hash\" value=\"\" \/>\n<input type=\"hidden\" name=\"_wpcf7_recaptcha_response\" value=\"\" \/>\n<\/div>\n<p><label> Imi\u0119 i nazwisko (wymagane)<br \/>\n    <span class=\"wpcf7-form-control-wrap\" data-name=\"your-name\"><input type=\"text\" name=\"your-name\" value=\"\" size=\"40\" class=\"wpcf7-form-control wpcf7-text wpcf7-validates-as-required\" aria-required=\"true\" aria-invalid=\"false\" \/><\/span> <\/label><\/p>\n<p><label> Adres email (wymagane)<br \/>\n    <span class=\"wpcf7-form-control-wrap\" data-name=\"your-email\"><input type=\"email\" name=\"your-email\" value=\"\" size=\"40\" class=\"wpcf7-form-control wpcf7-text wpcf7-email wpcf7-validates-as-required wpcf7-validates-as-email\" aria-required=\"true\" aria-invalid=\"false\" \/><\/span> <\/label><\/p>\n<p><label> Temat<br \/>\n    <span class=\"wpcf7-form-control-wrap\" data-name=\"your-subject\"><input type=\"text\" name=\"your-subject\" value=\"\" size=\"40\" class=\"wpcf7-form-control wpcf7-text\" aria-invalid=\"false\" \/><\/span> <\/label><\/p>\n<p><label> Tre\u015b\u0107 wiadomo\u015bci<br \/>\n    <span class=\"wpcf7-form-control-wrap\" data-name=\"your-message\"><textarea name=\"your-message\" cols=\"40\" rows=\"10\" class=\"wpcf7-form-control wpcf7-textarea\" aria-invalid=\"false\"><\/textarea><\/span> <\/label><\/p>\n<p><input type=\"submit\" value=\"Wy\u015blij\" class=\"wpcf7-form-control has-spinner wpcf7-submit\" \/><\/p>\n<div class=\"wpcf7-response-output\" aria-hidden=\"true\"><\/div><\/form><\/div>[\/vc_column][\/vc_row][vc_row disable_element=&#8221;yes&#8221;][vc_column]\r\n                <div class=\"text-modules\">\r\n                    <div class=\"container\">\r\n                        <h3 class=\"page-title text__title\">Kontakt<\/h3>\r\n                        <div class=\"text-modules__content\"><\/div>\r\n                    <\/div>\r\n                <\/div><div role=\"form\" class=\"wpcf7\" id=\"wpcf7-f186-o3\" lang=\"pl-PL\" dir=\"ltr\">\n<div class=\"screen-reader-response\"><p role=\"status\" aria-live=\"polite\" aria-atomic=\"true\"><\/p> <ul><\/ul><\/div>\n<form action=\"\/centra-badawcze\/cmbm-spin-lab\/en\/wp-json\/wp\/v2\/pages\/869#wpcf7-f186-o3\" method=\"post\" class=\"wpcf7-form init\" novalidate=\"novalidate\" data-status=\"init\">\n<div style=\"display: none;\">\n<input type=\"hidden\" name=\"_wpcf7\" value=\"186\" \/>\n<input type=\"hidden\" name=\"_wpcf7_version\" value=\"5.6.4\" \/>\n<input type=\"hidden\" name=\"_wpcf7_locale\" value=\"pl_PL\" \/>\n<input type=\"hidden\" name=\"_wpcf7_unit_tag\" value=\"wpcf7-f186-o3\" \/>\n<input type=\"hidden\" name=\"_wpcf7_container_post\" value=\"0\" \/>\n<input type=\"hidden\" name=\"_wpcf7_posted_data_hash\" value=\"\" \/>\n<input type=\"hidden\" name=\"_wpcf7_recaptcha_response\" value=\"\" \/>\n<\/div>\n<p><label> Imi\u0119 i nazwisko (wymagane)<br \/>\n    <span class=\"wpcf7-form-control-wrap\" data-name=\"your-name\"><input type=\"text\" name=\"your-name\" value=\"\" size=\"40\" class=\"wpcf7-form-control wpcf7-text wpcf7-validates-as-required\" aria-required=\"true\" aria-invalid=\"false\" \/><\/span> <\/label><\/p>\n<p><label> Adres email (wymagane)<br \/>\n    <span class=\"wpcf7-form-control-wrap\" data-name=\"your-email\"><input type=\"email\" name=\"your-email\" value=\"\" size=\"40\" class=\"wpcf7-form-control wpcf7-text wpcf7-email wpcf7-validates-as-required wpcf7-validates-as-email\" aria-required=\"true\" aria-invalid=\"false\" \/><\/span> <\/label><\/p>\n<p><label> Temat<br \/>\n    <span class=\"wpcf7-form-control-wrap\" data-name=\"your-subject\"><input type=\"text\" name=\"your-subject\" value=\"\" size=\"40\" class=\"wpcf7-form-control wpcf7-text\" aria-invalid=\"false\" \/><\/span> <\/label><\/p>\n<p><label> Tre\u015b\u0107 wiadomo\u015bci<br \/>\n    <span class=\"wpcf7-form-control-wrap\" data-name=\"your-message\"><textarea name=\"your-message\" cols=\"40\" rows=\"10\" class=\"wpcf7-form-control wpcf7-textarea\" aria-invalid=\"false\"><\/textarea><\/span> <\/label><\/p>\n<p><input type=\"submit\" value=\"Wy\u015blij\" class=\"wpcf7-form-control has-spinner wpcf7-submit\" \/><\/p>\n<div class=\"wpcf7-response-output\" aria-hidden=\"true\"><\/div><\/form><\/div>[\/vc_column][\/vc_row]<\/p>","protected":false},"excerpt":{"rendered":"<p>[vc_row][vc_column][vc_raw_html]JTNDaDIlMjBjbGFzcyUzRCUyMmNvbnRhaW5lciUyMHBhZ2UtdGl0bGUlMjB0ZXh0X190aXRsZSUyMiUzRVJlc2VhcmNoJTIwdGVhbSUzQyUyRmgyJTNF[\/vc_raw_html][\/vc_column][\/vc_row][vc_row el_class=&#8221;container&#8221;][vc_column width=&#8221;1\/6&#8243;][\/vc_column][vc_column width=&#8221;2\/3&#8243;][vc_row_inner content_placement=&#8221;middle&#8221;][vc_column_inner width=&#8221;1\/2&#8243;][vc_single_image image=&#8221;354&#8243; img_size=&#8221;medium&#8221; alignment=&#8221;center&#8221; style=&#8221;vc_box_circle_2&#8243;][\/vc_column_inner][vc_column_inner width=&#8221;1\/2&#8243;][vc_column_text el_class=&#8221;text-modules__content&#8221; css=&#8221;.vc_custom_1740720621483{margin-left: 10px !important;}&#8221;]Marcin Libera, PhD Eng. Electron Microscopy Expert[\/vc_column_text][\/vc_column_inner][\/vc_row_inner][vc_row_inner content_placement=&#8221;middle&#8221;][vc_column_inner][\/vc_column_inner][vc_column_inner width=&#8221;1\/2&#8243;][vc_single_image image=&#8221;953&#8243; img_size=&#8221;400&#215;300&#8243; alignment=&#8221;center&#8221; style=&#8221;vc_box_circle_2&#8243;][\/vc_column_inner][vc_column_inner width=&#8221;1\/2&#8243;][vc_column_text el_class=&#8221;text-modules__content&#8221; css=&#8221;.vc_custom_1740720610505{margin-left: 10px !important;}&#8221;]Jolanta Rajca, MSc. Eng. 3D Imaging Specialist[\/vc_column_text][\/vc_column_inner][\/vc_row_inner][vc_empty_space][vc_row_inner content_placement=&#8221;middle&#8221;][vc_column_inner width=&#8221;1\/2&#8243;][vc_column_text el_class=&#8221;text-modules__content&#8221; css=&#8221;.vc_custom_1740720679685{margin-left: 10px !important;}&#8221;]Oleksandr Bondarchuk, Assoc. Prof., PhD Specialization: XPS[\/vc_column_text][\/vc_column_inner][vc_column_inner width=&#8221;1\/2&#8243;][vc_single_image image=&#8221;977&#8243; img_size=&#8221;350&#215;250&#8243; alignment=&#8221;center&#8221; style=&#8221;vc_box_circle_2&#8243;][\/vc_column_inner][\/vc_row_inner][vc_row_inner [&#8230;]<\/p>\n<p><a class=\"btn btn-secondary understrap-read-more-link\" href=\"https:\/\/us.edu.pl\/centra-badawcze\/cmbm-spin-lab\/en\/zespol\/\">Read More&#8230;<\/a><\/p>\n","protected":false},"author":6699,"featured_media":0,"parent":0,"menu_order":0,"comment_status":"closed","ping_status":"closed","template":"","meta":{"_expiration-date-status":"","_expiration-date":0,"_expiration-date-type":"","_expiration-date-categories":[],"_expiration-date-options":[]},"acf":[],"_links":{"self":[{"href":"https:\/\/us.edu.pl\/centra-badawcze\/cmbm-spin-lab\/en\/wp-json\/wp\/v2\/pages\/869"}],"collection":[{"href":"https:\/\/us.edu.pl\/centra-badawcze\/cmbm-spin-lab\/en\/wp-json\/wp\/v2\/pages"}],"about":[{"href":"https:\/\/us.edu.pl\/centra-badawcze\/cmbm-spin-lab\/en\/wp-json\/wp\/v2\/types\/page"}],"author":[{"embeddable":true,"href":"https:\/\/us.edu.pl\/centra-badawcze\/cmbm-spin-lab\/en\/wp-json\/wp\/v2\/users\/6699"}],"replies":[{"embeddable":true,"href":"https:\/\/us.edu.pl\/centra-badawcze\/cmbm-spin-lab\/en\/wp-json\/wp\/v2\/comments?post=869"}],"version-history":[{"count":11,"href":"https:\/\/us.edu.pl\/centra-badawcze\/cmbm-spin-lab\/en\/wp-json\/wp\/v2\/pages\/869\/revisions"}],"predecessor-version":[{"id":1693,"href":"https:\/\/us.edu.pl\/centra-badawcze\/cmbm-spin-lab\/en\/wp-json\/wp\/v2\/pages\/869\/revisions\/1693"}],"wp:attachment":[{"href":"https:\/\/us.edu.pl\/centra-badawcze\/cmbm-spin-lab\/en\/wp-json\/wp\/v2\/media?parent=869"}],"curies":[{"name":"wp","href":"https:\/\/api.w.org\/{rel}","templated":true}]}}