{"id":387,"date":"2022-05-04T16:11:39","date_gmt":"2022-05-04T14:11:39","guid":{"rendered":"https:\/\/us.edu.pl\/centra-badawcze\/cyberscience\/?page_id=387"},"modified":"2022-07-29T12:29:17","modified_gmt":"2022-07-29T10:29:17","slug":"cyber-science-studia-tokenizacja","status":"publish","type":"page","link":"https:\/\/us.edu.pl\/centra-badawcze\/cyberscience\/studia-podyplomowe\/cyber-science-studia-tokenizacja\/","title":{"rendered":"Cyber Science. Studia Gospodarka Cyfrowa"},"content":{"rendered":"<p>[vc_row full_height=&#8221;yes&#8221; content_placement=&#8221;bottom&#8221; parallax=&#8221;content-moving&#8221; parallax_image=&#8221;515&#8243; css=&#8221;.vc_custom_1657721096645{padding-top: 100px !important;padding-bottom: 100px !important;}&#8221;][vc_column]\r\n                <div class=\"text-modules\">\r\n                    <div class=\"container\">\r\n                        \r\n                        <div class=\"text-modules__content\"><p><span style=\"color: #ffffff; font-size: 36pt;\"><strong>Cyber Science. <\/strong><\/span><\/p>\n<p><span style=\"color: #ffffff; font-size: 36pt;\"><strong>Tokenizacja i automatyzacja proces\u00f3w w gospodarce cyfrowej.<\/strong><\/span><\/p>\n<p><span style=\"color: #ffffff; font-size: 36pt;\"><strong>Aspekty prawne, techniczne i zarz\u0105dcze.<\/strong><\/span><\/p>\n<\/div>\r\n                    <\/div>\r\n                <\/div>[\/vc_column][\/vc_row][vc_row content_placement=&#8221;middle&#8221; el_class=&#8221;container&#8221; css=&#8221;.vc_custom_1638525613408{margin-right: 50px !important;margin-left: 50px !important;background-color: #f2f2f2 !important;}&#8221;][vc_column width=&#8221;1\/3&#8243; css=&#8221;.vc_custom_1638047673046{padding-top: 50px !important;padding-right: 150px !important;padding-bottom: 50px !important;padding-left: 150px !important;}&#8221;][vc_empty_space]\r\n                <div class=\"text-modules\">\r\n                    <div class=\"container\">\r\n                        \r\n                        <div class=\"text-modules__content\"><p><img class=\"alignnone wp-image-513 size-large\" src=\"http:\/\/us.edu.pl\/centra-badawcze\/cyberscience\/wp-content\/uploads\/sites\/68\/Bez-kategorii\/POSTY_CyberScience_FB_1200x1500-819x1024.png\" alt=\"m\u0119\u017cczyzna pokazuj\u0105cy napisy na tablicy\" width=\"640\" height=\"800\" srcset=\"https:\/\/us.edu.pl\/centra-badawcze\/cyberscience\/wp-content\/uploads\/sites\/68\/Bez-kategorii\/POSTY_CyberScience_FB_1200x1500-819x1024.png 819w, https:\/\/us.edu.pl\/centra-badawcze\/cyberscience\/wp-content\/uploads\/sites\/68\/Bez-kategorii\/POSTY_CyberScience_FB_1200x1500-240x300.png 240w, https:\/\/us.edu.pl\/centra-badawcze\/cyberscience\/wp-content\/uploads\/sites\/68\/Bez-kategorii\/POSTY_CyberScience_FB_1200x1500-768x960.png 768w, https:\/\/us.edu.pl\/centra-badawcze\/cyberscience\/wp-content\/uploads\/sites\/68\/Bez-kategorii\/POSTY_CyberScience_FB_1200x1500-460x575.png 460w, https:\/\/us.edu.pl\/centra-badawcze\/cyberscience\/wp-content\/uploads\/sites\/68\/Bez-kategorii\/POSTY_CyberScience_FB_1200x1500.png 1200w\" sizes=\"(max-width: 640px) 100vw, 640px\" \/><\/p>\n<\/div>\r\n                    <\/div>\r\n                <\/div>[\/vc_column][vc_column width=&#8221;2\/3&#8243;][vc_empty_space]\r\n                <div class=\"text-modules\">\r\n                    <div class=\"container\">\r\n                        \r\n                        <div class=\"text-modules__content\"><\/p>\n<h4><strong>Wiadomosci wst\u0119pne<\/strong><\/h4>\n<p>Projekt studi\u00f3w podyplomowych odpowiedzi\u0105 na zapotrzebowania rynkowe determinowane przez gospodark\u0119 cyfrow\u0105. Zakres studi\u00f3w opiera si\u0119 na interdyscyplinarno\u015bci \u2013 uczestnik ma zrozumie\u0107 technologi\u0119, aby m\u00f3c o niej m\u00f3wi\u0107 i z ni\u0105 pracowa\u0107 w projektach. Prowadz\u0105cy i koordynuj\u0105cy studia pochodz\u0105 zar\u00f3wno z Uniwersytetu \u015al\u0105skiego, jak Politechniki \u015al\u0105skiej, Uniwersytetu Ekonomicznego w Katowicach i z Naukowej i Akademickiej Sieci Komputerowej \u2013 Pa\u0144stwowego Instytutu Badawczego NASK (cz\u0142onkowie konsorcjum Cyber Science), ale r\u00f3wnie\u017c bezpo\u015brednio z biznesu. Program dodatkowo jest wzbogacony zaj\u0119ciami praktycznymi w poszczeg\u00f3lnych podmiotach \u2013 partnerach projektu. Spory nacisk w doborze przedmiot\u00f3w po\u0142o\u017cono na praktyk\u0119, obok rozbudowanej wiedzy teoretycznej. Prowadz\u0105cy, to topowi wyk\u0142adowcy, znani i rozpoznawalni na rynku. Gwarantuje to dost\u0119p do najnowszej wiedzy, ale te\u017c i skutecznych metod pozyskiwania przez uczestnik\u00f3w praktycznych umiej\u0119tno\u015bci. Te z kolei s\u0105 tym, czego nam w naszej europejskiej edukacji brakuje.<\/p>\n<p>W trakcie podj\u0119cia studi\u00f3w podyplomowych \u201eCYBER SCIENCE. \u201eTokenizacja i automatyzacja proces\u00f3w w gospodarce cyfrowej. Aspekty prawne, technologiczne i zarz\u0105dcze\u201d b\u0119dziesz m\u00f3g\u0142\/mog\u0142a wybra\u0107 dwie \u015bcie\u017cki:<\/p>\n<ul>\n<li>FinTech;<\/li>\n<li>LegalTech.<\/li>\n<\/ul>\n<h4><strong>Kluczowe elementy naszego programu edukacyjnego:<\/strong><\/h4>\n<ol style=\"list-style-type: lower-alpha;\">\n<li><span style=\"color: #000080;\"><strong><em>Ty jeste\u015b swoim nauczycielem:<\/em> <\/strong><\/span>w trakcie naszych studi\u00f3w zobaczysz dzia\u0142anie modelu blended learning, wymagamy wi\u0119c partnerskiego podej\u015bcia uczestnika. Nasza platforma z wiedz\u0105 jest przewodnikiem, kt\u00f3ry u\u0142atwi Ci nauk\u0119. Poprzez platform\u0119 Moodle obejrzysz wyk\u0142ady samemu decyduj\u0105c, jak dozowa\u0107 materia\u0142 i kiedy podsumowa\u0107 zdobyt\u0105 wiedz\u0119 (kszta\u0142cenie typu executive). Uczestnicy musz\u0105 zobowi\u0105za\u0107 si\u0119 do samodzielnego studiowania zaproponowanych koncepcji i przyj\u015b\u0107 przygotowani na \u0107wiczenia i warsztaty, w tym na ko\u0144cowe wydarzenie, jakim jest Hackathon.<\/li>\n<li><span style=\"color: #000080;\"><strong><em>Tre\u015b\u0107 jest istotna:<\/em> <\/strong><\/span>w trakcie trwania naszego programu poprosimy Ci\u0119, aby\u015b te\u017c tworzy\u0142\/tworzy\u0142a tre\u015bci. Na \u0107wiczeniach b\u0119dziesz mia\u0142\/mia\u0142a okazj\u0119 przedyskutowa\u0107 sw\u00f3j artyku\u0142 na bloga lub wywiad na platform\u0119 audiowizualn\u0105 z innymi uczestnikami. Nie martw si\u0119 &#8211; zapewnimy Ci warunki, aby to co napiszesz, by\u0142o genialne! Nie tylko udost\u0119pnimy Ci mas\u0119 fachowej wiedzy, ale zaoferujemy fakultatywne wyjazdy i spotkania z przedstawicielami biznesu. Opr\u00f3cz wiedzy typowo akademickiej, poszerzysz swoje horyzonty o najnowsze trendy biznesowe i poznasz ludzi dzia\u0142aj\u0105cych komercyjnie!<\/li>\n<li><span style=\"color: #000080;\"><strong><em>Nieszablonowe my\u015blenie oparte o szerok\u0105 perspektyw\u0119:<\/em><\/strong><\/span> chcemy otworzy\u0107 Ci\u0119 na wykorzystanie zdobytych umiej\u0119tno\u015bci w praktyce (out-of-the-box). Powtarzane po zaj\u0119ciach umiej\u0119tno\u015bci i zdobyta wiedza pozwol\u0105 Ci si\u0119 sprawdzi\u0107 na ostatnim zje\u017adzie, kt\u00f3ry b\u0119dzie mia\u0142 formu\u0142\u0119 intensywnej grupowej pracy nad projektem w wybranym zakresie tematycznym. Hackathon pozwoli Ci osi\u0105gn\u0105\u0107 mentalno\u015b\u0107 \u201cjust get it done\u201d.<\/li>\n<li><span style=\"color: #000080;\"><strong><em>Transdycyplinarno\u015b\u0107:<\/em><\/strong> <\/span>podczas sesji wyk\u0142adowych, \u0107wiczeniowych i warsztatowych b\u0119dziesz pog\u0142\u0119bia\u0107 wiedz\u0119 i zdobywa\u0107 umiej\u0119tno\u015bci od ekspert\u00f3w z r\u00f3\u017cnych dziedzin nauki i biznesu. B\u0119dziesz m\u00f3g\u0142\/mog\u0142a nie tylko zdoby\u0107 r\u00f3\u017cnorodn\u0105 wiedz\u0119, ale te\u017c pozna\u0107 punkt widzenia przedstawicieli r\u00f3\u017cnych \u015brodowisk.<\/li>\n<\/ol>\n<h4><strong>Walory programu edukacyjnego:\u00a0<\/strong><\/h4>\n<p><span style=\"color: #800000;\"><strong>Wejd\u017a w \u015bwiat gospodarki cyfrowej.<\/strong> <\/span>Program umo\u017cliwi Ci swobodne poruszanie si\u0119 po r\u00f3\u017cnych zagadnieniach zwi\u0105zanych z gospodark\u0105 cyfrow\u0105. Wierzymy, \u017ce pozwoli Ci to zwi\u0119kszy\u0107 prawdopodobie\u0144stwo zatrudnienia na atrakcyjnych stanowiskach pracy lub stanie si\u0119 impulsem do rozpocz\u0119cia nowej w\u0142asnej drogi w cyfrowym biznesie. Oferujemy Ci w ramach programu \u201edost\u0119p\u201d do wyj\u0105tkowego \u015brodowiska ludzi i pracy &#8211; od przedsi\u0119biorc\u00f3w po prawnik\u00f3w, inwestor\u00f3w i korporacje. Ponadto do absolwent\u00f3w b\u0119d\u0105 kierowane oferty pracy od partner\u00f3w.<\/p>\n<p><span style=\"color: #800000;\"><strong>Rozwijaj swoje kontakty.<\/strong> <\/span>Mimo, i\u017c wi\u0119kszo\u015b\u0107 wiedzy b\u0119dziesz zdobywa\u0142\/zdobywa\u0142a w dogodnym dla Ciebie czasie i miejscu, to w trakcie programu b\u0119dziesz m\u00f3g\u0142\/mog\u0142a uczestniczy\u0107 w fakultatywnych zamkni\u0119tych wyjazdowych sesjach do partner\u00f3w, spotkaniach LIVE ograniczonych do kr\u0119gu uczestnik\u00f3w programu, a tak\u017ce niecodziennym zako\u0144czeniu studi\u00f3w w formule Hackathonu, gdzie w trakcie intensywnej pracy zacie\u015bnisz relacje ze swoim nowopoznanym zespo\u0142em i mentorami.<\/p>\n<p><span style=\"color: #800000;\"><strong>Pod\u0105\u017caj najlepsz\u0105 \u015bcie\u017ck\u0105 dla siebie, dzi\u0119ki \u201eboot camp\u201d.<\/strong><\/span> Udzia\u0142 w studiach podyplomowych to wyzwanie. Czekamy na aplikacj\u0119 tych os\u00f3b, kt\u00f3re interesuj\u0105 si\u0119 zagadnieniami, chc\u0105 uporz\u0105dkowa\u0107 wiedz\u0119 i by\u0107 ekspertami w tym, co robi\u0105. W zwi\u0105zku z tym zostaniesz poproszony\/poproszona o zrobienie testu kompetencyjnego. Pozwoli on Ci okre\u015bli\u0107, na czym si\u0119 skupi\u0107 najbardziej w trakcie trwania naszego programu.<\/p>\n<h4><strong>Dlaczego warto aplikowa\u0107?<\/strong><\/h4>\n<p>Naszym celem jest przekszta\u0142cenie wszystkich uczestnik\u00f3w w specjalist\u00f3w w wybranej przez nich dziedzinie. Aby to osi\u0105gn\u0105\u0107, nale\u017cy jednak najpierw nauczy\u0107 si\u0119 podstaw gospodarki cyfrowej oraz zdoby\u0107 wiedz\u0119 na temat jak najwi\u0119kszej liczby dziedzin, kt\u00f3re s\u0105 dzi\u015b jej kluczowymi elementami dynamicznego rozwoju. Opracowali\u015bmy tr\u00f3jfazowy model, kt\u00f3ry stanowi podstaw\u0119 ca\u0142ego programu \u2013 faza wiedzy, faza umiej\u0119tno\u015bci i faza koncentracji. <strong>Faza wiedzy<\/strong> towarzyszy uczestnikowi od pocz\u0105tku jego rozpocz\u0119cia studi\u00f3w od poziomu podstawowego, a\u017c po specjalistyczny (Hackathon). <strong>Faza umiej\u0119tno\u015bci<\/strong> rozpoczyna si\u0119 wraz z pierwszymi \u0107wiczeniami i warsztatami i inicjuje ona wej\u015bcie uczestnika na poziom og\u00f3lny. <strong>Faza koncentracji<\/strong> analogicznie \u2013 wymaga wykonywania zada\u0144 w ramach \u0107wicze\u0144 i powtarzania wyuczonych dzia\u0142a\u0144 z warsztat\u00f3w, a jej finalnym efektem jest dobrze skoordynowana i wydajna praca w zespole, na poziomie specjalistycznym, ko\u0144cz\u0105ca studia podyplomowe na Hackathonie.<\/p>\n<h4><strong>Dla kogo te studia?<\/strong><\/h4>\n<ul style=\"list-style-type: square;\">\n<li>Masz powy\u017cej 18 roku \u017cycia i uko\u0144czy\u0142e\u015b co najmniej studia I stopnia lub studia jednolite;<\/li>\n<li>Dysponujesz czasem wolnym w tygodniu, aby pog\u0142\u0119bia\u0107 swoj\u0105 wiedz\u0119;<\/li>\n<li>Kochasz technologie i nowoczesne finanse;<\/li>\n<li>Nie boisz si\u0119 \u015bcis\u0142ych nauk;<\/li>\n<li>Znasz angielski;<\/li>\n<li>Masz ju\u017c pewne do\u015bwiadczenie w bran\u017cy lub nauce;<\/li>\n<li>My\u015blisz \u015bci\u015ble, ale nie masz umys\u0142u \u201e\u015bci\u015bni\u0119tego\u201d;<\/li>\n<li>Czujesz si\u0119 swobodnie przemawiaj\u0105c przed innymi;<\/li>\n<li>Posiadasz otwarty umys\u0142;<\/li>\n<li>Pracujesz z nastawieniem: robi\u0119 tak dobrze, jak tylko umiem;<\/li>\n<li>Jeste\u015b terminowy\/terminowa;<\/li>\n<li>Robisz wszystko, aby nie \u0142apa\u0107 zaleg\u0142o\u015bci, a je\u015bli je masz d\u0105\u017cysz do szybkiego ich wyeliminowania.<\/li>\n<\/ul>\n<p>Je\u017celi zdecydujesz si\u0119 zaaplikowa\u0107 uzupe\u0142nij w pierwszej kolejno\u015bci test kompetencyjny. Pozwoli on Ci sprawdzi\u0107 swoj\u0105 wiedz\u0119 przed przyst\u0105pieniem do programu, a tak\u017ce otrzymasz w zamian pami\u0105tkowy token, kt\u00f3ry po rekrutacji mo\u017ce Ci si\u0119 przyda\u0107!<\/p>\n<p>&nbsp;<\/p>\n<hr \/>\n<p><a href=\"https:\/\/irk2.us.edu.pl\/pl\/offer\/POD-2022\/programme\/W5-NPCS22\/\"><span style=\"font-size: small; font-family: 'PT Sans Narrow'; color: #002e5a;\"><strong><span style=\"font-size: 12pt;\">Aplikuj<\/span><\/strong><\/span><\/a><\/p>\n<hr \/>\n<p><a href=\"https:\/\/us.edu.pl\/centra-badawcze\/cyberscience\/studia-podyplomowe\/program-tokenizacja-i-automatyzacja\/\"><span style=\"color: #002e5a; font-family: PT Sans Narrow;\"><span style=\"font-size: 16px;\"><b>Zobacz program<\/b><\/span><\/span><\/a><\/p>\n<hr \/>\n<p>\n<\/div>\r\n                    <\/div>\r\n                <\/div>[\/vc_column][\/vc_row][vc_row][vc_column][vc_separator][\/vc_column][\/vc_row][vc_row el_class=&#8221;container&#8221;][vc_column]\r\n                <div class=\"text-modules\">\r\n                    <div class=\"container\">\r\n                        \r\n                        <div class=\"text-modules__content\"><\/p>\n<table style=\"border-collapse: collapse; width: 100%;\">\n<tbody>\n<tr>\n<td style=\"width: 25%;\"><img class=\"alignnone wp-image-86\" src=\"http:\/\/us.edu.pl\/centra-badawcze\/sct\/wp-content\/uploads\/sites\/68\/logotypy\/uniwersytet-slaski_logo_poziome_rgb-300x51.png\" alt=\"logotyp Uniwersytetu \u015al\u0105skiego w Katowicach\" width=\"200\" height=\"34\" srcset=\"https:\/\/us.edu.pl\/centra-badawcze\/cyberscience\/wp-content\/uploads\/sites\/68\/logotypy\/uniwersytet-slaski_logo_poziome_rgb-300x51.png 300w, https:\/\/us.edu.pl\/centra-badawcze\/cyberscience\/wp-content\/uploads\/sites\/68\/logotypy\/uniwersytet-slaski_logo_poziome_rgb-768x129.png 768w, https:\/\/us.edu.pl\/centra-badawcze\/cyberscience\/wp-content\/uploads\/sites\/68\/logotypy\/uniwersytet-slaski_logo_poziome_rgb-1024x172.png 1024w, https:\/\/us.edu.pl\/centra-badawcze\/cyberscience\/wp-content\/uploads\/sites\/68\/logotypy\/uniwersytet-slaski_logo_poziome_rgb-575x97.png 575w\" sizes=\"(max-width: 200px) 100vw, 200px\" \/><\/td>\n<td style=\"width: 25%;\"><img class=\"alignnone wp-image-103\" src=\"http:\/\/us.edu.pl\/centra-badawcze\/sct\/wp-content\/uploads\/sites\/68\/logotypy\/politechnika_sl_logo_poziom_pl_rgb-300x111.png\" alt=\"logotyp Politechniki \u015al\u0105skiej\" width=\"200\" height=\"74\" srcset=\"https:\/\/us.edu.pl\/centra-badawcze\/cyberscience\/wp-content\/uploads\/sites\/68\/logotypy\/politechnika_sl_logo_poziom_pl_rgb-300x111.png 300w, https:\/\/us.edu.pl\/centra-badawcze\/cyberscience\/wp-content\/uploads\/sites\/68\/logotypy\/politechnika_sl_logo_poziom_pl_rgb-768x284.png 768w, https:\/\/us.edu.pl\/centra-badawcze\/cyberscience\/wp-content\/uploads\/sites\/68\/logotypy\/politechnika_sl_logo_poziom_pl_rgb-1024x378.png 1024w, https:\/\/us.edu.pl\/centra-badawcze\/cyberscience\/wp-content\/uploads\/sites\/68\/logotypy\/politechnika_sl_logo_poziom_pl_rgb-575x212.png 575w, https:\/\/us.edu.pl\/centra-badawcze\/cyberscience\/wp-content\/uploads\/sites\/68\/logotypy\/politechnika_sl_logo_poziom_pl_rgb.png 2014w\" sizes=\"(max-width: 200px) 100vw, 200px\" \/><\/td>\n<td style=\"width: 25%;\"><img class=\"alignnone wp-image-101\" src=\"http:\/\/us.edu.pl\/centra-badawcze\/sct\/wp-content\/uploads\/sites\/68\/logotypy\/Logo-Uniwersytet_Ekonomiczny_w_Katowicach_granatowe_na_bialym_tle-300x176.png\" alt=\"logotyp Uniwersytetu Ekonomicznego w Katowicach\" width=\"200\" height=\"118\" \/><\/td>\n<td style=\"width: 25%;\"><img class=\"alignnone wp-image-524 size-medium\" src=\"http:\/\/us.edu.pl\/centra-badawcze\/cyberscience\/wp-content\/uploads\/sites\/68\/2022\/07\/NASK_logo_RGB_KOLOR-300x109.png\" alt=\"logo NASK\" width=\"300\" height=\"109\" srcset=\"https:\/\/us.edu.pl\/centra-badawcze\/cyberscience\/wp-content\/uploads\/sites\/68\/2022\/07\/NASK_logo_RGB_KOLOR-300x109.png 300w, https:\/\/us.edu.pl\/centra-badawcze\/cyberscience\/wp-content\/uploads\/sites\/68\/2022\/07\/NASK_logo_RGB_KOLOR-1024x374.png 1024w, https:\/\/us.edu.pl\/centra-badawcze\/cyberscience\/wp-content\/uploads\/sites\/68\/2022\/07\/NASK_logo_RGB_KOLOR-768x280.png 768w, https:\/\/us.edu.pl\/centra-badawcze\/cyberscience\/wp-content\/uploads\/sites\/68\/2022\/07\/NASK_logo_RGB_KOLOR-1536x560.png 1536w, https:\/\/us.edu.pl\/centra-badawcze\/cyberscience\/wp-content\/uploads\/sites\/68\/2022\/07\/NASK_logo_RGB_KOLOR-2048x747.png 2048w, https:\/\/us.edu.pl\/centra-badawcze\/cyberscience\/wp-content\/uploads\/sites\/68\/2022\/07\/NASK_logo_RGB_KOLOR-575x210.png 575w\" sizes=\"(max-width: 300px) 100vw, 300px\" \/><\/td>\n<\/tr>\n<\/tbody>\n<\/table>\n<p>\n<\/div>\r\n                    <\/div>\r\n                <\/div>[\/vc_column][\/vc_row]<\/p>","protected":false},"excerpt":{"rendered":"<p>[vc_row full_height=&#8221;yes&#8221; content_placement=&#8221;bottom&#8221; parallax=&#8221;content-moving&#8221; parallax_image=&#8221;515&#8243; css=&#8221;.vc_custom_1657721096645{padding-top: 100px !important;padding-bottom: 100px !important;}&#8221;][vc_column][\/vc_column][\/vc_row][vc_row content_placement=&#8221;middle&#8221; el_class=&#8221;container&#8221; css=&#8221;.vc_custom_1638525613408{margin-right: 50px !important;margin-left: 50px !important;background-color: #f2f2f2 !important;}&#8221;][vc_column width=&#8221;1\/3&#8243; css=&#8221;.vc_custom_1638047673046{padding-top: 50px !important;padding-right: 150px !important;padding-bottom: 50px !important;padding-left: 150px !important;}&#8221;][vc_empty_space][\/vc_column][vc_column width=&#8221;2\/3&#8243;][vc_empty_space][\/vc_column][\/vc_row][vc_row][vc_column][vc_separator][\/vc_column][\/vc_row][vc_row el_class=&#8221;container&#8221;][vc_column][\/vc_column][\/vc_row] [&#8230;]<\/p>\n<p><a class=\"btn btn-secondary understrap-read-more-link\" href=\"https:\/\/us.edu.pl\/centra-badawcze\/cyberscience\/2022\/05\/01\/prelekcja-blockchain-inaczej\/\">Read More&#8230;<\/a><\/p>\n","protected":false},"author":5104,"featured_media":0,"parent":306,"menu_order":0,"comment_status":"closed","ping_status":"closed","template":"","meta":{"_expiration-date-status":"saved","_expiration-date":0,"_expiration-date-type":"","_expiration-date-categories":[],"_expiration-date-options":[]},"acf":[],"_links":{"self":[{"href":"https:\/\/us.edu.pl\/centra-badawcze\/cyberscience\/wp-json\/wp\/v2\/pages\/387"}],"collection":[{"href":"https:\/\/us.edu.pl\/centra-badawcze\/cyberscience\/wp-json\/wp\/v2\/pages"}],"about":[{"href":"https:\/\/us.edu.pl\/centra-badawcze\/cyberscience\/wp-json\/wp\/v2\/types\/page"}],"author":[{"embeddable":true,"href":"https:\/\/us.edu.pl\/centra-badawcze\/cyberscience\/wp-json\/wp\/v2\/users\/5104"}],"replies":[{"embeddable":true,"href":"https:\/\/us.edu.pl\/centra-badawcze\/cyberscience\/wp-json\/wp\/v2\/comments?post=387"}],"version-history":[{"count":10,"href":"https:\/\/us.edu.pl\/centra-badawcze\/cyberscience\/wp-json\/wp\/v2\/pages\/387\/revisions"}],"predecessor-version":[{"id":534,"href":"https:\/\/us.edu.pl\/centra-badawcze\/cyberscience\/wp-json\/wp\/v2\/pages\/387\/revisions\/534"}],"up":[{"embeddable":true,"href":"https:\/\/us.edu.pl\/centra-badawcze\/cyberscience\/wp-json\/wp\/v2\/pages\/306"}],"wp:attachment":[{"href":"https:\/\/us.edu.pl\/centra-badawcze\/cyberscience\/wp-json\/wp\/v2\/media?parent=387"}],"curies":[{"name":"wp","href":"https:\/\/api.w.org\/{rel}","templated":true}]}}