{"id":84,"date":"2022-03-09T11:30:46","date_gmt":"2022-03-09T10:30:46","guid":{"rendered":"https:\/\/us.edu.pl\/centra-badawcze\/icbws\/?page_id=84"},"modified":"2022-06-03T21:38:43","modified_gmt":"2022-06-03T19:38:43","slug":"komitet-naukowy","status":"publish","type":"page","link":"https:\/\/us.edu.pl\/centra-badawcze\/icbws\/konferencja-wplyw-covid-19\/komitet-naukowy\/","title":{"rendered":"komitet naukowy"},"content":{"rendered":"<p>[vc_row][vc_column]\r\n                <div class=\"text-modules\">\r\n                    <div class=\"container\">\r\n                        <h3 class=\"page-title text__title\">Komitet naukowy<\/h3>\r\n                        <div class=\"text-modules__content\"><\/div>\r\n                    <\/div>\r\n                <\/div>[\/vc_column][\/vc_row][vc_row el_class=&#8221;container&#8221;][vc_column][vc_btn title=&#8221;powr\u00f3t na stron\u0119 konferencji&#8221; style=&#8221;outline-custom&#8221; outline_custom_color=&#8221;#730e64&#8243; outline_custom_hover_background=&#8221;#730e64&#8243; outline_custom_hover_text=&#8221;#ffffff&#8221; shape=&#8221;round&#8221; align=&#8221;left&#8221; i_icon_fontawesome=&#8221;fa fa-reply&#8221; css_animation=&#8221;fadeIn&#8221; add_icon=&#8221;true&#8221; link=&#8221;url:https%3A%2F%2Fus.edu.pl%2Fcentra-badawcze%2Ficbws%2Fkonferencja-wplyw-covid-19%2F|||&#8221;][\/vc_column][\/vc_row][vc_row][vc_column][vc_empty_space][\/vc_column][\/vc_row][vc_row el_class=&#8221;container&#8221;][vc_column]\r\n                <div class=\"text-modules\">\r\n                    <div class=\"container\">\r\n                        \r\n                        <div class=\"text-modules__content\"><\/p>\n<h3 style=\"text-align: left;\"><strong>Przewodnicz\u0105cy<\/strong><\/h3>\n<p>\n<\/div>\r\n                    <\/div>\r\n                <\/div>[\/vc_column][\/vc_row][vc_row][vc_column][vc_row_inner equal_height=&#8221;yes&#8221; el_class=&#8221;container foto&#8221;][vc_column_inner width=&#8221;2\/3&#8243;][vc_empty_space]\r\n                <div class=\"text-modules\">\r\n                    <div class=\"container\">\r\n                        \r\n                        <div class=\"text-modules__content\"><\/p>\n<h4><strong>dr hab. Katarzyna Gajda-Roszczynialska<\/strong><\/h4>\n<p>\n<\/div>\r\n                    <\/div>\r\n                <\/div>\r\n                <div class=\"text-modules\">\r\n                    <div class=\"container\">\r\n                        \r\n                        <div class=\"text-modules__content\"><\/p>\n<p>Adiunkt na Wydziale Prawa i Administracji Uniwersytetu \u015al\u0105skiego, s\u0119dzia S\u0105du Rejonowego dla Krakowa Krowodrzy. Kierownik projektu realizowanego ze \u015brodk\u00f3w Narodowe Agencji Wymiany Akademickiej: \u201eWp\u0142yw COVID-19 na wymiar sprawiedliwo\u015bci. Studium przypadku i sugerowane rozwi\u0105zania. Zast\u0119pca dyrektora Centrum Bada\u0144 nad Wymiarem Sprawiedliwo\u015bci dzia\u0142aj\u0105cego w ramach Uniwersytetu \u015al\u0105skiego w Katowicach. Cz\u0142onek Zarz\u0105du Towarzystwa Naukowego Procesualist\u00f3w Cywilnych. Cz\u0142onek: International Association of Procedural Law; International Association of Procedural Law; ELI (European Law Institute) z siedzib\u0105 w Wiedniu; Spo\u0142ecznej Komisji Kodyfikacyjnej. Wyk\u0142adowca Okr\u0119gowej Rady Adwokackiej w Krakowie oraz wyk\u0142adowca na studiach podyplomowych \u201eMediacja i inne metody alternatywnego rozwi\u0105zywania spor\u00f3w\u201d, prowadzonych przez Centrum Alternatywnego Rozwi\u0105zywania Spor\u00f3w na Wydziale Prawa i Administracji Uniwersytetu Jagiello\u0144skiego. Autorka ponad 80 publikacji z zakresu post\u0119powania cywilnego, prawa s\u0105dowego i organizacji wymiaru sprawiedliwo\u015bci.<\/p>\n<p>\n<\/div>\r\n                    <\/div>\r\n                <\/div>[\/vc_column_inner][vc_column_inner width=&#8221;1\/3&#8243;]\r\n                <div class=\"text-modules\">\r\n                    <div class=\"container\">\r\n                        \r\n                        <div class=\"text-modules__content\"><p><img loading=\"lazy\" class=\"alignnone wp-image-104 size-large\" src=\"https:\/\/us.edu.pl\/centra-badawcze\/icbws\/wp-content\/uploads\/sites\/73\/fotografie\/Dr-hab.-Katarzyna-Gajda-Roszczynialska-1024x1024.jpg\" alt=\"Dr hab. Katarzyna Gajda-Roszczynialska\" width=\"100%\" height=\"auto\" srcset=\"https:\/\/us.edu.pl\/centra-badawcze\/icbws\/wp-content\/uploads\/sites\/73\/fotografie\/Dr-hab.-Katarzyna-Gajda-Roszczynialska-1024x1024.jpg 1024w, https:\/\/us.edu.pl\/centra-badawcze\/icbws\/wp-content\/uploads\/sites\/73\/fotografie\/Dr-hab.-Katarzyna-Gajda-Roszczynialska-150x150.jpg 150w, https:\/\/us.edu.pl\/centra-badawcze\/icbws\/wp-content\/uploads\/sites\/73\/fotografie\/Dr-hab.-Katarzyna-Gajda-Roszczynialska-300x300.jpg 300w, https:\/\/us.edu.pl\/centra-badawcze\/icbws\/wp-content\/uploads\/sites\/73\/fotografie\/Dr-hab.-Katarzyna-Gajda-Roszczynialska-768x769.jpg 768w, https:\/\/us.edu.pl\/centra-badawcze\/icbws\/wp-content\/uploads\/sites\/73\/fotografie\/Dr-hab.-Katarzyna-Gajda-Roszczynialska-575x575.jpg 575w, https:\/\/us.edu.pl\/centra-badawcze\/icbws\/wp-content\/uploads\/sites\/73\/fotografie\/Dr-hab.-Katarzyna-Gajda-Roszczynialska.jpg 1384w\" sizes=\"(max-width: 1024px) 100vw, 1024px\" \/><\/p>\n<\/div>\r\n                    <\/div>\r\n                <\/div>[\/vc_column_inner][\/vc_row_inner][\/vc_column][\/vc_row][vc_row][vc_column][vc_empty_space][\/vc_column][\/vc_row][vc_row el_class=&#8221;container&#8221;][vc_column]\r\n                <div class=\"text-modules\">\r\n                    <div class=\"container\">\r\n                        \r\n                        <div class=\"text-modules__content\"><\/p>\n<h3 style=\"text-align: left;\"><strong>Cz\u0142onkowie<\/strong><\/h3>\n<p>\n<\/div>\r\n                    <\/div>\r\n                <\/div>[\/vc_column][\/vc_row][vc_row][vc_column][vc_row_inner equal_height=&#8221;yes&#8221; el_class=&#8221;container foto&#8221;][vc_column_inner width=&#8221;2\/3&#8243;][vc_empty_space]\r\n                <div class=\"text-modules\">\r\n                    <div class=\"container\">\r\n                        \r\n                        <div class=\"text-modules__content\"><\/p>\n<h4><strong>SSO dr hab. Krystian Markiewicz, prof. U\u015a<\/strong><\/h4>\n<p>\n<\/div>\r\n                    <\/div>\r\n                <\/div>\r\n                <div class=\"text-modules\">\r\n                    <div class=\"container\">\r\n                        \r\n                        <div class=\"text-modules__content\"><\/p>\n<p>Dyrektor Centrum Bada\u0144 nad Wymiarem Sprawiedliwo\u015bci dzia\u0142aj\u0105cego w ramach Uniwersytetu \u015al\u0105skiego w Katowicach. Profesor Uniwersytetu \u015al\u0105skiego, specjalizuje si\u0119 w tematyce zwi\u0105zanej z post\u0119powaniem cywilnym, w tym zw\u0142aszcza post\u0119powaniem nieprocesowym. Jest s\u0119dzi\u0105 S\u0105du Okr\u0119gowego w Katowicach. W 2009 r. zosta\u0142 prezesem \u015al\u0105skiego Oddzia\u0142u Stowarzyszenia S\u0119dzi\u00f3w Polskich \u201eIustitia\u201d, a w 2016 r. zosta\u0142 wybrany na 3-letni\u0105 kadencj\u0119 prezesem Stowarzyszenia S\u0119dzi\u00f3w Polskich \u201eIustitia\u201d. W 2017 r. zosta\u0142 cz\u0142onkiem rady programowej Archiwum im. Wiktora Osiaty\u0144skiego. W 2017 r. wszed\u0142 tak\u017ce w sk\u0142ad Spo\u0142ecznej Komisji Kodyfikacyjnej. W tym samym roku zosta\u0142 wyr\u00f3\u017cniony Medalem \u201eZas\u0142u\u017cony dla Wymiaru Sprawiedliwo\u015bci \u2013 Bene Merentibus Iustitiae\u201d. Jest cz\u0142onkiem Spo\u0142ecznej Komisji Kodyfikacyjnej. Autor ponad 100 publikacji z zakresu post\u0119powania cywilnego, prawa s\u0105dowego i organizacji wymiaru sprawiedliwo\u015bci.<\/p>\n<p>\n<\/div>\r\n                    <\/div>\r\n                <\/div>[\/vc_column_inner][vc_column_inner width=&#8221;1\/3&#8243;]\r\n                <div class=\"text-modules\">\r\n                    <div class=\"container\">\r\n                        \r\n                        <div class=\"text-modules__content\"><p><img loading=\"lazy\" class=\"alignnone wp-image-107 size-large\" src=\"https:\/\/us.edu.pl\/centra-badawcze\/icbws\/wp-content\/uploads\/sites\/73\/fotografie\/SSO-dr-hab.-Krystian-Markiewicz-prof.-U\u015a-1024x1024.jpg\" alt=\"dr hab. Krystian Markiewicz, prof. U\u015a\" width=\"100%\" height=\"auto\" srcset=\"https:\/\/us.edu.pl\/centra-badawcze\/icbws\/wp-content\/uploads\/sites\/73\/fotografie\/SSO-dr-hab.-Krystian-Markiewicz-prof.-U\u015a-1024x1024.jpg 1024w, https:\/\/us.edu.pl\/centra-badawcze\/icbws\/wp-content\/uploads\/sites\/73\/fotografie\/SSO-dr-hab.-Krystian-Markiewicz-prof.-U\u015a-150x150.jpg 150w, https:\/\/us.edu.pl\/centra-badawcze\/icbws\/wp-content\/uploads\/sites\/73\/fotografie\/SSO-dr-hab.-Krystian-Markiewicz-prof.-U\u015a-300x300.jpg 300w, https:\/\/us.edu.pl\/centra-badawcze\/icbws\/wp-content\/uploads\/sites\/73\/fotografie\/SSO-dr-hab.-Krystian-Markiewicz-prof.-U\u015a-768x768.jpg 768w, https:\/\/us.edu.pl\/centra-badawcze\/icbws\/wp-content\/uploads\/sites\/73\/fotografie\/SSO-dr-hab.-Krystian-Markiewicz-prof.-U\u015a-575x575.jpg 575w, https:\/\/us.edu.pl\/centra-badawcze\/icbws\/wp-content\/uploads\/sites\/73\/fotografie\/SSO-dr-hab.-Krystian-Markiewicz-prof.-U\u015a.jpg 1067w\" sizes=\"(max-width: 1024px) 100vw, 1024px\" \/><\/p>\n<\/div>\r\n                    <\/div>\r\n                <\/div>[\/vc_column_inner][\/vc_row_inner]<div class=\"container\"><div class=\"separator\" style=\"background-color: #EBEBEB\"><\/div><\/div>[vc_row_inner equal_height=&#8221;yes&#8221; el_class=&#8221;container foto&#8221;][vc_column_inner width=&#8221;2\/3&#8243;][vc_empty_space]\r\n                <div class=\"text-modules\">\r\n                    <div class=\"container\">\r\n                        \r\n                        <div class=\"text-modules__content\"><\/p>\n<h4><strong>dr hab. Andrzej Torbus, prof. U\u015a<\/strong><\/h4>\n<p>\n<\/div>\r\n                    <\/div>\r\n                <\/div>\r\n                <div class=\"text-modules\">\r\n                    <div class=\"container\">\r\n                        \r\n                        <div class=\"text-modules__content\"><\/p>\n<p>Profesor na Wydziale Prawa i Administracji Uniwersytetu \u015al\u0105skiego w Katowicach. Kieruje \u015al\u0105skim Centrum Arbitra\u017cu Mediacji powo\u0142anym przy Wydziale Prawa i Administracji Uniwersytetu \u015al\u0105skiego. Jest mediatorem w sprawach gospodarczych, radc\u0105 prawnym, autorem ok. 100 publikacji z zakresu post\u0119powania cywilnego. Prowadzi zaj\u0119cia, wyk\u0142ady szkolenia z ADR, post\u0119powania cywilnego, prawa upad\u0142o\u015bciowego oraz restrukturyzacyjnego, europejskiego post\u0119powania cywilnego.<\/p>\n<p>\n<\/div>\r\n                    <\/div>\r\n                <\/div>[\/vc_column_inner][vc_column_inner width=&#8221;1\/3&#8243;]\r\n                <div class=\"text-modules\">\r\n                    <div class=\"container\">\r\n                        \r\n                        <div class=\"text-modules__content\"><p><img loading=\"lazy\" class=\"alignnone wp-image-105 size-full\" src=\"https:\/\/us.edu.pl\/centra-badawcze\/icbws\/wp-content\/uploads\/sites\/73\/fotografie\/dr.-hab.-Andrzej-Torbus-prof.-U\u015a.png\" alt=\"dr. hab. Andrzej Torbus, prof. U\u015a\" width=\"100%\" height=\"auto\" srcset=\"https:\/\/us.edu.pl\/centra-badawcze\/icbws\/wp-content\/uploads\/sites\/73\/fotografie\/dr.-hab.-Andrzej-Torbus-prof.-U\u015a.png 377w, https:\/\/us.edu.pl\/centra-badawcze\/icbws\/wp-content\/uploads\/sites\/73\/fotografie\/dr.-hab.-Andrzej-Torbus-prof.-U\u015a-150x150.png 150w, https:\/\/us.edu.pl\/centra-badawcze\/icbws\/wp-content\/uploads\/sites\/73\/fotografie\/dr.-hab.-Andrzej-Torbus-prof.-U\u015a-300x300.png 300w\" sizes=\"(max-width: 377px) 100vw, 377px\" \/><\/p>\n<\/div>\r\n                    <\/div>\r\n                <\/div>[\/vc_column_inner][\/vc_row_inner]<div class=\"container\"><div class=\"separator\" style=\"background-color: #EBEBEB\"><\/div><\/div>[vc_row_inner el_class=&#8221;container foto&#8221;][vc_column_inner width=&#8221;2\/3&#8243;][vc_empty_space]\r\n                <div class=\"text-modules\">\r\n                    <div class=\"container\">\r\n                        \r\n                        <div class=\"text-modules__content\"><\/p>\n<h4><strong>dr hab. Dobros\u0142awa Szumi\u0142o-Kulczycka, prof. UJ<\/strong><\/h4>\n<p>\n<\/div>\r\n                    <\/div>\r\n                <\/div>\r\n                <div class=\"text-modules\">\r\n                    <div class=\"container\">\r\n                        \r\n                        <div class=\"text-modules__content\"><\/p>\n<p>Kierownik Centrum Alternatywnego Rozwi\u0105zywania Spor\u00f3w dzia\u0142aj\u0105cego przy Wydziale Prawa i Administracji Uniwersytetu Jagiello\u0144skiego, Rzecznik Dyscyplinarny do spraw Nauczycieli Akademickich Uniwersytetu Jagiello\u0144skiego, Zast\u0119pca Przewodnicz\u0105cego Zarz\u0105du Komisji Nauk Prawnych Oddzia\u0142u Polskiej Akademii Nauk w Krakowie, Cz\u0142onek Zarz\u0105du Sekcji Polskiej AIDP (Association Internationale de Droit P\u00e9nal), cz\u0142onek Okr\u0119gowej Rady Adwokackiej w Krakowie, cz\u0142onek komitetu redakcyjnego czasopisma \u201ePalestra\u201d , kierownik studi\u00f3w podyplomowych z zakresu Alternatywnych Metod Rozwi\u0105zywania Spor\u00f3w, wyk\u0142adowca Okr\u0119gowej Rady Adwokackiej w Krakowie oraz Krajowej Szko\u0142y S\u0105downictwa i Prokuratury, czynny zawodowo adwokat; uczestniczka licznych krajowych i mi\u0119dzynarodowych program\u00f3w badawczych. Stypendystka Fundacji A. Humboldta.<\/p>\n<p>\n<\/div>\r\n                    <\/div>\r\n                <\/div>[\/vc_column_inner][vc_column_inner width=&#8221;1\/3&#8243;]\r\n                <div class=\"text-modules\">\r\n                    <div class=\"container\">\r\n                        \r\n                        <div class=\"text-modules__content\"><p><img loading=\"lazy\" class=\"alignnone wp-image-224 size-full\" src=\"https:\/\/us.edu.pl\/centra-badawcze\/icbws\/wp-content\/uploads\/sites\/73\/fotografie\/prof-Szumi\u0142o-\u2014-kopia.png\" alt=\"dr hab. Dobros\u0142awa Szumi\u0142o-Kulczycka, prof. UJ\" width=\"100%\" height=\"auto\" srcset=\"https:\/\/us.edu.pl\/centra-badawcze\/icbws\/wp-content\/uploads\/sites\/73\/fotografie\/prof-Szumi\u0142o-\u2014-kopia.png 169w, https:\/\/us.edu.pl\/centra-badawcze\/icbws\/wp-content\/uploads\/sites\/73\/fotografie\/prof-Szumi\u0142o-\u2014-kopia-150x150.png 150w\" sizes=\"(max-width: 169px) 100vw, 169px\" \/><\/p>\n<\/div>\r\n                    <\/div>\r\n                <\/div>[\/vc_column_inner][\/vc_row_inner]<div class=\"container\"><div class=\"separator\" style=\"background-color: #EBEBEB\"><\/div><\/div>[vc_row_inner el_class=&#8221;container foto&#8221;][vc_column_inner width=&#8221;2\/3&#8243;][vc_empty_space]\r\n                <div class=\"text-modules\">\r\n                    <div class=\"container\">\r\n                        \r\n                        <div class=\"text-modules__content\"><\/p>\n<h4><strong>prof. dr Vigita Vebraite<\/strong><\/h4>\n<p>\n<\/div>\r\n                    <\/div>\r\n                <\/div>\r\n                <div class=\"text-modules\">\r\n                    <div class=\"container\">\r\n                        \r\n                        <div class=\"text-modules__content\"><\/p>\n<p>Profesor na Uniwersytecie Wile\u0144skim. Zainteresowania naukowe prof. Vigity Vebraite obejmuje g\u0142\u00f3wnie post\u0119powanie cywilne i rozwi\u0105zywanie spor\u00f3w. Jest: cz\u0142onkiem grup roboczych ds. nowelizacji litewskiego kodeksu post\u0119powania cywilnego, ustawy o upad\u0142o\u015bci, ustawy o mediacji. Cz\u0142onek Komisji Mediacji S\u0105dowej przy Radzie S\u0105downictwa, Cz\u0142onek Komisji Koordynacyjnej ds. nadzoru pomocy prawnej na Litwie dla Ministerstwa Sprawiedliwo\u015bci Litwy, Cz\u0142onek Mi\u0119dzynarodowego Stowarzyszenia Prawa Procesowego, Cz\u0142onek Rady Redakcyjnej czasopisma naukowe Acces to Justice in Eastern Europe. Jest autork\u0105 wielu publikacji z tego zakresu oraz uczestnikiem wielu projekt\u00f3w krajowych i mi\u0119dzynarodowych.<\/p>\n<p>\n<\/div>\r\n                    <\/div>\r\n                <\/div>[\/vc_column_inner][vc_column_inner width=&#8221;1\/3&#8243;]\r\n                <div class=\"text-modules\">\r\n                    <div class=\"container\">\r\n                        \r\n                        <div class=\"text-modules__content\"><p><img loading=\"lazy\" class=\"alignnone wp-image-108\" src=\"https:\/\/us.edu.pl\/centra-badawcze\/icbws\/wp-content\/uploads\/sites\/73\/fotografie\/ass.-prof.-dr-Vigita-V\u0117brait\u0117-300x300.jpg\" alt=\"prof. dr Vigita V\u0117brait\u0117\" width=\"100%\" height=\"auto\" srcset=\"https:\/\/us.edu.pl\/centra-badawcze\/icbws\/wp-content\/uploads\/sites\/73\/fotografie\/ass.-prof.-dr-Vigita-V\u0117brait\u0117-300x300.jpg 300w, https:\/\/us.edu.pl\/centra-badawcze\/icbws\/wp-content\/uploads\/sites\/73\/fotografie\/ass.-prof.-dr-Vigita-V\u0117brait\u0117-150x150.jpg 150w, https:\/\/us.edu.pl\/centra-badawcze\/icbws\/wp-content\/uploads\/sites\/73\/fotografie\/ass.-prof.-dr-Vigita-V\u0117brait\u0117.jpg 386w\" sizes=\"(max-width: 300px) 100vw, 300px\" \/><\/p>\n<\/div>\r\n                    <\/div>\r\n                <\/div>[\/vc_column_inner][\/vc_row_inner]<div class=\"container\"><div class=\"separator\" style=\"background-color: #EBEBEB\"><\/div><\/div>[vc_row_inner equal_height=&#8221;yes&#8221; el_class=&#8221;container foto&#8221;][vc_column_inner width=&#8221;2\/3&#8243;][vc_empty_space]\r\n                <div class=\"text-modules\">\r\n                    <div class=\"container\">\r\n                        \r\n                        <div class=\"text-modules__content\"><\/p>\n<h4><strong>prof. dr Irina Izarova<\/strong><\/h4>\n<p>\n<\/div>\r\n                    <\/div>\r\n                <\/div>\r\n                <div class=\"text-modules\">\r\n                    <div class=\"container\">\r\n                        \r\n                        <div class=\"text-modules__content\"><\/p>\n<p>Profesor zwyczajny na Wydziale Prawa Narodowego Uniwersytetu im. Tarasa Szewczenki w Kijowie. Zainteresowania naukowe prof. Iryna Izarova obejmuj\u0105 g\u0142\u00f3wnie post\u0119powanie cywilne i rozwi\u0105zywaniem spor\u00f3w, a tak\u017ce kwesti\u0119 organizacji wymiaru sprawiedliwo\u015bci. Jest autork\u0105 szeregu publikacji z tego zakresu oraz redaktorem numeru specjalnego Acces to Justice in Eastern Europe, po\u015bwi\u0119conego wp\u0142ywowi pandemii COVID-19 na wymiar sprawiedliwo\u015bci w r\u00f3\u017cnych krajach. Jest tak\u017ce uczestniczk\u0105 wielu projekt\u00f3w krajowych i mi\u0119dzynarodowych na wskazany temat.<\/p>\n<p>\n<\/div>\r\n                    <\/div>\r\n                <\/div>[\/vc_column_inner][vc_column_inner width=&#8221;1\/3&#8243;]\r\n                <div class=\"text-modules\">\r\n                    <div class=\"container\">\r\n                        \r\n                        <div class=\"text-modules__content\"><p><img loading=\"lazy\" class=\"alignnone size-full wp-image-106\" src=\"https:\/\/us.edu.pl\/centra-badawcze\/icbws\/wp-content\/uploads\/sites\/73\/fotografie\/prof.-dr-Iryna-Izarowa.jpg\" alt=\"prof. dr Iryna Izarowa\" width=\"100%\" height=\"auto\" srcset=\"https:\/\/us.edu.pl\/centra-badawcze\/icbws\/wp-content\/uploads\/sites\/73\/fotografie\/prof.-dr-Iryna-Izarowa.jpg 199w, https:\/\/us.edu.pl\/centra-badawcze\/icbws\/wp-content\/uploads\/sites\/73\/fotografie\/prof.-dr-Iryna-Izarowa-150x150.jpg 150w\" sizes=\"(max-width: 199px) 100vw, 199px\" \/><\/p>\n<\/div>\r\n                    <\/div>\r\n                <\/div>[\/vc_column_inner][\/vc_row_inner][\/vc_column][\/vc_row][vc_row][vc_column][vc_empty_space][\/vc_column][\/vc_row][vc_row el_class=&#8221;container&#8221;][vc_column]\r\n                <div class=\"text-modules\">\r\n                    <div class=\"container\">\r\n                        \r\n                        <div class=\"text-modules__content\"><\/p>\n<h3 style=\"text-align: left;\"><strong>Eksperci<\/strong><\/h3>\n<p>\n<\/div>\r\n                    <\/div>\r\n                <\/div>[\/vc_column][\/vc_row][vc_row][vc_column][vc_row_inner el_class=&#8221;container&#8221;][vc_column_inner width=&#8221;2\/3&#8243;][vc_empty_space]\r\n                <div class=\"text-modules\">\r\n                    <div class=\"container\">\r\n                        \r\n                        <div class=\"text-modules__content\"><\/p>\n<h4><strong>prof. dr Fernando Gascon Inhausti<\/strong><\/h4>\n<p>\n<\/div>\r\n                    <\/div>\r\n                <\/div>[\/vc_column_inner][vc_column_inner width=&#8221;1\/3&#8243;][\/vc_column_inner][\/vc_row_inner][vc_row_inner el_class=&#8221;container&#8221;][vc_column_inner width=&#8221;2\/3&#8243;][vc_empty_space]\r\n                <div class=\"text-modules\">\r\n                    <div class=\"container\">\r\n                        \r\n                        <div class=\"text-modules__content\"><\/p>\n<h4><strong>prof. dr Anna Nylund<\/strong><\/h4>\n<p>\n<\/div>\r\n                    <\/div>\r\n                <\/div>[\/vc_column_inner][vc_column_inner width=&#8221;1\/3&#8243;][\/vc_column_inner][\/vc_row_inner][\/vc_column][\/vc_row][vc_row][vc_column][vc_empty_space][\/vc_column][\/vc_row]<\/p>","protected":false},"excerpt":{"rendered":"<p>[vc_row][vc_column][\/vc_column][\/vc_row][vc_row el_class=&#8221;container&#8221;][vc_column][vc_btn title=&#8221;powr\u00f3t na stron\u0119 konferencji&#8221; style=&#8221;outline-custom&#8221; outline_custom_color=&#8221;#730e64&#8243; outline_custom_hover_background=&#8221;#730e64&#8243; outline_custom_hover_text=&#8221;#ffffff&#8221; shape=&#8221;round&#8221; align=&#8221;left&#8221; i_icon_fontawesome=&#8221;fa fa-reply&#8221; css_animation=&#8221;fadeIn&#8221; add_icon=&#8221;true&#8221; link=&#8221;url:https%3A%2F%2Fus.edu.pl%2Fcentra-badawcze%2Ficbws%2Fkonferencja-wplyw-covid-19%2F|||&#8221;][\/vc_column][\/vc_row][vc_row][vc_column][vc_empty_space][\/vc_column][\/vc_row][vc_row el_class=&#8221;container&#8221;][vc_column][\/vc_column][\/vc_row][vc_row][vc_column][vc_row_inner equal_height=&#8221;yes&#8221; el_class=&#8221;container foto&#8221;][vc_column_inner width=&#8221;2\/3&#8243;][vc_empty_space][\/vc_column_inner][vc_column_inner width=&#8221;1\/3&#8243;][\/vc_column_inner][\/vc_row_inner][\/vc_column][\/vc_row][vc_row][vc_column][vc_empty_space][\/vc_column][\/vc_row][vc_row el_class=&#8221;container&#8221;][vc_column][\/vc_column][\/vc_row][vc_row][vc_column][vc_row_inner equal_height=&#8221;yes&#8221; el_class=&#8221;container foto&#8221;][vc_column_inner width=&#8221;2\/3&#8243;][vc_empty_space][\/vc_column_inner][vc_column_inner width=&#8221;1\/3&#8243;][\/vc_column_inner][\/vc_row_inner][vc_row_inner equal_height=&#8221;yes&#8221; el_class=&#8221;container foto&#8221;][vc_column_inner width=&#8221;2\/3&#8243;][vc_empty_space][\/vc_column_inner][vc_column_inner width=&#8221;1\/3&#8243;][\/vc_column_inner][\/vc_row_inner][vc_row_inner el_class=&#8221;container foto&#8221;][vc_column_inner width=&#8221;2\/3&#8243;][vc_empty_space][\/vc_column_inner][vc_column_inner width=&#8221;1\/3&#8243;][\/vc_column_inner][\/vc_row_inner][vc_row_inner el_class=&#8221;container foto&#8221;][vc_column_inner width=&#8221;2\/3&#8243;][vc_empty_space][\/vc_column_inner][vc_column_inner width=&#8221;1\/3&#8243;][\/vc_column_inner][\/vc_row_inner][vc_row_inner equal_height=&#8221;yes&#8221; el_class=&#8221;container foto&#8221;][vc_column_inner width=&#8221;2\/3&#8243;][vc_empty_space][\/vc_column_inner][vc_column_inner width=&#8221;1\/3&#8243;][\/vc_column_inner][\/vc_row_inner][\/vc_column][\/vc_row][vc_row][vc_column][vc_empty_space][\/vc_column][\/vc_row][vc_row el_class=&#8221;container&#8221;][vc_column][\/vc_column][\/vc_row][vc_row][vc_column][vc_row_inner el_class=&#8221;container&#8221;][vc_column_inner width=&#8221;2\/3&#8243;][vc_empty_space][\/vc_column_inner][vc_column_inner width=&#8221;1\/3&#8243;][\/vc_column_inner][\/vc_row_inner][vc_row_inner el_class=&#8221;container&#8221;][vc_column_inner width=&#8221;2\/3&#8243;][vc_empty_space][\/vc_column_inner][vc_column_inner width=&#8221;1\/3&#8243;][\/vc_column_inner][\/vc_row_inner][\/vc_column][\/vc_row][vc_row][vc_column][vc_empty_space][\/vc_column][\/vc_row] [&#8230;]<\/p>\n<p><a class=\"btn btn-secondary understrap-read-more-link\" href=\"https:\/\/us.edu.pl\/centra-badawcze\/icbws\/konferencja-wplyw-covid-19\/komitet-naukowy\/\">Read More&#8230;<\/a><\/p>\n","protected":false},"author":33,"featured_media":0,"parent":80,"menu_order":0,"comment_status":"closed","ping_status":"closed","template":"","meta":{"_expiration-date-status":"saved","_expiration-date":0,"_expiration-date-type":"","_expiration-date-categories":[],"_expiration-date-options":[]},"acf":[],"_links":{"self":[{"href":"https:\/\/us.edu.pl\/centra-badawcze\/icbws\/wp-json\/wp\/v2\/pages\/84"}],"collection":[{"href":"https:\/\/us.edu.pl\/centra-badawcze\/icbws\/wp-json\/wp\/v2\/pages"}],"about":[{"href":"https:\/\/us.edu.pl\/centra-badawcze\/icbws\/wp-json\/wp\/v2\/types\/page"}],"author":[{"embeddable":true,"href":"https:\/\/us.edu.pl\/centra-badawcze\/icbws\/wp-json\/wp\/v2\/users\/33"}],"replies":[{"embeddable":true,"href":"https:\/\/us.edu.pl\/centra-badawcze\/icbws\/wp-json\/wp\/v2\/comments?post=84"}],"version-history":[{"count":10,"href":"https:\/\/us.edu.pl\/centra-badawcze\/icbws\/wp-json\/wp\/v2\/pages\/84\/revisions"}],"predecessor-version":[{"id":459,"href":"https:\/\/us.edu.pl\/centra-badawcze\/icbws\/wp-json\/wp\/v2\/pages\/84\/revisions\/459"}],"up":[{"embeddable":true,"href":"https:\/\/us.edu.pl\/centra-badawcze\/icbws\/wp-json\/wp\/v2\/pages\/80"}],"wp:attachment":[{"href":"https:\/\/us.edu.pl\/centra-badawcze\/icbws\/wp-json\/wp\/v2\/media?parent=84"}],"curies":[{"name":"wp","href":"https:\/\/api.w.org\/{rel}","templated":true}]}}