{"id":1342,"date":"2022-01-26T19:12:11","date_gmt":"2022-01-26T18:12:11","guid":{"rendered":"https:\/\/us.edu.pl\/centra-badawcze\/opmim\/?post_type=event&#038;p=1342"},"modified":"2022-01-26T19:19:00","modified_gmt":"2022-01-26T18:19:00","slug":"online-konferencja-metropolitalna-metropolitan-conference-10-lutego-2022","status":"publish","type":"event","link":"https:\/\/us.edu.pl\/centra-badawcze\/opmim\/event\/online-konferencja-metropolitalna-metropolitan-conference-10-lutego-2022\/","title":{"rendered":"[ONLINE] Konferencja Metropolitalna &#8211; Metropolitan Conference 10 lutego 2022"},"content":{"rendered":"","protected":false},"excerpt":{"rendered":"<p>Obserwatorium Proces\u00f3w Miejskich i Metropolitalnych oraz Instytut Socjologii Uniwersytetu \u015al\u0105skiego organizuj\u0105 mi\u0119dzynarodow\u0105 konferencj\u0119 naukow\u0105 pt. \u201eMetropolitalne perspektywy na lepsz\u0105 miejsk\u0105 przysz\u0142o\u015b\u0107 \u2013 idee, mieszka\u0144cy, instytucje\u201d, kt\u00f3ra odb\u0119dzie si\u0119 10 lutego 2022 roku.<\/p>\n<p>Konferencja jest planowana jako wydarzenie oparte na spotkaniach i dyskusjach bezpo\u015brednich. Ze wzgl\u0119du na pandemi\u0119 i regulacje bezpiecze\u0144stwa sanitarnego spotkanie odb\u0119dzie si\u0119 w formule hybrydowej. Dla prelegent\u00f3w przewidziano wydarzenie stacjonarne, natomiast pozostali uczestnicy mog\u0105 uczestniczy\u0107 w konferencji zdalnie poprzez platform\u0119 Zoom. Link do spotkania zostanie wys\u0142any osobom, kt\u00f3re prawid\u0142owo wype\u0142ni\u0105 formularz rejestracyjny.<\/p>\n<p>Tematyka konferencji<br \/>\nZakres tematyczny konferencji, kt\u00f3ry mo\u017cna opisa\u0107 jako 3 razy \u201ei\u201d, tj. ideas, inhabitants, institutions, obejmie nast\u0119puj\u0105ce zagadnienia szczeg\u00f3\u0142owe:<\/p>\n<p>metropolie w uj\u0119ciu teoretycznym: poj\u0119cia, koncepcje, teorie, perspektywy na przysz\u0142o\u015b\u0107,<br \/>\nmetropolie jako z\u0142o\u017cone systemy spo\u0142eczne: praktyki, dzia\u0142ania (oddolne), partycypacja, innowacje spo\u0142eczne,<br \/>\nmetropolie w uj\u0119ciu instytucjonalnym: regulacje, kompetencje, zarz\u0105dzanie, polityki.<br \/>\nW roli keynote speaker\u00f3w udzia\u0142 wezm\u0105 eksperci z zagranicy:<\/p>\n<p>prof. Mariona Tom\u00e0s Forn\u00e9s (Barcelona, Hiszpania),<br \/>\nprof. Eric Champagne (Ottawa, Kanada),<br \/>\nprof. Christophe Chabrot (Lyon, Francja). [&#8230;]<\/p>\n<p><a class=\"btn btn-secondary understrap-read-more-link\" href=\"https:\/\/us.edu.pl\/centra-badawcze\/opmim\/event\/online-konferencja-metropolitalna-metropolitan-conference-10-lutego-2022\/\">Read More&#8230;<\/a><\/p>\n","protected":false},"author":2808,"featured_media":0,"template":"","meta":{"_expiration-date-status":"saved","_expiration-date":0,"_expiration-date-type":"","_expiration-date-categories":[],"_expiration-date-options":[]},"acf":[],"_links":{"self":[{"href":"https:\/\/us.edu.pl\/centra-badawcze\/opmim\/wp-json\/wp\/v2\/event\/1342"}],"collection":[{"href":"https:\/\/us.edu.pl\/centra-badawcze\/opmim\/wp-json\/wp\/v2\/event"}],"about":[{"href":"https:\/\/us.edu.pl\/centra-badawcze\/opmim\/wp-json\/wp\/v2\/types\/event"}],"author":[{"embeddable":true,"href":"https:\/\/us.edu.pl\/centra-badawcze\/opmim\/wp-json\/wp\/v2\/users\/2808"}],"version-history":[{"count":2,"href":"https:\/\/us.edu.pl\/centra-badawcze\/opmim\/wp-json\/wp\/v2\/event\/1342\/revisions"}],"predecessor-version":[{"id":1344,"href":"https:\/\/us.edu.pl\/centra-badawcze\/opmim\/wp-json\/wp\/v2\/event\/1342\/revisions\/1344"}],"wp:attachment":[{"href":"https:\/\/us.edu.pl\/centra-badawcze\/opmim\/wp-json\/wp\/v2\/media?parent=1342"}],"curies":[{"name":"wp","href":"https:\/\/api.w.org\/{rel}","templated":true}]}}

<p>Obserwatorium Procesów Miejskich i Metropolitalnych oraz Instytut Socjologii Uniwersytetu Śląskiego organizują międzynarodową konferencję naukową pt. „Metropolitalne perspektywy na lepszą miejską przyszłość – idee, mieszkańcy, instytucje”, która odbędzie się 10 lutego 2022 roku.</p>
<p>Konferencja jest planowana jako wydarzenie oparte na spotkaniach i dyskusjach bezpośrednich. Ze względu na pandemię i regulacje bezpieczeństwa sanitarnego spotkanie odbędzie się w formule hybrydowej. Dla prelegentów przewidziano wydarzenie stacjonarne, natomiast pozostali uczestnicy mogą uczestniczyć w konferencji zdalnie poprzez platformę Zoom. Link do spotkania zostanie wysłany osobom, które prawidłowo wypełnią formularz rejestracyjny.</p>
<p>Tematyka konferencji<br />
Zakres tematyczny konferencji, który można opisać jako 3 razy „i”, tj. ideas, inhabitants, institutions, obejmie następujące zagadnienia szczegółowe:</p>
<p>metropolie w ujęciu teoretycznym: pojęcia, koncepcje, teorie, perspektywy na przyszłość,<br />
metropolie jako złożone systemy społeczne: praktyki, działania (oddolne), partycypacja, innowacje społeczne,<br />
metropolie w ujęciu instytucjonalnym: regulacje, kompetencje, zarządzanie, polityki.<br />
W roli keynote speakerów udział wezmą eksperci z zagranicy:</p>
<p>prof. Mariona Tomàs Fornés (Barcelona, Hiszpania),<br />
prof. Eric Champagne (Ottawa, Kanada),<br />
prof. Christophe Chabrot (Lyon, Francja). [&#8230;]</p>
<p><a class="btn btn-secondary understrap-read-more-link" href="https://us.edu.pl/centra-badawcze/opmim/event/online-konferencja-metropolitalna-metropolitan-conference-10-lutego-2022/">Read More&#8230;</a></p>
