{"id":559,"date":"2021-02-16T13:20:42","date_gmt":"2021-02-16T12:20:42","guid":{"rendered":"http:\/\/us.edu.pl\/centra-badawcze\/opmim\/?page_id=559"},"modified":"2021-08-17T14:52:42","modified_gmt":"2021-08-17T12:52:42","slug":"7-seminarium-23-marca-2020-r","status":"publish","type":"page","link":"https:\/\/us.edu.pl\/centra-badawcze\/opmim\/7-seminarium-23-marca-2020-r\/","title":{"rendered":"VII seminarium \u2013 23 marca 2020 r."},"content":{"rendered":"<p>[vc_row][vc_column]\r\n                <div class=\"text-modules\">\r\n                    <div class=\"container\">\r\n                        <h3 class=\"page-title text__title\">VII seminarium \u2013 23 marca 2020 r.<\/h3>\r\n                        <div class=\"text-modules__content\"><\/p>\n<p class=\"rtejustify\">Szanowni Pa\u0144stwo!<\/p>\n<p class=\"rtejustify\">W trosce o Pa\u0144stwa bezpiecze\u0144stwo i zdrowie, bior\u0105c pod uwag\u0119 powzi\u0119te \u015brodki ostro\u017cno\u015bci w zwi\u0105zku z rosn\u0105cym zagro\u017ceniem epidemi\u0105 wirusa SARS-CoV-2, jeste\u015bmy zmuszeni odwo\u0142a\u0107 seminarium 23 marca br. Poinformujemy Pa\u0144stwa o nowym terminie wydarzenia najszybciej jak to mo\u017cliwie za po\u015brednictwem korespondencji mailowej.<\/p>\n<p class=\"rtejustify\">Prosimy r\u00f3wnie\u017c o \u015bledzenie aktualno\u015bci na naszej stronie internetowej:\u00a0<a href=\"http:\/\/www.obserwatoriummiasto.us.edu.pl\/\">http:\/\/www.obserwatoriummiasto.us.edu.pl\/<\/a>\u00a0oraz stronie G\u0142\u00f3wnego Instytutu G\u00f3rnictwa:\u00a0<a href=\"https:\/\/www.gig.eu\/pl\">https:\/\/www.gig.eu\/pl<\/a><\/p>\n<p class=\"rtejustify\">Przepraszamy za wszelkie niedogodno\u015bci.<\/p>\n<p class=\"rtejustify\">Rejestracja na seminarium\u00a0<strong>zostaje czasowo zablokowana od 12 marca br.<\/strong><\/p>\n<p><img class=\"alignnone wp-image-560\" src=\"http:\/\/us.edu.pl\/centra-badawcze\/opmim\/wp-content\/uploads\/sites\/56\/Nieprzypisane\/Seminarium-GOZ_23.03.2020-212x300.jpg\" alt=\"\" width=\"330\" height=\"467\" srcset=\"https:\/\/us.edu.pl\/centra-badawcze\/opmim\/wp-content\/uploads\/sites\/56\/Nieprzypisane\/Seminarium-GOZ_23.03.2020-212x300.jpg 212w, https:\/\/us.edu.pl\/centra-badawcze\/opmim\/wp-content\/uploads\/sites\/56\/Nieprzypisane\/Seminarium-GOZ_23.03.2020-768x1086.jpg 768w, https:\/\/us.edu.pl\/centra-badawcze\/opmim\/wp-content\/uploads\/sites\/56\/Nieprzypisane\/Seminarium-GOZ_23.03.2020-724x1024.jpg 724w, https:\/\/us.edu.pl\/centra-badawcze\/opmim\/wp-content\/uploads\/sites\/56\/Nieprzypisane\/Seminarium-GOZ_23.03.2020-406x575.jpg 406w, https:\/\/us.edu.pl\/centra-badawcze\/opmim\/wp-content\/uploads\/sites\/56\/Nieprzypisane\/Seminarium-GOZ_23.03.2020.jpg 1587w\" sizes=\"(max-width: 330px) 100vw, 330px\" \/><\/p>\n<\/div>\r\n                    <\/div>\r\n                <\/div>[\/vc_column][\/vc_row]<\/p>","protected":false},"excerpt":{"rendered":"<p>[vc_row][vc_column][\/vc_column][\/vc_row] [&#8230;]<\/p>\n<p><a class=\"btn btn-secondary understrap-read-more-link\" href=\"https:\/\/us.edu.pl\/centra-badawcze\/opmim\/7-seminarium-23-marca-2020-r\/\">Read More&#8230;<\/a><\/p>\n","protected":false},"author":2808,"featured_media":0,"parent":0,"menu_order":0,"comment_status":"closed","ping_status":"closed","template":"","meta":{"_expiration-date-status":"saved","_expiration-date":0,"_expiration-date-type":"","_expiration-date-categories":[],"_expiration-date-options":[]},"acf":[],"_links":{"self":[{"href":"https:\/\/us.edu.pl\/centra-badawcze\/opmim\/wp-json\/wp\/v2\/pages\/559"}],"collection":[{"href":"https:\/\/us.edu.pl\/centra-badawcze\/opmim\/wp-json\/wp\/v2\/pages"}],"about":[{"href":"https:\/\/us.edu.pl\/centra-badawcze\/opmim\/wp-json\/wp\/v2\/types\/page"}],"author":[{"embeddable":true,"href":"https:\/\/us.edu.pl\/centra-badawcze\/opmim\/wp-json\/wp\/v2\/users\/2808"}],"replies":[{"embeddable":true,"href":"https:\/\/us.edu.pl\/centra-badawcze\/opmim\/wp-json\/wp\/v2\/comments?post=559"}],"version-history":[{"count":4,"href":"https:\/\/us.edu.pl\/centra-badawcze\/opmim\/wp-json\/wp\/v2\/pages\/559\/revisions"}],"predecessor-version":[{"id":994,"href":"https:\/\/us.edu.pl\/centra-badawcze\/opmim\/wp-json\/wp\/v2\/pages\/559\/revisions\/994"}],"wp:attachment":[{"href":"https:\/\/us.edu.pl\/centra-badawcze\/opmim\/wp-json\/wp\/v2\/media?parent=559"}],"curies":[{"name":"wp","href":"https:\/\/api.w.org\/{rel}","templated":true}]}}