{"id":694,"date":"2021-07-15T13:04:46","date_gmt":"2021-07-15T11:04:46","guid":{"rendered":"https:\/\/us.edu.pl\/centra-badawcze\/opmim\/?page_id=694"},"modified":"2021-08-17T14:35:04","modified_gmt":"2021-08-17T12:35:04","slug":"zespol-ds-rewitalizacji","status":"publish","type":"page","link":"https:\/\/us.edu.pl\/centra-badawcze\/opmim\/zespol-ds-rewitalizacji\/","title":{"rendered":"Zesp\u00f3\u0142 ds. rewitalizacji"},"content":{"rendered":"<p>[vc_row][vc_column]\r\n                <div class=\"text-modules\">\r\n                    <div class=\"container\">\r\n                        <h3 class=\"page-title text__title\">Zesp\u00f3\u0142 ds. rewitalizacji<\/h3>\r\n                        <div class=\"text-modules__content\"><p><strong>Us\u0142ugi oferowane przez zesp\u00f3\u0142:<\/strong><\/p>\n<p>\u00b7\u00a0Wielowariantowa analiza mo\u017cliwo\u015bci rewitalizacji teren\u00f3w zdegradowanych.<br \/>\n\u00b7\u00a0Sporz\u0105dzanie scenariuszy rewitalizacji dla obszar\u00f3w zdegradowanych.<br \/>\n\u00b7\u00a0Analiza uwarunkowa\u0144 formalno-prawnych przedsi\u0119wzi\u0119cia.<br \/>\n\u00b7\u00a0Opracowywanie program\u00f3w edukacyjnych, szkole\u0144\u00a0 i warsztat\u00f3w o tematyce proekologicznej.<br \/>\n\u00b7\u00a0Poszukiwanie zewn\u0119trznych \u017ar\u00f3de\u0142 finansowania na dzia\u0142ania rewitalizacyjne oraz opracowanie wniosk\u00f3w na wsp\u00f3\u0142finansowania przedsi\u0119wzi\u0119cia z funduszy krajowych i unijnych.<\/p>\n<p><strong>A. Diagnoza oraz delimitacja obszar\u00f3w problemowych w oparciu o analiz\u0119 na poziomie wewn\u0105trzmiejskim.<\/strong>\u00a0Pozyskanie danych\u00a0\u00a0 (GUS, Urz\u0105d Miejski, jednostkami organizacyjne miasta, inne urz\u0119dy administracji publicznej), w celu utworzenia zintegrowanej bazy danych. Prowadzenie bada\u0144 ankietowych w\u015br\u00f3d mieszka\u0144c\u00f3w oraz innych interesariuszy, maj\u0105ce na celu identyfikacj\u0119 skali\u00a0i rodzaj\u00f3w problem\u00f3w spo\u0142ecznych, gospodarczych, infrastrukturalnych i \u015brodowiskowych. Wizualizacja zjawisk problemowych w postaci map obszar\u00f3w wymagaj\u0105cych rewitalizacji.<\/p>\n<p><strong>B. Realizacja konsultacji spo\u0142ecznych w formie spotka\u0144 z mieszka\u0144cami, debat publicznych, paneli dyskusyjnych z ekspertami i lokalnymi interesariuszami.<\/strong>\u00a0Przygotowanie oraz prowadzenie warsztat\u00f3w tematycznych oraz spacer\u00f3w studyjnych. Utrzymywanie kontaktu z wszystkimi interesariuszami, poprzez stworzenie miejskiej platformy wymiany wiedzy i\u00a0informacji o procesie rewitalizacji,\u00a0 zapewniaj\u0105c tym samym wym\u00f3g partycypacji spo\u0142ecznej. Budowanie merytorycznego partnerstwa<br \/>\nw mie\u015bcie na rzecz procesu rewitalizacji. Wykonanie mapy aktywno\u015bci spo\u0142ecznej.<\/p>\n<p><strong>C. Przygotowanie r\u00f3\u017cnych wariant\u00f3w rewitalizacji, z okre\u015bleniem bilansu ich korzy\u015bci i\u00a0ogranicze\u0144.<\/strong>\u00a0 Zaproponowanie wizji stanu obszaru po przeprowadzeniu rewitalizacji oraz wsp\u00f3lne wypracowanie cel\u00f3w rewitalizacji, kt\u00f3re maj\u0105 ograniczy\u0107 negatywne zjawiska. Przygotowanie listy przedsi\u0119wzi\u0119\u0107 rewitalizacyjnych.<\/p>\n<p><strong>D. Opracowanie opinii na temat powi\u0105za\u0144 gminnego programu rewitalizacji z dokumentami strategicznymi gminy<\/strong>, w tym strategi\u0105 rozwoju gminy, studium uwarunkowa\u0144 i kierunk\u00f3w zagospodarowania przestrzennego gminy oraz strategi\u0105 rozwi\u0105zywania problem\u00f3w spo\u0142ecznych.<\/p>\n<p><strong>E.\u00a0 Opracowanie materia\u0142\u00f3w kartograficznych<\/strong>\u00a0przedstawiaj\u0105cych podstawowe kierunki zmian funkcjonalno-przestrzennych obszaru rewitalizacji, w tym stworzenie mapy zgodnie z\u00a0wymogami ustawowymi.<\/p>\n<p><strong>F. Przygotowanie szacunkowych ram finansowych gminnego programu rewitalizacji.<\/strong>\u00a0Opracowanie struktury zarz\u0105dzania gminnym programem rewitalizacji, wraz z ramowym harmonogramem realizacji oraz systemem monitorowania i oceny.<\/p>\n<hr \/>\n<p><strong>Koordynator\u00a0zespo\u0142u:<\/strong><\/p>\n<p><strong>dr hab. S\u0142awomir Sitek<\/strong><br \/>\nInstytut Geografii Spo\u0142eczno-Ekonomicznej i Gospodarki Przestrzennej, Wydzia\u0142 Nauk Przyrodniczych Uniwersytetu \u015al\u0105skiego w Katowicach<br \/>\nUl. B\u0119dzi\u0144ska 60, 41-200 Sosnowiec<\/p>\n<p><a href=\"mailto:slawomir.sitek@us.edu.pl\" target=\"_blank\" rel=\"noopener noreferrer\">slawomir.sitek@us.edu.pl<\/a><\/p>\n<p><a href=\"https:\/\/orcid.org\/0000-0003-1430-4251\" target=\"_blank\" rel=\"noopener noreferrer\">https:\/\/orcid.org\/0000-0003-1430-4251<\/a><\/p>\n<hr \/>\n<p><strong>Cz\u0142onkowie\u00a0zespo\u0142u:<\/strong><\/p>\n<p>dr hab. Marzena Lamparska, prof. U\u015a (WNP U\u015a)<br \/>\ndr Marta Chmielewska (WNP U\u015a)<br \/>\ndr hab. El\u017cbieta Zuza\u0144ska-\u017by\u015bko, prof. U\u015a (WNP U\u015a)<br \/>\ndr in\u017c. Jan Bondaruk (GIG)<br \/>\nmgr in\u017c. El\u017cbieta Uszok (GIG)<br \/>\nmgr in\u017c. arch. Agnieszka Gieroszka (GIG)<br \/>\ndr in\u017c. Mariusz Kruczek (GIG)<br \/>\nmgr Ma\u0142gorzata Markowska (GIG)<br \/>\ndr in\u017c. Aleksandra Zg\u00f3rska (GIG)<br \/>\ndr in\u017c. Beata Ko\u0144czak\u00a0 (GIG)<\/p>\n<p>&nbsp;<\/p>\n<hr \/>\n<p><strong>Karta zespo\u0142u badawczego w formacie PDF &gt;&gt;&gt; <a href=\"https:\/\/us.edu.pl\/centra-badawcze\/opmim\/wp-content\/uploads\/sites\/56\/Nieprzypisane\/Zesp\u00f3\u0142-ds.-rewitalizacji.pdf\" class=\"mtli_attachment mtli_pdf\" class=\"mtli_attachment mtli_pdf\">Zesp\u00f3\u0142 ds. rewitalizacji<\/a><\/strong><\/p>\n<\/div>\r\n                    <\/div>\r\n                <\/div>[\/vc_column][\/vc_row]<\/p>","protected":false},"excerpt":{"rendered":"<p>[vc_row][vc_column][\/vc_column][\/vc_row] [&#8230;]<\/p>\n<p><a class=\"btn btn-secondary understrap-read-more-link\" href=\"https:\/\/us.edu.pl\/centra-badawcze\/opmim\/zespol-ds-rewitalizacji\/\">Read More&#8230;<\/a><\/p>\n","protected":false},"author":2808,"featured_media":0,"parent":0,"menu_order":0,"comment_status":"closed","ping_status":"closed","template":"","meta":{"_expiration-date-status":"saved","_expiration-date":0,"_expiration-date-type":"","_expiration-date-categories":[],"_expiration-date-options":[]},"acf":[],"_links":{"self":[{"href":"https:\/\/us.edu.pl\/centra-badawcze\/opmim\/wp-json\/wp\/v2\/pages\/694"}],"collection":[{"href":"https:\/\/us.edu.pl\/centra-badawcze\/opmim\/wp-json\/wp\/v2\/pages"}],"about":[{"href":"https:\/\/us.edu.pl\/centra-badawcze\/opmim\/wp-json\/wp\/v2\/types\/page"}],"author":[{"embeddable":true,"href":"https:\/\/us.edu.pl\/centra-badawcze\/opmim\/wp-json\/wp\/v2\/users\/2808"}],"replies":[{"embeddable":true,"href":"https:\/\/us.edu.pl\/centra-badawcze\/opmim\/wp-json\/wp\/v2\/comments?post=694"}],"version-history":[{"count":5,"href":"https:\/\/us.edu.pl\/centra-badawcze\/opmim\/wp-json\/wp\/v2\/pages\/694\/revisions"}],"predecessor-version":[{"id":984,"href":"https:\/\/us.edu.pl\/centra-badawcze\/opmim\/wp-json\/wp\/v2\/pages\/694\/revisions\/984"}],"wp:attachment":[{"href":"https:\/\/us.edu.pl\/centra-badawcze\/opmim\/wp-json\/wp\/v2\/media?parent=694"}],"curies":[{"name":"wp","href":"https:\/\/api.w.org\/{rel}","templated":true}]}}

Zespół ds. rewitalizacji

<p>[vc_row][vc_column]
                <div class="text-modules">
                    <div class="container">
                        <h3 class="page-title text__title">Zespół ds. rewitalizacji</h3>
                        <div class="text-modules__content"><p><strong>Usługi oferowane przez zespół:</strong></p>
<p>· Wielowariantowa analiza możliwości rewitalizacji terenów zdegradowanych.<br />
· Sporządzanie scenariuszy rewitalizacji dla obszarów zdegradowanych.<br />
· Analiza uwarunkowań formalno-prawnych przedsięwzięcia.<br />
· Opracowywanie programów edukacyjnych, szkoleń  i warsztatów o tematyce proekologicznej.<br />
· Poszukiwanie zewnętrznych źródeł finansowania na działania rewitalizacyjne oraz opracowanie wniosków na współfinansowania przedsięwzięcia z funduszy krajowych i unijnych.</p>
<p><strong>A. Diagnoza oraz delimitacja obszarów problemowych w oparciu o analizę na poziomie wewnątrzmiejskim.</strong> Pozyskanie danych   (GUS, Urząd Miejski, jednostkami organizacyjne miasta, inne urzędy administracji publicznej), w celu utworzenia zintegrowanej bazy danych. Prowadzenie badań ankietowych wśród mieszkańców oraz innych interesariuszy, mające na celu identyfikację skali i rodzajów problemów społecznych, gospodarczych, infrastrukturalnych i środowiskowych. Wizualizacja zjawisk problemowych w postaci map obszarów wymagających rewitalizacji.</p>
<p><strong>B. Realizacja konsultacji społecznych w formie spotkań z mieszkańcami, debat publicznych, paneli dyskusyjnych z ekspertami i lokalnymi interesariuszami.</strong> Przygotowanie oraz prowadzenie warsztatów tematycznych oraz spacerów studyjnych. Utrzymywanie kontaktu z wszystkimi interesariuszami, poprzez stworzenie miejskiej platformy wymiany wiedzy i informacji o procesie rewitalizacji,  zapewniając tym samym wymóg partycypacji społecznej. Budowanie merytorycznego partnerstwa<br />
w mieście na rzecz procesu rewitalizacji. Wykonanie mapy aktywności społecznej.</p>
<p><strong>C. Przygotowanie różnych wariantów rewitalizacji, z określeniem bilansu ich korzyści i ograniczeń.</strong>  Zaproponowanie wizji stanu obszaru po przeprowadzeniu rewitalizacji oraz wspólne wypracowanie celów rewitalizacji, które mają ograniczyć negatywne zjawiska. Przygotowanie listy przedsięwzięć rewitalizacyjnych.</p>
<p><strong>D. Opracowanie opinii na temat powiązań gminnego programu rewitalizacji z dokumentami strategicznymi gminy</strong>, w tym strategią rozwoju gminy, studium uwarunkowań i kierunków zagospodarowania przestrzennego gminy oraz strategią rozwiązywania problemów społecznych.</p>
<p><strong>E.  Opracowanie materiałów kartograficznych</strong> przedstawiających podstawowe kierunki zmian funkcjonalno-przestrzennych obszaru rewitalizacji, w tym stworzenie mapy zgodnie z wymogami ustawowymi.</p>
<p><strong>F. Przygotowanie szacunkowych ram finansowych gminnego programu rewitalizacji.</strong> Opracowanie struktury zarządzania gminnym programem rewitalizacji, wraz z ramowym harmonogramem realizacji oraz systemem monitorowania i oceny.</p>
<hr />
<p><strong>Koordynator zespołu:</strong></p>
<p><strong>dr hab. Sławomir Sitek</strong><br />
Instytut Geografii Społeczno-Ekonomicznej i Gospodarki Przestrzennej, Wydział Nauk Przyrodniczych Uniwersytetu Śląskiego w Katowicach<br />
Ul. Będzińska 60, 41-200 Sosnowiec</p>
<p><a href="mailto:slawomir.sitek@us.edu.pl" target="_blank" rel="noopener noreferrer">slawomir.sitek@us.edu.pl</a></p>
<p><a href="https://orcid.org/0000-0003-1430-4251" target="_blank" rel="noopener noreferrer">https://orcid.org/0000-0003-1430-4251</a></p>
<hr />
<p><strong>Członkowie zespołu:</strong></p>
<p>dr hab. Marzena Lamparska, prof. UŚ (WNP UŚ)<br />
dr Marta Chmielewska (WNP UŚ)<br />
dr hab. Elżbieta Zuzańska-Żyśko, prof. UŚ (WNP UŚ)<br />
dr inż. Jan Bondaruk (GIG)<br />
mgr inż. Elżbieta Uszok (GIG)<br />
mgr inż. arch. Agnieszka Gieroszka (GIG)<br />
dr inż. Mariusz Kruczek (GIG)<br />
mgr Małgorzata Markowska (GIG)<br />
dr inż. Aleksandra Zgórska (GIG)<br />
dr inż. Beata Kończak  (GIG)</p>
<p>&nbsp;</p>
<hr />
<p><strong>Karta zespołu badawczego w formacie PDF &gt;&gt;&gt; <a href="https://us.edu.pl/centra-badawcze/opmim/wp-content/uploads/sites/56/Nieprzypisane/Zespół-ds.-rewitalizacji.pdf" class="mtli_attachment mtli_pdf" class="mtli_attachment mtli_pdf">Zespół ds. rewitalizacji</a></strong></p>
</div>
                    </div>
                </div>[/vc_column][/vc_row]</p>
