{"id":710,"date":"2021-07-15T14:04:25","date_gmt":"2021-07-15T12:04:25","guid":{"rendered":"https:\/\/us.edu.pl\/centra-badawcze\/opmim\/?page_id=710"},"modified":"2021-08-17T14:28:31","modified_gmt":"2021-08-17T12:28:31","slug":"krajobrazy-miejskie","status":"publish","type":"page","link":"https:\/\/us.edu.pl\/centra-badawcze\/opmim\/krajobrazy-miejskie\/","title":{"rendered":"Krajobrazy miejskie"},"content":{"rendered":"<p>[vc_row][vc_column]\r\n                <div class=\"text-modules\">\r\n                    <div class=\"container\">\r\n                        <h3 class=\"page-title text__title\">Krajobrazy miejskie<\/h3>\r\n                        <div class=\"text-modules__content\"><p><strong>Us\u0142ugi oferowane przez zesp\u00f3\u0142:<\/strong><\/p>\n<p><strong>Analizy krajobraz\u00f3w w zakresie ocen, analiz, waloryzacji, kompleksowych\u00a0 raport\u00f3w i audytu krajobrazowego, m.in.:<\/strong><\/p>\n<p>\u00b7\u00a0identyfikacja krajobraz\u00f3w miejskich pod k\u0105tem typologii strukturalno-funkcjonalnej krajobraz\u00f3w \u2013 kartowanie krajobraz\u00f3w,<br \/>\n\u00b7\u00a0identyfikacja krajobraz\u00f3w miejskich pod katem typologii fizjonomicznej krajobraz\u00f3w \u2013 kartowanie jednostek i wn\u0119trz krajobrazowych,<br \/>\n\u00b7\u00a0charakterystyka i ocena krajobraz\u00f3w pod k\u0105tem warto\u015bci materialnych, fizjonomicznych, estetycznych, u\u017cytkowych, symbolicznych, semiotycznych i itp.,<br \/>\n\u00b7\u00a0analiza obraz\u00f3w satelitarnych krajobraz\u00f3w miejskich, sporz\u0105dzanie baz danych w standardach GIS\u00a0na potrzeby audytu krajobrazowego,<br \/>\n\u00b7\u00a0sporz\u0105dzenie inwentaryzacji i waloryzacji krajobraz\u00f3w oraz katalogu obiekt\u00f3w przyrodniczych\u00a0i kulturowych wraz z metryk\u0105 cech charakterystycznych, indywidulanych i unikatowych,<br \/>\n\u00b7\u00a0charakterystyka i ocena krajobraz\u00f3w pod k\u0105tem cech syntetycznych (badania spo\u0142eczne percepcji krajobraz\u00f3w miejskich, to\u017csamo\u015bci, tradycji i swojsko\u015bci krajobrazu miast),<br \/>\n\u00b7\u00a0ocena zagro\u017ce\u0144 krajobraz\u00f3w wg zunifikowanej skali bonitacyjnej,<br \/>\n\u00b7\u00a0kompleksowe sporz\u0105dzanie audytu krajobrazowego, (wg metodyki stanowi\u0105cej za\u0142\u0105czniki\u00a0do rozporz\u0105dzenia do Ustawy z dn. 24 kwietnia 2015 (Dz. U. z 2015 r. poz. 774, 1688), w tym m.in.<br \/>\nWyznaczania: lokalizacji krajobraz\u00f3w priorytetowych,<br \/>\nWskaza\u0144 lokalizacji i granic: a) park\u00f3w kulturowych, b) park\u00f3w narodowych, rezerwat\u00f3w przyrody, park\u00f3w krajobrazowych, obszar\u00f3w chronionego krajobrazu, c) obiekt\u00f3w znajduj\u0105cych si\u0119 na listach \u015awiatowego Dziedzictwa UNESCO, obszar\u00f3w Sieci Rezerwat\u00f3w Biosfery UNESCO (MaB) lub obszar\u00f3w\u00a0i obiekt\u00f3w proponowanych do umieszczenia na tych listach;<br \/>\nWskaza\u0144: a) zagro\u017cenia dla mo\u017cliwo\u015bci zachowania warto\u015bci krajobraz\u00f3w oraz warto\u015bci krajobraz\u00f3w\u00a0w obr\u0119bie obszar\u00f3w lub obiekt\u00f3w chronionych<br \/>\n\u00b7\u00a0przygotowa\u0144\u00a0 rekomendacji i wniosk\u00f3w dotycz\u0105cych kszta\u0142towania i ochrony krajobraz\u00f3w oraz krajobraz\u00f3w w obr\u0119bie obszar\u00f3w lub obiekt\u00f3w, w szczeg\u00f3lno\u015bci poprzez wskazanie obszar\u00f3w, kt\u00f3re powinny zosta\u0107 obj\u0119te formami ochrony przyrody i formami ochrony d\u00f3br kultury (park kulturowy, pomnik historii)<br \/>\n\u00b7\u00a0wykaz i opis lokalnych form architektonicznych zabudowy w obr\u0119bie krajobraz\u00f3w priorytetowych,<\/p>\n<hr \/>\n<p><strong>Koordynator:<\/strong><\/p>\n<p><strong>dr hab. Urszula Myga-Pi\u0105tek, prof. U\u015a<\/strong><\/p>\n<p>Przewodnicz\u0105ca Polskiego Towarzystwa Geograficznego<br \/>\nProdziekan ds. Kszta\u0142cenia i Student\u00f3w Wydzia\u0142u Nauk Przyrodniczych U\u015a<\/p>\n<p><a href=\"mailto:urszula.myga-piatek@us.edu.pl\">urszula.myga-piatek@us.edu.pl<\/a><\/p>\n<p><a href=\"https:\/\/orcid.org\/0000-0002-4735-8582\" target=\"_blank\" rel=\"noopener noreferrer\">https:\/\/orcid.org\/0000-0002-4735-8582<\/a><\/p>\n<p><a href=\"www.ptgeo.org.pl\" target=\"_blank\" rel=\"noopener noreferrer\">www.ptgeo.org.pl<\/a><br \/>\n<a href=\"http:\/\/www.krajobraz.kulturowy.us.edu.pl\/\">www.krajobraz.kulturowy.us.edu.pl<\/a><\/p>\n<hr \/>\n<p><strong>Cz\u0142onkowie zespo\u0142u:<\/strong><\/p>\n<p>dr hab. Urszula Myga-Pi\u0105tek, prof. U\u015a (WNP U\u015a)<br \/>\ndr hab. Jerzy Nita (WNP U\u015a)<br \/>\ndr Micha\u0142 Sobala (WNP U\u015a)<br \/>\ndr Katarzyna Pukowiec-Kurda (WNP U\u015a)<br \/>\nmgr Patrycja Dzikowska (WNP U\u015a)<br \/>\nmgr. in\u017c. Anna \u017bem\u0142a-Siesicka (WNP U\u015a)<\/p>\n<hr \/>\n<p><strong>Karta zespo\u0142u badawczego w formacie PDF &gt;&gt;&gt; <a href=\"https:\/\/us.edu.pl\/centra-badawcze\/opmim\/wp-content\/uploads\/sites\/56\/Nieprzypisane\/Krajobrazy-miejskie.pdf\" class=\"mtli_attachment mtli_pdf\" class=\"mtli_attachment mtli_pdf\" target=\"_blank\" rel=\"noopener noreferrer\">Krajobrazy miejskie<\/a><\/strong><\/p>\n<\/div>\r\n                    <\/div>\r\n                <\/div>[\/vc_column][\/vc_row]<\/p>","protected":false},"excerpt":{"rendered":"<p>[vc_row][vc_column][\/vc_column][\/vc_row] [&#8230;]<\/p>\n<p><a class=\"btn btn-secondary understrap-read-more-link\" href=\"https:\/\/us.edu.pl\/centra-badawcze\/opmim\/krajobrazy-miejskie\/\">Read More&#8230;<\/a><\/p>\n","protected":false},"author":2808,"featured_media":0,"parent":0,"menu_order":0,"comment_status":"closed","ping_status":"closed","template":"","meta":{"_expiration-date-status":"saved","_expiration-date":0,"_expiration-date-type":"","_expiration-date-categories":[],"_expiration-date-options":[]},"acf":[],"_links":{"self":[{"href":"https:\/\/us.edu.pl\/centra-badawcze\/opmim\/wp-json\/wp\/v2\/pages\/710"}],"collection":[{"href":"https:\/\/us.edu.pl\/centra-badawcze\/opmim\/wp-json\/wp\/v2\/pages"}],"about":[{"href":"https:\/\/us.edu.pl\/centra-badawcze\/opmim\/wp-json\/wp\/v2\/types\/page"}],"author":[{"embeddable":true,"href":"https:\/\/us.edu.pl\/centra-badawcze\/opmim\/wp-json\/wp\/v2\/users\/2808"}],"replies":[{"embeddable":true,"href":"https:\/\/us.edu.pl\/centra-badawcze\/opmim\/wp-json\/wp\/v2\/comments?post=710"}],"version-history":[{"count":6,"href":"https:\/\/us.edu.pl\/centra-badawcze\/opmim\/wp-json\/wp\/v2\/pages\/710\/revisions"}],"predecessor-version":[{"id":981,"href":"https:\/\/us.edu.pl\/centra-badawcze\/opmim\/wp-json\/wp\/v2\/pages\/710\/revisions\/981"}],"wp:attachment":[{"href":"https:\/\/us.edu.pl\/centra-badawcze\/opmim\/wp-json\/wp\/v2\/media?parent=710"}],"curies":[{"name":"wp","href":"https:\/\/api.w.org\/{rel}","templated":true}]}}